000
CXUS55 KLKN 012346
CLMEKO


CLIMATE REPORT
NATIONAL WEATHER SERVICE ELKO NV
330 PM PST SUN MAR 1 2020

...................................

...THE ELKO AIRPORT NV CLIMATE SUMMARY FOR THE MONTH OF FEBRUARY 2020...

CLIMATE NORMAL PERIOD 1981 TO 2010
CLIMATE RECORD PERIOD 1888 TO 2020

WEATHER         OBSERVED          NORMAL  DEPART  LAST YEAR`S
                 VALUE   DATE(S)  VALUE   FROM    VALUE  DATE(S)
                                          NORMAL
................................................................
TEMPERATURE (F)
RECORD
 HIGH              70   02/28/1986
                        02/28/1905
 LOW              -41   02/27/1890
HIGHEST            63   02/28        58       5       55  02/27
LOWEST              6   02/04         0       6       -7  02/22
AVG. MAXIMUM     47.6              41.4     6.2     37.6
AVG. MINIMUM     18.4              18.4     0.0     17.4
MEAN             33.0              29.9     3.1     27.5
DAYS MAX >= 90      0               0.0     0.0        0
DAYS MAX <= 32      2               4.5    -2.5       11
DAYS MIN <= 32     28              26.3     1.7       23
DAYS MIN <= 0       0               1.5    -1.5        2

PRECIPITATION (INCHES)
RECORD
 MAXIMUM         6.00   1901
 MINIMUM            T   1889
TOTALS           0.37              0.84   -0.47     2.53
DAILY AVG.       0.01                MM      MM     0.09
DAYS >= .01         4               8.3    -4.3       16
DAYS >= .10         2               3.0    -1.0        6
DAYS >= .50         0               0.1    -0.1        1
DAYS >= 1.00        0               0.0     0.0        0
GREATEST
 24 HR. TOTAL    0.21   02/29 TO 02/29              0.95

SNOWFALL (INCHES)
RECORDS
 TOTAL           27.0   1922
TOTALS            3.1               6.4    -3.3     20.4
SINCE 7/1        24.2              32.5    -8.3     42.5
SNOWDEPTH AVG.      0                                  3
DAYS >= TRACE       6               5.6     0.4       18
DAYS >= 1.0         1               2.3    -1.3        6
GREATEST
 SNOW DEPTH         3   02/29                          8
 24 HR TOTAL      2.8   02/29 TO 02/29               7.9

DEGREE_DAYS
HEATING TOTAL     922               983     -61     1046
 SINCE 7/1       4685              5198    -513     4991
COOLING TOTAL       0                 0       0        0
 SINCE 1/1          0                 0       0        0
.................................................................

WIND (MPH)
AVERAGE WIND SPEED              5.7
HIGHEST WIND SPEED/DIRECTION    31/260    DATE  02/29
HIGHEST GUST SPEED/DIRECTION    43/260    DATE  02/29

AVERAGE RH (PERCENT)     56

WEATHER CONDITIONS. NUMBER OF DAYS WITH
THUNDERSTORM              0     MIXED PRECIP               0
HEAVY RAIN                0     RAIN                       0
LIGHT RAIN                1     FREEZING RAIN              0
LT FREEZING RAIN          0     HAIL                       0
HEAVY SNOW                0     SNOW                       0
LIGHT SNOW                4     SLEET                      0
FOG                       3     FOG W/VIS <= 1/4 MILE      0
HAZE                      2

-  INDICATES NEGATIVE NUMBERS.
R  INDICATES RECORD WAS SET OR TIED.
MM INDICATES DATA IS MISSING.
T  INDICATES TRACE AMOUNT.

&&

=====================================================================
...FEBRUARY IN ELKO WAS WARMER AND DRIER THAN NORMAL...

THE AVERAGE TEMPERATURE IN ELKO DURING FEBRUARY 2020 WAS 33.0
DEGREES...WHICH IS 3.1 DEGREES ABOVE THE 1981-2010 CLIMATOLOGICAL
NORMAL OF 29.9 DEGREES. THIS MAKES FEBRUARY 2020 WARMER THAN USUAL
USING THE PERIOD OF RECORD FROM 1890. THE TOTAL PRECIPITATION WAS
0.37 INCHES...WHICH IS 0.47 INCHES BELOW THE 1981-2010 CLIMATOLOGICAL
NORMAL OF 0.84 INCHES. THIS MADE FEBRUARY DRIER THAN NORMAL.
TOTAL SNOWFALL OF 3.1 INCHES WAS RECORDED... WHICH IS 48
PERCENT OF NORMAL AND 3.3 INCHES BELOW THE 1981-2010 CLIMATOLOGICAL
NORMAL OF 6.4 INCHES.

$$

MG




USA.gov is the U.S. government's official web portal to all federal, state and local government web resources and services.
  • National Weather Service
  • WSO Pago Pago Weather Service Office
  • Pago Pago, AS
  • (684) 699-9130
  • Page Author: PPG Webmaster
  • Incorrect Region Format!
  • Web Master's E-mail:
  • Page last modified: Mar 10th, 2020 21:02 UTC