000
CXUS52 KGSP 011645
CLMGSP

CLIMATE REPORT
NATIONAL WEATHER SERVICE GREENVILLE-SPARTANBURG SC
1145 AM EST SUN MAR 1 2020

...................................

...THE GREENVILLE-SPARTANBURG CLIMATE SUMMARY FOR THE MONTH OF FEBRUARY 2020...

CLIMATE NORMAL PERIOD 1981 TO 2010
CLIMATE RECORD PERIOD 1884 TO 2020

WEATHER         OBSERVED          NORMAL  DEPART  LAST YEAR`S
                 VALUE   DATE(S)  VALUE   FROM    VALUE  DATE(S)
                                          NORMAL
................................................................
TEMPERATURE (F)
RECORD
 HIGH              81   02/16/2018
                        02/12/2017
                        02/27/1996
 LOW               -5   02/14/1899
HIGHEST            77   02/03        MM      MM       77  02/07
                                                          02/05
LOWEST             23   02/22        MM      MM       28  02/01
AVG. MAXIMUM     57.0              56.6     0.4     60.5
AVG. MINIMUM     37.4              34.9     2.5     40.2
MEAN             47.2              45.7     1.5     50.4
DAYS MAX >= 90      0               0.0     0.0        0
DAYS MAX <= 32      0               0.1    -0.1        0
DAYS MIN <= 32     15              10.6     4.4        5
DAYS MIN <= 0       0               0.0     0.0        0

PRECIPITATION (INCHES)
RECORD
 MAXIMUM        11.59   1903
 MINIMUM         0.53   1978
TOTALS           9.60              3.97    5.63     6.72
DAILY AVG.       0.33                MM      MM     0.24
DAYS >= .01        12               9.2     2.8       14
DAYS >= .10        10               6.3     3.7       12
DAYS >= .50         5               2.6     2.4        6
DAYS >= 1.00        1               0.9     0.1        1
GREATEST
 24 HR. TOTAL    5.47   02/05 TO 02/06           02/21 TO 02/22


 STORM TOTAL       MM                                 MM
 (MM/DD(HH))            MM                    02/22(00) TO 02/22(00)



SNOWFALL (INCHES)
RECORDS
 TOTAL           15.3   1902
 24 HR TOTAL      8.2   02/18/1979 TO 02/18/1979
 SNOW DEPTH        MM   MM
TOTALS            0.8               1.0    -0.2        T
 LIQUID EQUIV    0.08              0.10   -0.02       MM
SINCE 7/1         0.9               3.8    -2.9      4.3
 LIQUID 7/1      0.09              0.40   -0.31     0.43
SNOWDEPTH AVG.      0                MM      MM        0
DAYS >= TRACE       2               0.7     1.3        1
DAYS >= 1.0         0               0.3    -0.3        0
GREATEST
 SNOW DEPTH         0   MM                             0  MM
 24 HR TOTAL      0.8   02/08 TO 02/08           02/19 TO 02/19


 STORM TOTAL       MM                                 MM
 (MM/DD(HH))            MM                    02/19(00) TO 02/19(00)



DEGREE_DAYS
HEATING TOTAL     512               539     -27      408
 SINCE 7/1       2185              2465    -280     2329
COOLING TOTAL       0                 0       0        5
 SINCE 1/1          0                 0       0        5

FREEZE DATES
RECORD
 EARLIEST     MM
 LATEST       MM
EARLIEST                        MM
LATEST                          MM
.................................................................

WIND (MPH)
AVERAGE WIND SPEED              6.9
HIGHEST WIND SPEED/DIRECTION    35/240    DATE  02/07
HIGHEST GUST SPEED/DIRECTION    47/240    DATE  02/07

SKY COVER
POSSIBLE SUNSHINE (PERCENT)   MM
AVERAGE SKY COVER           0.50
NUMBER OF DAYS FAIR           14
NUMBER OF DAYS PC              7
NUMBER OF DAYS CLOUDY          8

AVERAGE RH (PERCENT)     67

WEATHER CONDITIONS. NUMBER OF DAYS WITH
THUNDERSTORM              1     MIXED PRECIP               0
HEAVY RAIN                4     RAIN                       8
LIGHT RAIN               15     FREEZING RAIN              0
LT FREEZING RAIN          0     HAIL                       0
HEAVY SNOW                0     SNOW                       1
LIGHT SNOW                2     SLEET                      1
FOG                      16     FOG W/VIS <= 1/4 MILE      5
HAZE                      2

-  INDICATES NEGATIVE NUMBERS.
R  INDICATES RECORD WAS SET OR TIED.
MM INDICATES DATA IS MISSING.
T  INDICATES TRACE AMOUNT.

$$

OUTLAW


USA.gov is the U.S. government's official web portal to all federal, state and local government web resources and services.
  • National Weather Service
  • WSO Pago Pago Weather Service Office
  • Pago Pago, AS
  • (684) 699-9130
  • Page Author: PPG Webmaster
  • Incorrect Region Format!
  • Web Master's E-mail:
  • Page last modified: Mar 10th, 2020 21:02 UTC