000
CXUS51 KPBZ 011502
CLMHLG

CLIMATE REPORT
NATIONAL WEATHER SERVICE PITTSBURGH PA
1102 AM EDT WED APR 01 2020

...................................

...THE WHEELING WV CLIMATE SUMMARY FOR THE MONTH OF MARCH 2020...

CLIMATE NORMAL PERIOD 1981 TO 2010
CLIMATE RECORD PERIOD 1878 TO 2020

WEATHER         OBSERVED          NORMAL  DEPART   LAST YEAR`S
                VALUE   DATE(S)   VALUE   FROM     VALUE DATE(S)
                                          NORMAL
................................................................
TEMPERATURE (F)
RECORD
 HIGH             89   03/20/1921
 LOW             -11   03/04/1943
HIGHEST           79   03/28         74       5       79  03/14
LOWEST            21   03/01         12       9        6  03/05
AVG. MAXIMUM    55.5               49.1     6.4     47.2
AVG. MINIMUM    38.2               31.1     7.1     29.2
MEAN            46.8               40.1     6.7     38.2
DAYS MAX >= 90     0                0.0     0.0        0
DAYS MAX <= 32     0                3.0    -3.0        5
DAYS MIN <= 32    10               17.8    -7.8       21
DAYS MIN <= 0      0                0.0     0.0        0

PRECIPITATION (INCHES)
RECORD
 MAXIMUM        7.11   1945
 MINIMUM        0.30   1910
TOTALS          4.97               3.16    1.81     1.83
DAILY AVG.      0.16               0.11    0.05     0.06
DAYS >= .01       21               14.0     7.0       12
DAYS >= .10       11                8.0     3.0        7
DAYS >= .50        3                2.0     1.0        1
DAYS >= 1.00       1                0.0     1.0        0
GREATEST
 24 HR. TOTAL   1.23   03/19 TO 03/20               0.52


DEGREE DAYS
HEATING TOTAL    562                773    -211      824
 SINCE 7/1      4213               4940    -727     4770
COOLING TOTAL      3                  1       2        1
 SINCE 1/1         6                  1       5        1
................................................................

WIND (MPH)
AVERAGE WIND SPEED              9.3
HIGHEST WIND SPEED/DIRECTION    33/270    DATE  03/03
                                33/260          03/20
HIGHEST GUST SPEED/DIRECTION    55/270    DATE  03/03

AVERAGE RH (PERCENT)     66

WEATHER CONDITIONS. NUMBER OF DAYS WITH
THUNDERSTORM              2     MIXED PRECIP               0
HEAVY RAIN                7     RAIN                       9
LIGHT RAIN               23     FREEZING RAIN              0
LT FREEZING RAIN          0     HAIL                       0
HEAVY SNOW                0     SNOW                       1
LIGHT SNOW                3     SLEET                      0
FOG                      21     FOG W/VIS <= 1/4 MILE      1
HAZE                      0

-  INDICATES NEGATIVE NUMBERS.
R  INDICATES RECORD WAS SET OR TIED.
MM INDICATES DATA IS MISSING.
T  INDICATES TRACE AMOUNT.

$$



USA.gov is the U.S. government's official web portal to all federal, state and local government web resources and services.
  • National Weather Service
  • WSO Pago Pago Weather Service Office
  • Pago Pago, AS
  • (684) 699-9130
  • Page Author: PPG Webmaster
  • Incorrect Region Format!
  • Web Master's E-mail:
  • Page last modified: Mar 10th, 2020 21:02 UTC