000
CXUS55 KTFX 011530
CLMHVR

CLIMATE REPORT
NATIONAL WEATHER SERVICE GREAT FALLS MT
930 AM MDT WED APR 01 2020

...................................

...THE HAVRE MT CLIMATE SUMMARY FOR THE MONTH OF MARCH 2020...

CLIMATE NORMAL PERIOD 1981 TO 2010
CLIMATE RECORD PERIOD 1880 TO 2020

WEATHER         OBSERVED          NORMAL  DEPART   LAST YEAR`S
                VALUE   DATE(S)   VALUE   FROM     VALUE
                                          NORMAL
..............................................................
TEMPERATURE (F)
RECORD
 HIGH             79   03/30/2004
 LOW             -41   03/13/1897
HIGHEST           65   03/06         52      13       60
LOWEST            -5   03/16         15     -20      -32
                       03/17
AVG. MAXIMUM    40.8               44.6    -3.8     32.9
AVG. MINIMUM    18.1               21.0    -2.9      9.6
MEAN            29.5               32.8    -3.3     21.2
DAYS MAX >= 90     0                0.0     0.0        0
DAYS MAX <= 32     9                5.5     3.5       11
DAYS MIN <= 32    30               27.3     2.7       30
DAYS MIN <= 0      2                2.0     0.0       10

PRECIPITATION (INCHES)
RECORD
 MAXIMUM        2.03   1977
 MINIMUM        0.03
TOTALS          0.63               0.54    0.09     0.20
DAYS >= .01        7                6.9     0.1
DAYS >= .10        2                1.8     0.2
DAYS >= .50        0                0.1    -0.1
DAYS >= 1.00       0                0.0     0.0
GREATEST
 24 HR. TOTAL   0.27   03/13 TO 03/14

SNOWFALL (INCHES)
RECORDS
 TOTAL          30.1   1977
 24 HR TOTAL    26.9
 SNOW DEPTH       27   03/30/1978
TOTALS          14.7                6.3     8.4      0.8
SINCE 7/1       66.0               34.2    31.8
SNOWDEPTH AVG.     2
DAYS >= TRACE     11                5.4     5.6
DAYS >= 1.0        3                2.1     0.9
GREATEST
 SNOW DEPTH        8   03/15                          13
 24 HR TOTAL    14.7

DEGREE DAYS
HEATING TOTAL   1097                998      99     1349
 SINCE 7/1      7118               7119      -1     7806
COOLING TOTAL      0                  0       0        0
 SINCE 1/1         0                  0       0        0
..............................................................

WIND (MPH)
AVERAGE WIND SPEED              11.2
HIGHEST WIND SPEED/DIRECTION    43/300    DATE  03/03
HIGHEST GUST SPEED/DIRECTION    54/300    DATE  03/03

SKY COVER
AVERAGE SKY COVER           0.41

AVERAGE RH (PERCENT)     66

WEATHER CONDITIONS. NUMBER OF DAYS WITH
THUNDERSTORM              0     MIXED PRECIP               0
HEAVY RAIN                0     RAIN                       0
LIGHT RAIN                2     FREEZING RAIN              0
LT FREEZING RAIN          0     HAIL                       0
HEAVY SNOW                2     SNOW                       4
LIGHT SNOW               10     SLEET                      0
FOG                      10     FOG W/VIS <= 1/4 MILE      2
HAZE                      7

-  INDICATES NEGATIVE NUMBERS.
R  INDICATES RECORD WAS SET OR TIED.
MM INDICATES DATA IS MISSING.
T  INDICATES TRACE AMOUNT.

$$



USA.gov is the U.S. government's official web portal to all federal, state and local government web resources and services.
  • National Weather Service
  • WSO Pago Pago Weather Service Office
  • Pago Pago, AS
  • (684) 699-9130
  • Page Author: PPG Webmaster
  • Incorrect Region Format!
  • Web Master's E-mail:
  • Page last modified: Mar 10th, 2020 21:02 UTC