000
CXUS54 KHGX 010817
CLMIAH

CLIMATE REPORT
NATIONAL WEATHER SERVICE HOUSTON/GALVESTON TX
308 AM CDT WED APR 1 2020

...................................

...THE HOUSTON INTERCONTINENTAL CLIMATE SUMMARY FOR THE MONTH OF MARCH 2020...

CLIMATE NORMAL PERIOD 1981 TO 2010
CLIMATE RECORD PERIOD 1892 TO 2020

WEATHER         OBSERVED          NORMAL  DEPART  LAST YEAR`S
                 VALUE   DATE(S)  VALUE   FROM    VALUE  DATE(S)
                                          NORMAL
................................................................
TEMPERATURE (F)
RECORD
 HIGH              96   03/30/1946
 LOW               21   03/03/1943
HIGHEST            90   03/27        73      17       87  03/25
                        03/25
LOWEST             42   03/07        51      -9       30  03/05
AVG. MAXIMUM     79.9              73.0     6.9     72.1
AVG. MINIMUM     62.1              52.5     9.6     51.9
MEAN             71.0              62.7     8.3     62.0
DAYS MAX >= 90      2               0.0     2.0        0
DAYS MAX <= 32      0               0.0     0.0        0
DAYS MIN <= 32      0               0.6    -0.6        2
DAYS MIN <= 0       0               0.0     0.0        0

PRECIPITATION (INCHES)
RECORD
 MAXIMUM        10.66   1922
 MINIMUM            T   1916
TOTALS           2.28              3.41   -1.13     0.50
DAILY AVG.       0.07              0.11   -0.04     0.02
DAYS >= .01         8               8.8    -0.8        6
DAYS >= .10         4               4.8    -0.8        2
DAYS >= .50         2               2.1    -0.1        0
DAYS >= 1.00        1               1.0     0.0        0

SNOWFALL (INCHES)
RECORDS
 TOTAL              T   1992
TOTALS            0.0               0.0     0.0      0.0
SINCE 7/1         0.0               0.1    -0.1        T
SNOWDEPTH AVG.      0                MM      MM        0
DAYS >= 1.0         0               0.0     0.0        0
GREATEST
 SNOW DEPTH         0   MM                             0  MM
 24 HR TOTAL      0.0   03/31 TO 03/31

DEGREE_DAYS
HEATING TOTAL      28               141    -113      155
 SINCE 7/1       1010              1329    -319     1251
COOLING TOTAL     223                71     152       71
 SINCE 1/1        277               109     168      118
.................................................................

WIND (MPH)
AVERAGE WIND SPEED              9.0
RESULTANT WIND SPEED/DIRECTION   5/143
HIGHEST WIND SPEED/DIRECTION    28/360    DATE  03/04
HIGHEST GUST SPEED/DIRECTION    37/020    DATE  03/04

SKY COVER
AVERAGE SKY COVER           0.80

AVERAGE RH (PERCENT)     71

WEATHER CONDITIONS. NUMBER OF DAYS WITH
THUNDERSTORM              2     MIXED PRECIP                0
HEAVY RAIN                3     RAIN                        4
LIGHT RAIN               13     FREEZING RAIN               0
LT FREEZING RAIN          0     HAIL                        0
HEAVY SNOW                0     SNOW                        0
LIGHT SNOW                0     SLEET                       0
FOG                      17     FOG W/VIS <= 1/4 MILE       3
HAZE                      7


-  INDICATES NEGATIVE NUMBERS.
R  INDICATES RECORD WAS SET OR TIED.
MM INDICATES DATA IS MISSING.
T  INDICATES TRACE AMOUNT.

$$


USA.gov is the U.S. government's official web portal to all federal, state and local government web resources and services.
  • National Weather Service
  • WSO Pago Pago Weather Service Office
  • Pago Pago, AS
  • (684) 699-9130
  • Page Author: PPG Webmaster
  • Incorrect Region Format!
  • Web Master's E-mail:
  • Page last modified: Mar 10th, 2020 21:02 UTC