000
CXUS54 KJAN 011626
CLMJAN


CLIMATE REPORT
NATIONAL WEATHER SERVICE JACKSON MS
1047 AM CDT WED APR 1 2020

...................................

...THE JACKSON CLIMATE SUMMARY FOR THE MONTH OF MARCH 2020...

CLIMATE NORMAL PERIOD 1981 TO 2010
CLIMATE RECORD PERIOD 1896 TO 2020

WEATHER         OBSERVED          NORMAL  DEPART  LAST YEAR`S
                 VALUE   DATE(S)  VALUE   FROM    VALUE  DATE(S)
                                          NORMAL
................................................................
TEMPERATURE (F)
RECORD
 HIGH              95   03/24/1929
 LOW               15   03/03/1980
HIGHEST            88   03/26        84       4       82  03/14
LOWEST             38   03/07        27      11       23  03/06
AVG. MAXIMUM     76.4              68.5     7.9     67.4
AVG. MINIMUM     56.6              45.3    11.3     44.3
MEAN             66.5              56.9     9.6     55.8
DAYS MAX >= 90      0               0.0     0.0        0
DAYS MAX <= 32      0               0.0     0.0        0
DAYS MIN <= 32      0               2.8    -2.8        4
DAYS MIN <= 0       0               0.0     0.0        0

PRECIPITATION (INCHES)
RECORD
 MAXIMUM        15.13   1976
 MINIMUM         0.90   2007
TOTALS           4.93              5.04   -0.11     3.88
DAILY AVG.       0.16              0.16    0.00     0.13
DAYS >= .01        12               9.4     2.6        7
DAYS >= .10         7               6.7     0.3        5
DAYS >= .50         2               3.5    -1.5        3
DAYS >= 1.00        2               1.7     0.3        1
GREATEST
 24 HR. TOTAL    1.89   03/04 TO 03/04              1.80

SNOWFALL (INCHES)
RECORDS
 TOTAL            5.3   1968
TOTALS            0.0               0.1    -0.1      0.0
SINCE 7/1           T               0.8    -0.8      0.3
DAYS >= TRACE       0
DAYS >= 1.0         0               0.0     0.0        0
GREATEST
 24 HR TOTAL      0.0   03/31 TO 03/31

DEGREE_DAYS
HEATING TOTAL      77               278    -201      300
 SINCE 7/1       1738              2270    -532     2011
COOLING TOTAL     130                27     103       22
 SINCE 1/1        144                37     107       50
.................................................................

WIND (MPH)
AVERAGE WIND SPEED              8.2
HIGHEST WIND SPEED/DIRECTION    25/360    DATE  03/04
HIGHEST GUST SPEED/DIRECTION    42/290    DATE  03/20

SKY COVER
POSSIBLE SUNSHINE (PERCENT)   MM
AVERAGE SKY COVER           0.60
NUMBER OF DAYS FAIR            5
NUMBER OF DAYS PC             15
NUMBER OF DAYS CLOUDY         11

AVERAGE RH (PERCENT)     69

WEATHER CONDITIONS. NUMBER OF DAYS WITH
THUNDERSTORM             4   MIXED PRECIP               0
HEAVY RAIN               5   RAIN                       8
LIGHT RAIN              16   FREEZING RAIN              0
LT FREEZING RAIN         0   HAIL                       0
HEAVY SNOW               0   SNOW                       0
LIGHT SNOW               0   SLEET                      0
FOG                     17   FOG W/VIS <= 1/4 MILE      1
HAZE                     2

-  INDICATES NEGATIVE NUMBERS.
R  INDICATES RECORD WAS SET OR TIED.
MM INDICATES DATA IS MISSING.
T  INDICATES TRACE AMOUNT.

$$



USA.gov is the U.S. government's official web portal to all federal, state and local government web resources and services.
  • National Weather Service
  • WSO Pago Pago Weather Service Office
  • Pago Pago, AS
  • (684) 699-9130
  • Page Author: PPG Webmaster
  • Incorrect Region Format!
  • Web Master's E-mail:
  • Page last modified: Mar 10th, 2020 21:02 UTC