000
CXUS51 KCTP 010822
CLMJST

CLIMATE REPORT
NATIONAL WEATHER SERVICE STATE COLLEGE PA
322 AM EST SUN MAR 01 2020

...................................

...THE JOHNSTOWN CLIMATE SUMMARY FOR THE MONTH OF FEBRUARY 2020...

CLIMATE NORMAL PERIOD 1981 TO 2010
CLIMATE RECORD PERIOD 1892 TO 2020

WEATHER         OBSERVED          NORMAL  DEPART   LAST YEAR`S
                VALUE   DATE(S)   VALUE   FROM     VALUE DATE(S)
                                          NORMAL
................................................................
TEMPERATURE (F)
RECORD
 HIGH             77   02/11/1932
 LOW             -17   02/10/1899
HIGHEST           59   02/03                          59  02/07
                       02/04
LOWEST             7   02/15                           3  02/01
AVG. MAXIMUM    40.2               34.1     6.1     38.6
AVG. MINIMUM    25.8               20.1     5.7     23.8
MEAN            33.0               27.1     5.9     31.2
DAYS MAX >= 90     0                 MM      MM        0
DAYS MAX <= 32     8                 MM      MM        8
DAYS MIN <= 32    23                 MM      MM       22
DAYS MIN <= 0      0                 MM      MM        0

PRECIPITATION (INCHES)
RECORD
 MAXIMUM        7.64   1893
 MINIMUM        0.66   1968
TOTALS          2.88               2.35    0.53     3.54
DAILY AVG.      0.10                NAN     NAN     0.13
DAYS >= .01       16                 MM      MM       14
DAYS >= .10        9                 MM      MM        8
DAYS >= .50        2                 MM      MM        3
DAYS >= 1.00       0                 MM      MM        0
GREATEST
 24 HR. TOTAL   0.65   02/06 TO 02/07                 MM


DEGREE DAYS
HEATING TOTAL    921               1061    -140      939
 SINCE 7/1      4168               4954    -786     4601
COOLING TOTAL      0                  0       0        0
 SINCE 1/1         0                  0       0        0
................................................................

WIND (MPH)
AVERAGE WIND SPEED              11.2
HIGHEST WIND SPEED/DIRECTION    36/270    DATE  02/27
HIGHEST GUST SPEED/DIRECTION    50/270    DATE  02/27

SKY COVER
POSSIBLE SUNSHINE (PERCENT)   MM
AVERAGE SKY COVER           0.72
NUMBER OF DAYS FAIR            6
NUMBER OF DAYS PC              5
NUMBER OF DAYS CLOUDY         18

AVERAGE RH (PERCENT)     68

WEATHER CONDITIONS. NUMBER OF DAYS WITH
THUNDERSTORM              0     MIXED PRECIP               0
HEAVY RAIN                2     RAIN                       5
LIGHT RAIN               11     FREEZING RAIN              2
LT FREEZING RAIN          3     HAIL                       0
HEAVY SNOW                3     SLEET                      0
FOG                      20     FOG W/VIS <= 1/4 MILE     10
HAZE                      9

-  INDICATES NEGATIVE NUMBERS.
R  INDICATES RECORD WAS SET OR TIED.
MM INDICATES DATA IS MISSING.
T  INDICATES TRACE AMOUNT.

$$


USA.gov is the U.S. government's official web portal to all federal, state and local government web resources and services.
  • National Weather Service
  • WSO Pago Pago Weather Service Office
  • Pago Pago, AS
  • (684) 699-9130
  • Page Author: PPG Webmaster
  • Incorrect Region Format!
  • Web Master's E-mail:
  • Page last modified: Mar 10th, 2020 21:02 UTC