000
CXUS54 KLUB 011427
CLMLBB


CLIMATE REPORT
NATIONAL WEATHER SERVICE LUBBOCK, TX
818 AM CST SUN MAR 1 2020

...................................

...THE LUBBOCK CLIMATE SUMMARY FOR THE MONTH OF FEBRUARY 2020...

CLIMATE NORMAL PERIOD 1981 TO 2010
CLIMATE RECORD PERIOD 1911 TO 2020

WEATHER         OBSERVED          NORMAL  DEPART  LAST YEAR`S
                 VALUE   DATE(S)  VALUE   FROM    VALUE  DATE(S)
                                          NORMAL
................................................................
TEMPERATURE (F)
RECORD
 HIGH              91   02/11/2017
 LOW              -17   02/08/1933
HIGHEST            77   02/17                         78  02/15
LOWEST             13   02/06                         13  02/08
AVG. MAXIMUM     56.5              58.9    -2.4     60.1
AVG. MINIMUM     28.7              30.1    -1.4     30.1
MEAN             42.6              44.5    -1.9     45.1
DAYS MAX >= 90      0               0.0     0.0        0
DAYS MAX <= 32      2               0.9     1.1        1
DAYS MIN <= 32     20              17.2     2.8       18
DAYS MIN <= 0       0               0.0     0.0        0

PRECIPITATION (INCHES)
RECORD
 MAXIMUM         5.83   1911
 MINIMUM         0.00   1955
                        1954
TOTALS           0.51              0.75   -0.24     0.04
DAILY AVG.       0.02                MM      MM     0.00
DAYS >= .01         6                                  2
DAYS >= .10         2                                  0
DAYS >= .50         0                                  0
DAYS >= 1.00        0                                  0
GREATEST
 24 HR. TOTAL    0.22   02/10 TO 02/10

SNOWFALL (INCHES)
RECORDS
 TOTAL           16.8   1956
 24 HR TOTAL       MM
 SNOW DEPTH        MM   MM
TOTALS            1.1               1.6    -0.5      0.0
SINCE 7/1         2.2               7.4    -5.2     10.1
SNOWDEPTH AVG.      0                MM      MM        0
DAYS >= TRACE       4               1.4     2.6        0
DAYS >= 1.0         0               0.6    -0.6        0
GREATEST
 SNOW DEPTH         0   MM                             0  MM
 24 HR TOTAL      0.5   02/05 TO 02/05           02/28 TO 02/28
                                                          02/10 TO 02/10EATHER         OBSERVED          NORMAL  DEPART  LAST YEAR`S
                                                          02/10 TO 02/10EATHER         OBSERVED          NORMAL  DEPART  LAST YEAR`S

DEGREE_DAYS
HEATING TOTAL     641               574      67      550
 SINCE 7/1       2686              2756     -70     2772
COOLING TOTAL       0                 0       0        0
 SINCE 1/1          0                 0       0        0
.................................................................

WIND (MPH)
AVERAGE WIND SPEED              12.2
HIGHEST WIND SPEED/DIRECTION    38/350    DATE  02/25
HIGHEST GUST SPEED/DIRECTION    48/350    DATE  02/25

SKY COVER
POSSIBLE SUNSHINE (PERCENT)   MM
AVERAGE SKY COVER           0.50
NUMBER OF DAYS FAIR            8
NUMBER OF DAYS PC             17
NUMBER OF DAYS CLOUDY          4

AVERAGE RH (PERCENT)     56

WEATHER CONDITIONS. NUMBER OF DAYS WITH
THUNDERSTORM              1     MIXED PRECIP                0
HEAVY RAIN                0     RAIN                        0
LIGHT RAIN                5     FREEZING RAIN               1
LT FREEZING RAIN          4     HAIL                        0
HEAVY SNOW                0     SNOW                        3
LIGHT SNOW                4     SLEET                       1
FOG                       8     FOG W/VIS <= 1/4 MILE       1
HAZE                      4

-  INDICATES NEGATIVE NUMBERS.
R  INDICATES RECORD WAS SET OR TIED.
MM INDICATES DATA IS MISSING.
T  INDICATES TRACE AMOUNT.

$$



USA.gov is the U.S. government's official web portal to all federal, state and local government web resources and services.
  • National Weather Service
  • WSO Pago Pago Weather Service Office
  • Pago Pago, AS
  • (684) 699-9130
  • Page Author: PPG Webmaster
  • Incorrect Region Format!
  • Web Master's E-mail:
  • Page last modified: Mar 10th, 2020 21:02 UTC