000
CXUS52 KMLB 011730
CLMLEE

CLIMATE REPORT
NATIONAL WEATHER SERVICE MELBOURNE FL
1230 PM EST SUN MAR 01 2020

...................................

...THE LEESBURG CLIMATE SUMMARY FOR THE MONTH OF FEBRUARY 2020...

CLIMATE NORMAL PERIOD 1981 TO 2010
CLIMATE RECORD PERIOD 1958 TO 2020

WEATHER         OBSERVED          NORMAL  DEPART   LAST YEAR`S
                VALUE   DATE(S)   VALUE   FROM     VALUE
                                          NORMAL
..............................................................
TEMPERATURE (F)
MONTHLY RECORD
 WARMEST        71.8   2018
 COLDEST        53.3   2010
DAILY RECORD
 HIGH             89   02/22/1991
 LOW              23   02/26/1967
FEBRUARY 2020
HIGHEST           88   02/13                          87
LOWEST            41   02/22                          39
AVG. MAXIMUM    76.1               72.2     3.9     78.3
AVG. MINIMUM    54.9               51.4     3.5     58.4
MEAN            65.5               61.8     3.7     68.4
DAYS MAX >= 90     0                0.0     0.0        0
DAYS MAX <= 32     0                0.0     0.0        0
DAYS MIN <= 32     0                0.2    -0.2        0
DAYS MIN <= 0      0                0.0     0.0        0

PRECIPITATION (INCHES)
MONTHLY RECORD
 MAXIMUM        6.71   1983
 MINIMUM        0.49   2018
DAILY RECORD
 MAXIMUM        3.28   02/03/1970
FEBRUARY 2020
TOTALS          2.14               2.88   -0.74     0.87
DAYS >= .01        8                                   8
DAYS >= .10        5                                   4
DAYS >= .50        2                                   0
DAYS >= 1.00       0                                   0
GREATEST
 24 HR. TOTAL   0.73   02/26 TO 02/26

SNOWFALL (INCHES)
TOTALS           0.0                0.0     0.0      0.0
SINCE 7/1        0.0                0.0     0.0      0.0
DAYS >= TRACE      0                                   0

DEGREE DAYS
HEATING TOTAL     92                139     -47       25
 SINCE 7/1       324                619    -295      495
COOLING TOTAL    113                 49      64      125
 SINCE 1/1       209                 77     132      158
..............................................................

WIND (MPH)
AVERAGE WIND SPEED              7.3
HIGHEST WIND SPEED/DIRECTION    36/270    DATE  02/06
HIGHEST GUST SPEED/DIRECTION    45/270    DATE  02/06

SKY COVER
POSSIBLE SUNSHINE (PERCENT)   MM
AVERAGE SKY COVER           0.36
NUMBER OF DAYS FAIR           17
NUMBER OF DAYS PC              6
NUMBER OF DAYS CLOUDY          6

AVERAGE RH (PERCENT)     68

WEATHER CONDITIONS. NUMBER OF DAYS WITH
THUNDERSTORM              1     MIXED PRECIP               0
HEAVY RAIN                5     RAIN                       4
LIGHT RAIN               10     LT FREEZING RAIN           0
HAIL                      0     LIGHT SNOW                 0
SLEET                     0     FOG                       13
FOG W/VIS <= 1/4 MILE     3     HAZE                       0

-  INDICATES NEGATIVE NUMBERS.
R  INDICATES RECORD WAS SET OR TIED.
MM INDICATES DATA IS MISSING.
T  INDICATES TRACE AMOUNT.

$$



USA.gov is the U.S. government's official web portal to all federal, state and local government web resources and services.
  • National Weather Service
  • WSO Pago Pago Weather Service Office
  • Pago Pago, AS
  • (684) 699-9130
  • Page Author: PPG Webmaster
  • Incorrect Region Format!
  • Web Master's E-mail:
  • Page last modified: Mar 10th, 2020 21:02 UTC