000
CXUS51 KCTP 010822
CLMMDT

CLIMATE REPORT
NATIONAL WEATHER SERVICE STATE COLLEGE PA
322 AM EST SUN MAR 01 2020

...................................

...THE HARRISBURG PA CLIMATE SUMMARY FOR THE MONTH OF FEBRUARY 2020...

CLIMATE NORMAL PERIOD 1981 TO 2010
CLIMATE RECORD PERIOD 1888 TO 2020

WEATHER         OBSERVED          NORMAL  DEPART   LAST YEAR`S
                VALUE   DATE(S)   VALUE   FROM     VALUE DATE(S)
                                          NORMAL
................................................................
TEMPERATURE (F)
RECORD
 HIGH             79   02/21/2018
 LOW             -13   02/10/1899
HIGHEST           66   02/03                          64  02/05
LOWEST            14   02/15                           3  02/02
AVG. MAXIMUM    47.4               40.7     6.7     42.0
AVG. MINIMUM    31.0               25.1     5.9     26.9
MEAN            39.2               32.9     6.3     34.5
DAYS MAX >= 90     0                0.0     0.0        0
DAYS MAX <= 32     0                4.6    -4.6        1
DAYS MIN <= 32    16               22.5    -6.5       24
DAYS MIN <= 0      0                0.0     0.0        0

PRECIPITATION (INCHES)
RECORD
 MAXIMUM        5.93   1981
 MINIMUM        0.39   2002
TOTALS          2.52               2.39    0.13     3.32
DAILY AVG.      0.09                NAN     NAN     0.12
DAYS >= .01       13                9.9     3.1       13
DAYS >= .10        6                5.3     0.7       10
DAYS >= .50        1                1.5    -0.5        2
DAYS >= 1.00       0                0.3    -0.3        0
GREATEST
 24 HR. TOTAL   1.10   02/06 TO 02/07

SNOWFALL (INCHES)
RECORDS
 TOTAL          42.1   2010
TOTALS             T               10.5   -10.5     10.4
SINCE 7/1        5.1               25.0   -19.9       MM
SNOWDEPTH AVG.     0                                  MM
DAYS >= 1.0        0                2.8    -2.8        4
GREATEST
 SNOW DEPTH        0                                   3  02/20
                                                          02/12
 24 HR TOTAL       T                                 4.9  02/20 TO 02/20

DEGREE DAYS
HEATING TOTAL    741                899    -158      848
 SINCE 7/1      3390               4043    -653     3774
COOLING TOTAL      0                  0       0        0
 SINCE 1/1         0                  0       0        0
................................................................

WIND (MPH)
AVERAGE WIND SPEED              7.1
HIGHEST WIND SPEED/DIRECTION    36/300    DATE  02/27
HIGHEST GUST SPEED/DIRECTION    45/270    DATE  02/27

SKY COVER
POSSIBLE SUNSHINE (PERCENT)   MM
AVERAGE SKY COVER           0.72
NUMBER OF DAYS FAIR            3
NUMBER OF DAYS PC             10
NUMBER OF DAYS CLOUDY         16

AVERAGE RH (PERCENT)     62

WEATHER CONDITIONS. NUMBER OF DAYS WITH
THUNDERSTORM              0     MIXED PRECIP               0
HEAVY RAIN                4     RAIN                       3
LIGHT RAIN               14     FREEZING RAIN              0
LT FREEZING RAIN          0     HAIL                       0
HEAVY SNOW                0     SNOW                       0
LIGHT SNOW                3     SLEET                      1
FOG                      16     FOG W/VIS <= 1/4 MILE      2
HAZE                      5

-  INDICATES NEGATIVE NUMBERS.
R  INDICATES RECORD WAS SET OR TIED.
MM INDICATES DATA IS MISSING.
T  INDICATES TRACE AMOUNT.

&&

5TH WARMEST ON RECORD (2017,1998,1976,1954)
TIED FOR LEAST SNOWIEST ON RECORD (1925,1915)

$$


USA.gov is the U.S. government's official web portal to all federal, state and local government web resources and services.
  • National Weather Service
  • WSO Pago Pago Weather Service Office
  • Pago Pago, AS
  • (684) 699-9130
  • Page Author: PPG Webmaster
  • Incorrect Region Format!
  • Web Master's E-mail:
  • Page last modified: Mar 10th, 2020 21:02 UTC