000
CXUS54 KJAN 010837
CLMMEI


CLIMATE REPORT
NATIONAL WEATHER SERVICE JACKSON MS
215 AM CST SUN MAR 1 2020

...................................

...THE MERIDIAN CLIMATE SUMMARY FOR THE MONTH OF FEBRUARY 2020...

CLIMATE NORMAL PERIOD 1981 TO 2010
CLIMATE RECORD PERIOD 1889 TO 2020

WEATHER         OBSERVED          NORMAL  DEPART  LAST YEAR`S
                 VALUE   DATE(S)  VALUE   FROM    VALUE  DATE(S)
                                          NORMAL
................................................................
TEMPERATURE (F)
RECORD
 HIGH              86   02/22/2018
 LOW               -6   02/13/1899
HIGHEST            76   02/18        79      -3       83  02/23
                        02/12
                        02/03
LOWEST             29   02/22        20       9       31  02/13
AVG. MAXIMUM     64.9              61.0     3.9     68.5
AVG. MINIMUM     43.1              36.4     6.7     47.6
MEAN             54.0              48.7     5.3     58.0
DAYS MAX >= 90      0               0.0     0.0        0
DAYS MAX <= 32      0               0.2    -0.2        0
DAYS MIN <= 32      5              10.2    -5.2        1
DAYS MIN <= 0       0               0.0     0.0        0

PRECIPITATION (INCHES)
RECORD
 MAXIMUM        15.95   1990
 MINIMUM         1.46   2000
TOTALS           9.88              5.60    4.28     6.85
DAILY AVG.       0.34                MM      MM     0.24
DAYS >= .01        14               9.9     4.1       14
DAYS >= .10        11               6.6     4.4        7
DAYS >= .50         5               3.6     1.4        6
DAYS >= 1.00        4               1.9     2.1        3
GREATEST
 24 HR. TOTAL    2.24   02/10 TO 02/10              1.98

SNOWFALL (INCHES)
RECORDS
 TOTAL            5.8   1899
TOTALS            0.0                 T     0.0      0.0
SINCE 7/1           T               0.3    -0.3      0.1
DAYS >= TRACE       0
DAYS >= 1.0         0               0.0     0.0        0
GREATEST
 24 HR TOTAL      0.0   02/29 TO 02/29

DEGREE_DAYS
HEATING TOTAL     322               460    -138      223
 SINCE 7/1       1506              2110    -604     1581
COOLING TOTAL      10                 4       6       35
 SINCE 1/1         15                 7       8       35
.................................................................

WIND (MPH)
AVERAGE WIND SPEED              7.6
HIGHEST WIND SPEED/DIRECTION    37/170    DATE  02/05
HIGHEST GUST SPEED/DIRECTION    48/160    DATE  02/05

SKY COVER
POSSIBLE SUNSHINE (PERCENT)   MM
AVERAGE SKY COVER           0.60
NUMBER OF DAYS FAIR           11
NUMBER OF DAYS PC              5
NUMBER OF DAYS CLOUDY         13

AVERAGE RH (PERCENT)     70

WEATHER CONDITIONS. NUMBER OF DAYS WITH
THUNDERSTORM             3   MIXED PRECIP               0
HEAVY RAIN               5   RAIN                       8
LIGHT RAIN              17   FREEZING RAIN              0
LT FREEZING RAIN         0   HAIL                       0
HEAVY SNOW               0   SNOW                       0
LIGHT SNOW               0   SLEET                      0
FOG                     14   FOG W/VIS <= 1/4 MILE      1
HAZE                     5
-  INDICATES NEGATIVE NUMBERS.
R  INDICATES RECORD WAS SET OR TIED.
MM INDICATES DATA IS MISSING.
T  INDICATES TRACE AMOUNT.

$$
The monthly rainfall total was 9.88 inches making this the 10th wettest February.





USA.gov is the U.S. government's official web portal to all federal, state and local government web resources and services.
  • National Weather Service
  • WSO Pago Pago Weather Service Office
  • Pago Pago, AS
  • (684) 699-9130
  • Page Author: PPG Webmaster
  • Incorrect Region Format!
  • Web Master's E-mail:
  • Page last modified: Mar 10th, 2020 21:02 UTC