000
CXUS54 KBMX 021834
CLMMGM


CLIMATE REPORT
NATIONAL WEATHER SERVICE BIRMINGHAM, AL
1215 PM CST MON MAR 2 2020

...................................

...THE MONTGOMERY CLIMATE SUMMARY FOR THE MONTH OF FEBRUARY 2020...

CLIMATE NORMAL PERIOD 1981 TO 2010
CLIMATE RECORD PERIOD 1872 TO 2020

WEATHER         OBSERVED          NORMAL  DEPART  LAST YEAR`S
                 VALUE   DATE(S)  VALUE   FROM    VALUE  DATE(S)
                                          NORMAL
................................................................
TEMPERATURE (F)
RECORD
 HIGH              86   02/22/2019
 LOW               -5   02/13/1899
HIGHEST        (E) 81   02/12        MM      MM       86  02/22
                        02/11
LOWEST         (E) 29   02/28        MM      MM       31  02/01
AVG. MAXIMUM     65.8(E)           61.8     4.0     71.5
AVG. MINIMUM     43.8(E)           39.2     4.6     50.9
MEAN             54.8(E)                            61.2
DAYS MAX >= 90      0               0.0     0.0        0
DAYS MAX <= 32      0               0.1    -0.1        0
DAYS MIN <= 32      3               7.1    -4.1        1
DAYS MIN <= 0       0               0.0     0.0        0

PRECIPITATION (INCHES)
RECORD
 MAXIMUM        13.38   1961
 MINIMUM         1.11   1999
TOTALS          10.05(E)           5.28    4.77     1.65
DAILY AVG.       0.35(E)             MM      MM     0.06
DAYS >= .01        16               8.9     7.1       11
DAYS >= .10        12               6.5     5.5        5
DAYS >= .50         6               3.3     2.7        1
DAYS >= 1.00        4               1.8     2.2        0

DEGREE_DAYS
HEATING TOTAL     289(E)            410    -121      155
 SINCE 7/1       1380              1883    -503     1478
COOLING TOTAL      20(E)              4      16       55
 SINCE 1/1         28                 6      22       56
.................................................................

WIND (MPH)
AVERAGE WIND SPEED              7.1
HIGHEST WIND SPEED/DIRECTION    29/200    DATE  02/06
HIGHEST GUST SPEED/DIRECTION    38/210    DATE  02/06

AVERAGE RH (PERCENT)     70

WEATHER CONDITIONS. NUMBER OF DAYS WITH
THUNDERSTORM              3     MIXED PRECIP               0
HEAVY RAIN                5     RAIN                       9
LIGHT RAIN               16     FREEZING RAIN              0
LT FREEZING RAIN          0     HAIL                       0
HEAVY SNOW                0     SNOW                       0
LIGHT SNOW                0     SLEET                      0
FOG                      17     FOG W/VIS <= 1/4 MILE      3
HAZE                      3

-  INDICATES NEGATIVE NUMBERS.
R  INDICATES RECORD WAS SET OR TIED.
MM INDICATES DATA IS MISSING.
T  INDICATES TRACE AMOUNT.
(E) INDICATES AMOUNTS ESTIMATED DUE TO MISSING DATA.

$$



USA.gov is the U.S. government's official web portal to all federal, state and local government web resources and services.
  • National Weather Service
  • WSO Pago Pago Weather Service Office
  • Pago Pago, AS
  • (684) 699-9130
  • Page Author: PPG Webmaster
  • Incorrect Region Format!
  • Web Master's E-mail:
  • Page last modified: Mar 10th, 2020 21:02 UTC