000
CXUS53 KDDC 011816
CLMP28


CLIMATE REPORT
NATIONAL WEATHER SERVICE DODGE CITY KS
106 PM CDT WED APR 1 2020

...................................

...THE MEDICINE LODGE KS CLIMATE SUMMARY FOR THE MONTH OF MARCH 2020...

CLIMATE NORMAL PERIOD 1981 TO 2010
CLIMATE RECORD PERIOD 1893 TO 2020

WEATHER         OBSERVED          NORMAL  DEPART  LAST YEAR`S
                 VALUE   DATE(S)  VALUE   FROM    VALUE  DATE(S)
                                          NORMAL
................................................................
TEMPERATURE (F)
RECORD
 HIGH              98   03/19/1907
 LOW               -7   03/03/2014
                        03/03/1960
                        01/01/2000
HIGHEST            83   03/25        MM      MM       79  03/28
LOWEST             24   03/06        MM      MM        4  03/05
AVG. MAXIMUM     61.1              59.3     1.8     55.1
AVG. MINIMUM     38.1              34.2     3.9     31.4
MEAN             49.6              46.7     2.9     43.3
DAYS MAX >= 90      0               0.0     0.0        0
DAYS MAX <= 32      0               0.6    -0.6        2
DAYS MIN <= 32      6              12.6    -6.6       13
DAYS MIN <= 0       0               0.0     0.0        0

PRECIPITATION (INCHES)
RECORD
 MAXIMUM         9.24   1973
 MINIMUM         0.00   1936
                        1911
                        1893
TOTALS           2.00              2.26   -0.26     2.34
DAYS >= .01        14               7.3     6.7        9
DAYS >= .10         9               4.3     4.7        6
DAYS >= .50         0               2.0    -2.0        2
DAYS >= 1.00        0               0.8    -0.8        0
GREATEST
 24 HR. TOTAL    0.56   03/08 TO 03/09           03/12 TO 03/13

DEGREE_DAYS
HEATING TOTAL     471               568     -97      667
 SINCE 7/1       4001              4097     -96     4396
COOLING TOTAL       0                 2      -2        0
 SINCE 1/1          0                 2      -2        0
.................................................................

WIND (MPH)
AVERAGE WIND SPEED              9.4
HIGHEST WIND SPEED/DIRECTION    36/010    DATE  03/20
HIGHEST GUST SPEED/DIRECTION    54/330    DATE  03/19



-  INDICATES NEGATIVE NUMBERS.
R  INDICATES RECORD WAS SET OR TIED.
MM INDICATES DATA IS MISSING.
T  INDICATES TRACE AMOUNT.

$$



USA.gov is the U.S. government's official web portal to all federal, state and local government web resources and services.
  • National Weather Service
  • WSO Pago Pago Weather Service Office
  • Pago Pago, AS
  • (684) 699-9130
  • Page Author: PPG Webmaster
  • Incorrect Region Format!
  • Web Master's E-mail:
  • Page last modified: Mar 10th, 2020 21:02 UTC