000
CXUS53 KUNR 011610
CLMPHP


CLIMATE REPORT
NATIONAL WEATHER SERVICE RAPID CITY SD
1009 AM MDT THU OCT 1 2020

...................................

...THE PHILIP SD CLIMATE SUMMARY FOR THE MONTH OF SEPTEMBER 2020...

CLIMATE NORMAL PERIOD 1981 TO 2010
CLIMATE RECORD PERIOD 9999 TO 9999

WEATHER         OBSERVED          NORMAL  DEPART  LAST YEAR`S
                 VALUE   DATE(S)  VALUE   FROM    VALUE  DATE(S)
                                          NORMAL
................................................................
TEMPERATURE (F)
HIGHEST           102   09/05                         97  09/15
LOWEST             29R  09/10                         37  09/26
AVG. MAXIMUM     79.7              77.6     2.1     78.9
AVG. MINIMUM     45.0              46.9    -1.9     49.9
MEAN             62.3              62.3     0.0     64.4
DAYS MAX >= 90      9                                  6
DAYS MAX <= 32      0                                  0
DAYS MIN <= 32      2                                  0
DAYS MIN <= 0       0                                  0

PRECIPITATION (INCHES)
TOTALS           0.46              1.49   -1.03     1.74
DAILY AVG.       0.02              0.05   -0.03     0.06
DAYS >= .01         4                                 10
DAYS >= .10         1                                  5
DAYS >= .50         0                                  0
DAYS >= 1.00        0                                  0
GREATEST
 24 HR. TOTAL    0.36   09/07 TO 09/07              0.43

DEGREE_DAYS
HEATING TOTAL     144               161     -17      105
 SINCE 7/1        151               186     -35      118
COOLING TOTAL      71                79      -8       95
 SINCE 1/1        911               814      97      669
.................................................................

WIND (MPH)
AVERAGE WIND SPEED              9.3
HIGHEST WIND SPEED/DIRECTION    41/310    DATE  09/26
HIGHEST GUST SPEED/DIRECTION    55/310    DATE  09/27

AVERAGE RH (PERCENT)     55

WEATHER CONDITIONS. NUMBER OF DAYS WITH
THUNDERSTORM              0     MIXED PRECIP               0
HEAVY RAIN                0     RAIN                       2
LIGHT RAIN                7     FREEZING RAIN              0
LT FREEZING RAIN          0     HAIL                       0
HEAVY SNOW                0     SNOW                       0
LIGHT SNOW                0     SLEET                      0
FOG                       7     FOG W/VIS <= 1/4 MILE      1
HAZE                      3

-  INDICATES NEGATIVE NUMBERS.
R  INDICATES RECORD WAS SET OR TIED.
MM INDICATES DATA IS MISSING.
T  INDICATES TRACE AMOUNT.

$$



USA.gov is the U.S. government's official web portal to all federal, state and local government web resources and services.
  • National Weather Service
  • WSO Pago Pago Weather Service Office
  • Pago Pago, AS
  • (684) 699-9130
  • Page Author: PPG Webmaster
  • Incorrect Region Format!
  • Web Master's E-mail:
  • Page last modified: Mar 10th, 2020 21:02 UTC