000
CXUS53 KUNR 011601
CLMPHP


CLIMATE REPORT
NATIONAL WEATHER SERVICE RAPID CITY SD
1000 AM MDT WED APR 1 2020

...................................

...THE PHILIP SD CLIMATE SUMMARY FOR THE MONTH OF MARCH 2020...

CLIMATE NORMAL PERIOD 1981 TO 2010
CLIMATE RECORD PERIOD 9999 TO 9999

WEATHER         OBSERVED          NORMAL  DEPART  LAST YEAR`S
                 VALUE   DATE(S)  VALUE   FROM    VALUE  DATE(S)
                                          NORMAL
................................................................
TEMPERATURE (F)
HIGHEST            77   03/07                         65  03/27
                                                          03/26
LOWEST              5   03/20                        -18  03/03
                                                          03/02
AVG. MAXIMUM     52.5              47.7     4.8     37.7
AVG. MINIMUM     24.9              21.8     3.1     15.9
MEAN             38.7              34.7     4.0     26.8
DAYS MAX >= 90      0                                  0
DAYS MAX <= 32      2                                  9
DAYS MIN <= 32     27                                 28
DAYS MIN <= 0       0                                  5

PRECIPITATION (INCHES)
TOTALS           0.80              1.27   -0.47     0.73
DAILY AVG.       0.03              0.04   -0.01     0.02
DAYS >= .01         9                                  7
DAYS >= .10         4                                  2
DAYS >= .50         0                                  0
DAYS >= 1.00        0                                  0
GREATEST
 24 HR. TOTAL    0.24   03/25 TO 03/25              0.34

DEGREE_DAYS
HEATING TOTAL     804               938    -134     1177
 SINCE 7/1       6175              6303    -128     7008
COOLING TOTAL       0                 0       0        0
 SINCE 1/1          0                 0       0        0
.................................................................

WIND (MPH)
AVERAGE WIND SPEED              10.1
HIGHEST WIND SPEED/DIRECTION    38/340    DATE  03/04
HIGHEST GUST SPEED/DIRECTION    52/340    DATE  03/04

AVERAGE RH (PERCENT)     63

WEATHER CONDITIONS. NUMBER OF DAYS WITH
THUNDERSTORM              1     MIXED PRECIP               0
HEAVY RAIN                0     RAIN                       2
LIGHT RAIN                8     FREEZING RAIN              0
LT FREEZING RAIN          3     HAIL                       0
HEAVY SNOW                0     SNOW                       0
LIGHT SNOW                5     SLEET                      0
FOG                      10     FOG W/VIS <= 1/4 MILE      1
HAZE                      0

-  INDICATES NEGATIVE NUMBERS.
R  INDICATES RECORD WAS SET OR TIED.
MM INDICATES DATA IS MISSING.
T  INDICATES TRACE AMOUNT.

$$


USA.gov is the U.S. government's official web portal to all federal, state and local government web resources and services.
  • National Weather Service
  • WSO Pago Pago Weather Service Office
  • Pago Pago, AS
  • (684) 699-9130
  • Page Author: PPG Webmaster
  • Incorrect Region Format!
  • Web Master's E-mail:
  • Page last modified: Mar 10th, 2020 21:02 UTC