000
CXUS54 KMOB 010836
CLMPNS


CLIMATE REPORT
NATIONAL WEATHER SERVICE MOBILE AL
327 AM CDT WED APR 1 2020

...................................

...THE PENSACOLA CLIMATE SUMMARY FOR THE MONTH OF MARCH 2020...

CLIMATE NORMAL PERIOD 1981 TO 2010
CLIMATE RECORD PERIOD 1879 TO 2020

WEATHER         OBSERVED          NORMAL  DEPART  LAST YEAR`S
                 VALUE   DATE(S)  VALUE   FROM    VALUE  DATE(S)
                                          NORMAL
................................................................
TEMPERATURE (F)
RECORD
 HIGH              90   03/22/2017
 LOW               15   03/18/2010
HIGHEST            87   03/29        MM      MM       84  03/11
                                                          03/10
LOWEST             41   03/07        MM      MM       33  03/06
AVG. MAXIMUM     78.5              69.6     8.9     70.8
AVG. MINIMUM     62.1              51.2    10.9     51.6
MEAN             70.3              60.4     9.9     61.2
DAYS MAX >= 90      0               0.0     0.0        0
DAYS MAX <= 32      0               0.0     0.0        0
DAYS MIN <= 32      0               0.6    -0.6        0
DAYS MIN <= 0       0               0.0     0.0        0

PRECIPITATION (INCHES)
RECORD
 MAXIMUM        12.93   2005
 MINIMUM         0.24   2006
TOTALS           0.52              5.81   -5.29     1.54
DAILY AVG.       0.02              0.19   -0.17     0.05
DAYS >= .01         5               8.1    -3.1        9
DAYS >= .10         2               6.2    -4.2        2
DAYS >= .50         0               3.5    -3.5        1
DAYS >= 1.00        0               1.8    -1.8        1
GREATEST
 24 HR. TOTAL    0.22   03/04 TO 03/04

SNOWFALL (INCHES)
RECORDS
 TOTAL            0.0   2001
 SNOW DEPTH         0   MM
TOTALS            0.0               0.0     0.0      0.0
SINCE 7/1         0.0               0.0     0.0      0.0
SNOWDEPTH AVG.      0                MM      MM        0
DAYS >= 1.0         0               0.0     0.0        0
GREATEST
 SNOW DEPTH         0   MM                             0  MM
 24 HR TOTAL      0.0   03/31 TO 03/31

DEGREE_DAYS
HEATING TOTAL      32               176    -144      162
 SINCE 7/1        940              1484    -544     1110
COOLING TOTAL     204                33     171       52
 SINCE 1/1        269                47     222      116
.................................................................

WIND (MPH)
AVERAGE WIND SPEED              8.9
HIGHEST WIND SPEED/DIRECTION    36/230    DATE  03/31
HIGHEST GUST SPEED/DIRECTION    47/240    DATE  03/31

SKY COVER
POSSIBLE SUNSHINE (PERCENT)   MM
AVERAGE SKY COVER           0.40
NUMBER OF DAYS FAIR           11
NUMBER OF DAYS PC             17
NUMBER OF DAYS CLOUDY          3

AVERAGE RH (PERCENT)     75

WEATHER CONDITIONS. NUMBER OF DAYS WITH
  0
  1
  0
  0
  0
  0
  3
HAZE                      3

-  INDICATES NEGATIVE NUMBERS.
R  INDICATES RECORD WAS SET OR TIED.
MM INDICATES DATA IS MISSING.
T  INDICATES TRACE AMOUNT.

$$


USA.gov is the U.S. government's official web portal to all federal, state and local government web resources and services.
  • National Weather Service
  • WSO Pago Pago Weather Service Office
  • Pago Pago, AS
  • (684) 699-9130
  • Page Author: PPG Webmaster
  • Incorrect Region Format!
  • Web Master's E-mail:
  • Page last modified: Mar 10th, 2020 21:02 UTC