000
CXUS51 KALY 010643
CLMPOU


CLIMATE REPORT
NATIONAL WEATHER SERVICE ALBANY NY
141 AM EST SUN MAR 1 2020

...................................

...THE POUGHKEEPSIE NY CLIMATE SUMMARY FOR THE MONTH OF FEBRUARY 2020...

CLIMATE NORMAL PERIOD 1981 TO 2010
CLIMATE RECORD PERIOD 1931 TO 2020

WEATHER         OBSERVED          NORMAL  DEPART  LAST YEAR`S
                 VALUE   DATE(S)  VALUE   FROM    VALUE  DATE(S)
                                          NORMAL
................................................................
TEMPERATURE (F)
RECORD
 HIGH              76   02/21/2018
 LOW              -23   02/08/1967
HIGHEST            62   02/24                         61  02/05
LOWEST              6   02/15                         -3  02/01
AVG. MAXIMUM     43.1              39.4     3.7     39.6
AVG. MINIMUM     26.0              17.8     8.2     22.2
MEAN             34.6              28.6     6.0     30.9
DAYS MAX >= 90      0               0.0     0.0        0
DAYS MAX <= 32      1               5.8    -4.8        6
DAYS MIN <= 32     26              26.2    -0.2       25
DAYS MIN <= 0       0               1.2    -1.2        2

PRECIPITATION (INCHES)
RECORD
 MAXIMUM         7.50   2008
 MINIMUM         0.32   1987
TOTALS           2.03              2.66   -0.63     2.39
DAILY AVG.       0.07                               0.09
DAYS >= .01        10               9.1     0.9       13
DAYS >= .10         6               6.2    -0.2        7
DAYS >= .50         1               1.6    -0.6        1
DAYS >= 1.00        0               0.4    -0.4        0
GREATEST
 24 HR. TOTAL    0.57   02/13 TO 02/13

DEGREE_DAYS
HEATING TOTAL     878              1019    -141      946
 SINCE 7/1       4113              4604    -491     4340
COOLING TOTAL       0                 0       0        0
 SINCE 1/1          0                 0       0        0

FREEZE DATES
RECORD
 EARLIEST     09/15/1963
 LATEST       05/25/1949
EARLIEST      02/01             10/09
LATEST                          04/29
.................................................................

WIND (MPH)
AVERAGE WIND SPEED              5.0
HIGHEST WIND SPEED/DIRECTION    33/240    DATE  02/07
HIGHEST GUST SPEED/DIRECTION    46/250    DATE  02/28

SKY COVER
AVERAGE SKY COVER           0.60

AVERAGE RH (PERCENT)     64

-  INDICATES NEGATIVE NUMBERS.
R  INDICATES RECORD WAS SET OR TIED.
MM INDICATES DATA IS MISSING.
T  INDICATES TRACE AMOUNT.

$$



USA.gov is the U.S. government's official web portal to all federal, state and local government web resources and services.
  • National Weather Service
  • WSO Pago Pago Weather Service Office
  • Pago Pago, AS
  • (684) 699-9130
  • Page Author: PPG Webmaster
  • Incorrect Region Format!
  • Web Master's E-mail:
  • Page last modified: Mar 10th, 2020 21:02 UTC