000
CXUS51 KAKQ 031115
CLMRIC


CLIMATE REPORT
NATIONAL WEATHER SERVICE WAKEFIELD, VA
600 AM EST TUE MAR 3 2020

...................................

...THE RICHMOND VA CLIMATE SUMMARY FOR THE MONTH OF FEBRUARY 2020...

CLIMATE NORMAL PERIOD 1981 TO 2010
CLIMATE RECORD PERIOD 1871 TO 2020

WEATHER         OBSERVED          NORMAL  DEPART  LAST YEAR`S
                 VALUE   DATE(S)  VALUE   FROM    VALUE  DATE(S)
                                          NORMAL
................................................................
TEMPERATURE (F)
RECORD
 HIGH              83   02/11/1932
                        02/25/1930
 LOW              -10   02/08/1936
HIGHEST            72   02/04        72       0       75  02/05
                        02/03
LOWEST             20   02/22        16       4       18  02/02
AVG. MAXIMUM     54.7              51.3     3.4     54.2
AVG. MINIMUM     35.2              30.5     4.7     34.2
MEAN             45.0              40.9     4.1     44.2
DAYS MAX >= 90      0               0.0     0.0        0
DAYS MAX <= 32      0               0.6    -0.6        0
DAYS MIN <= 32     12              17.1    -5.1       11
DAYS MIN <= 0       0               0.0     0.0        0

PRECIPITATION (INCHES)
RECORD
 MAXIMUM         8.92   1973
 MINIMUM         0.48   1978
TOTALS           3.59              2.76    0.83     3.69
DAILY AVG.       0.12                MM      MM     0.13
DAYS >= .01        11               8.9     2.1       13
DAYS >= .10         8               5.9     2.1        9
DAYS >= .50         2               1.7     0.3        2
DAYS >= 1.00        1               0.6     0.4        0
GREATEST
 24 HR. TOTAL    1.60   02/06 TO 02/06

SNOWFALL (INCHES)
RECORDS
 TOTAL           21.4   5
                        0
                        -26215
TOTALS            0.5
SINCE 7/1         1.5               9.6    -8.1     13.1
SNOWDEPTH AVG.      0                MM      MM        0
DAYS >= 1.0         0               1.0    -1.0        0
GREATEST
 SNOW DEPTH         T   02/21                         -1  02/20
 24 HR TOTAL      0.5   02/20 TO 02/20           02/20 TO 02/20
                                                          02/20 TO 02/20EATHER         OBSERVED          NORMAL  DEPART  LAST YEAR`S
                                                          02/20 TO 02/20EATHER         OBSERVED          NORMAL  DEPART  LAST YEAR`S

DEGREE_DAYS
HEATING TOTAL     572
 SINCE 7/1       2561              2957    -396     2790
COOLING TOTAL       0                 0       0        0
 SINCE 1/1          0                 0       0        0
.................................................................

WIND (MPH)
AVERAGE WIND SPEED              8.2
HIGHEST WIND SPEED/DIRECTION    43/240    DATE  02/07
HIGHEST GUST SPEED/DIRECTION    57/250    DATE  02/07

SKY COVER
POSSIBLE SUNSHINE (PERCENT)   MM
AVERAGE SKY COVER           0.60

AVERAGE RH (PERCENT)     67

WEATHER CONDITIONS. NUMBER OF DAYS WITH
THUNDERSTORM              0     MIXED PRECIP               0
HEAVY RAIN                2     RAIN                       5
LIGHT RAIN                14    FREEZING RAIN              0
LT FREEZING RAIN          0     HAIL                       0
HEAVY SNOW                0     SNOW                       0
LIGHT SNOW                1     SLEET                      0
FOG                       14    FOG W/VIS <= 1/4 MILE      2
HAZE                      3

-  INDICATES NEGATIVE NUMBERS.
R  INDICATES RECORD WAS SET OR TIED.
MM INDICATES DATA IS MISSING.
T  INDICATES TRACE AMOUNT.

$$



USA.gov is the U.S. government's official web portal to all federal, state and local government web resources and services.
  • National Weather Service
  • WSO Pago Pago Weather Service Office
  • Pago Pago, AS
  • (684) 699-9130
  • Page Author: PPG Webmaster
  • Incorrect Region Format!
  • Web Master's E-mail:
  • Page last modified: Mar 10th, 2020 21:02 UTC