000
CXUS55 KREV 011449
CLMRNO

CLIMATE REPORT
NATIONAL WEATHER SERVICE RENO NV
749 AM PDT WED APR 01 2020

...................................

...THE RENO-TAHOE INTL AIRPORT NV CLIMATE SUMMARY FOR THE MONTH OF MARCH 2020...

THE AVERAGE TEMPERATURE FOR MARCH 2020 AT THE RENO-TAHOE
INTERNATIONAL AIRPORT WAS 43.0 DEGREES WHICH IS 2.7 DEGREES BELOW
NORMAL. THE HIGHEST TEMPERATURE FOR MARCH WAS 72 DEGREES WHICH
OCCURRED ON THE 5TH. THE LOWEST TEMPERATURE FOR THE MONTH WAS 19
DEGREES WHICH OCCURRED ON THE 2ND.

FOR MARCH 2020, 0.79 INCHES OF PRECIPITATION WAS RECORDED AT THE
RENO-TAHOE INTERNATIONAL AIRPORT. THIS IS 0.03 INCHES ABOVE NORMAL.
THE TOTAL SNOWFALL FOR THE MONTH WAS 10.0 INCHES.

THE AVERAGE WIND SPEED FOR MARCH 2020 WAS 7.0 MPH. THE PEAK WIND
GUST FOR THE MONTH WAS 52 MPH FROM THE SOUTH-SOUTHEAST ON THE 14TH.

CLIMATE NORMAL PERIOD 1981 TO 2010
CLIMATE RECORD PERIOD 1888 TO 2020

WEATHER         OBSERVED          NORMAL  DEPART   LAST YEAR`S
                VALUE   DATE(S)   VALUE   FROM     VALUE
                                          NORMAL
..............................................................
TEMPERATURE (F)
RECORD
 HIGH             83   03/31/1966
 LOW              -3   03/29/1897
HIGHEST           72   03/05         83     -11
LOWEST            19   03/02         -2      21
AVG. MAXIMUM    54.4               57.9    -3.5
AVG. MINIMUM    31.6               33.5    -1.9
MEAN            43.0               45.7    -2.7
DAYS MAX >= 90     0                0.0     0.0
DAYS MAX <= 32     0                0.0     0.0
DAYS MIN <= 32    19               13.1     5.9
DAYS MIN <= 0      0                0.0     0.0

PRECIPITATION (INCHES)
RECORD
 MAXIMUM        4.15   1907
 MINIMUM        0.00   1887
TOTALS          0.79               0.76    0.03
DAILY AVG.      0.03               0.02    0.01
DAYS >= .01        8                5.8     2.2
DAYS >= .10        3                2.2     0.8
DAYS >= .50        0                0.2    -0.2
DAYS >= 1.00       0                0.1    -0.1
GREATEST
 24 HR. TOTAL   0.32   03/16 TO 03/17
 STORM TOTAL    0.24
 (MM/DD(HH))

SNOWFALL (INCHES)
RECORDS
 TOTAL          29.0   5
 24 HR TOTAL      MM
TOTALS           9.5                2.0     7.5
 LIQUID EQUIV   1.00               0.20    0.80
SINCE 7/1       16.3               21.0    -4.7
 LIQUID 7/1     1.63
DAYS >= TRACE     10                2.6     7.4
DAYS >= 1.0        4                0.9     3.1
GREATEST
 SNOW DEPTH        4
 24 HR TOTAL      MM
 STORM TOTAL     2.7
 (MM/DD(HH))

DEGREE DAYS
HEATING TOTAL    673                598      75
 SINCE 7/1      4031               4235    -204
COOLING TOTAL      0                  0       0
 SINCE 1/1         0                  0       0

FREEZE DATES
RECORD
 EARLIEST     08/23/1973
 LATEST       06/27/1974
EARLIEST                        10/10
LATEST                          03/29
..............................................................

WIND (MPH)
AVERAGE WIND SPEED              7.0
HIGHEST WIND SPEED/DIRECTION    40/160    DATE  03/14
HIGHEST GUST SPEED/DIRECTION    52/150    DATE  03/14

AVERAGE RH (PERCENT)     54

WEATHER CONDITIONS. NUMBER OF DAYS WITH
THUNDERSTORM              0     MIXED PRECIP               0
HEAVY RAIN                0     RAIN                       0
LIGHT RAIN                7     FREEZING RAIN              0
LT FREEZING RAIN          0     HAIL                       1
HEAVY SNOW                1     SNOW                       3
LIGHT SNOW               10     SLEET                      0
FOG                       7     FOG W/VIS <= 1/4 MILE      1
HAZE                      2

-  INDICATES NEGATIVE NUMBERS.
R  INDICATES RECORD WAS SET OR TIED.
MM INDICATES DATA IS MISSING.
T  INDICATES TRACE AMOUNT.

$$


USA.gov is the U.S. government's official web portal to all federal, state and local government web resources and services.
  • National Weather Service
  • WSO Pago Pago Weather Service Office
  • Pago Pago, AS
  • (684) 699-9130
  • Page Author: PPG Webmaster
  • Incorrect Region Format!
  • Web Master's E-mail:
  • Page last modified: Mar 10th, 2020 21:02 UTC