000
CXUS53 KARX 011406
CLMRST


CLIMATE REPORT
NATIONAL WEATHER SERVICE LA CROSSE WI
905 AM CDT WED APR 1 2020

...March 2020 was Warmer- and Wetter-than-Normal in Rochester MN...

During March 2020, the average temperature at Rochester International
Airport was 35.7F. This was 3.3F warmer than the 1981-2010 normal
of 32.4F. This tied 2007 for the 16th warmest March and it was
the warmest March since 2016 (38.5F - 8th warmest March). The warmest
March occurred in 2012 when the average temperature was 49.1F.

The average high was 42F. This was 1.5F warmer than the 1981-2010
normal of 40.5F.

The average low temperature was 29.3F. This was 5F warmer
than the 1981-2010 normal of 24.3F. This was the 8th warmest.
It was the warmest since 2016 when the average low temperature was
30.4F (4th warmest). The warmest average low temperature was back
in 2012 when the average was 39.5F.

The highest temperature for the month was 58F on the 30th.
The lowest temperature for the month was 18F on the 21st.

A total of 2.51 inches of precipitation. This amount was 0.63 drier
than the 1981-2010 normal of 1.88 inches. The greatest 24-hour
precipitation total was 0.68 inches on the 19th.

There was a total of 2 inches of snow. This was 6.7 inches below the
1981-2010 normal of 8.7 inches. This was tied with 1911 for the
11th lowest snow total in March. This was the least amount of
snow in a March since 2012 when just a trace of snow fell.
The least amount of March snowfall was none in 2010. The greatest
one-day snowfall total was 0.8 incheson 20th.

...Records...

None.

...Discussion...

March 2020 was tied with 2007 for the 16th warmestMarch (average
temperature 35.7F or 3.3F warmer-than-normal) and the warmest
March since 2016 (38.5F - 8th warmest March). 7 out of the
17 warmest Marches have occurred this century. The table below
lists the 20 warmest Marches in Rochester MN.

   Warmest Marches
   in Rochester MN
     1886-2020

     Average
Rank   Temperature   Year
----   -----------   ----
 1   49.1 degrees   2012
 2   42.7 degrees   1910
 3   42.5 degrees   1946
 4   39.2 degrees   2000
    39.2 degrees   1973
 6   39.0 degrees   1945
 7   38.7 degrees   1977
 8   38.5 degrees   2016
 9   38.3 degrees   2010
10   37.0 degrees   1918
11   36.7 degrees   1968
12   36.1 degrees   1987
13   35.9 degrees   2004
    35.9 degrees   1938
15   35.8 degrees   1985
16   35.7 degrees   2020
    35.7 degrees   2007
18   35.6 degrees   1981
19   35.3 degrees   1990
20   34.5 degrees   1911

Only 5 days had below-normal temperatures and 2 days were normal.
The remainder of days were above-normal. The largest, warmest
departure was 18 degrees on the 18th.

It was the 29th wettest March (2.51 inches or 0.63 inches
wetter-than-normal). It was the wettest March since 2017 (2.87 inches
- 17th wettest). Measurable precipitation fell on 14 days.

Only 2 inches of snow fell. This was tied with 1911 for the 11th lowest
snow total in a March. This was least since 2012 when just a
trace fell. The least total was no snow in 2010. The table below
lists the 20 Marches with the least amount of snow in Rochester MN.

 Least Amount of Snow
   in a March
  for Rochester MN
    1893-2020

Rank  Snowfall   Year
----  --------   ----
 1  0.0 inches  2010
 2   Trace    2012
    Trace    1981
    Trace    1910
 5  0.4 inches  1968
 6  0.5 inches  1990
 7  1.2 inches  2009
   1.2 inches  1986
 9  1.3 inches  1946
10  1.5 inches  1973
11  2.0 inches  2020
   2.0 inches  1911
13  2.4 inches  1914
14  2.5 inches  1958
   2.5 inches  1949
   2.5 inches  1919
17  2.9 inches  1994
18  3.0 inches  1935
19  3.1 inches  1988
20  3.3 inches  2000

Measurable snow only fell on 6 days.

...................................

...THE ROCHESTER MN CLIMATE SUMMARY FOR THE MONTH OF MARCH 2020...

CLIMATE NORMAL PERIOD 1981 TO 2010
CLIMATE RECORD PERIOD 1886 TO 2020

WEATHER         OBSERVED          NORMAL  DEPART  LAST YEAR`S
                 VALUE   DATE(S)  VALUE   FROM    VALUE  DATE(S)
                                          NORMAL
................................................................
TEMPERATURE (F)
RECORD
 HIGH              82   03/24/1910
 LOW              -29   03/11/1948
HIGHEST            58   03/30        MM      MM       61  03/27
LOWEST             18   03/21        MM      MM      -17  03/04
                                                          03/03
AVG. MAXIMUM     42.0              40.5     1.5     33.9
AVG. MINIMUM     29.3              24.3     5.0     17.9
MEAN             35.7              32.4     3.3     25.9
DAYS MAX >= 90      0               0.0     0.0        0
DAYS MAX <= 32      3               6.2    -3.2       11
DAYS MIN <= 32     24              23.4     0.6       27
DAYS MIN <= 0       0               1.3    -1.3        6

PRECIPITATION (INCHES)
RECORD
 MAXIMUM         4.02   1888
 MINIMUM            T   1910
TOTALS           2.51              1.88    0.63     1.47
DAILY AVG.       0.08              0.06    0.02     0.05
DAYS >= .01        14              10.2     3.8        7
DAYS >= .10         6               4.9     1.1        4
DAYS >= .50         1               1.1    -0.1        1
DAYS >= 1.00        0               0.2    -0.2        0
GREATEST
 24 HR. TOTAL    0.68   03/19 TO 03/19           03/12 TO 03/12

SNOWFALL (INCHES)
RECORDS
 TOTAL           35.1   1951
 24 HR TOTAL       MM
TOTALS            2.0               8.7    -6.7      4.8
SINCE 7/1        49.6              48.6     1.0     78.6
SNOWDEPTH AVG.      1                 4      -3        9
DAYS >= TRACE      10               6.0     4.0       10
DAYS >= 1.0         0               2.5    -2.5        2
GREATEST
 SNOW DEPTH         6   03/01                         25
 24 HR TOTAL      0.8   03/20 TO 03/20               3.1

DEGREE_DAYS
HEATING TOTAL     899              1011    -112     1205
 SINCE 7/1       6908              6872      36     7561
COOLING TOTAL       0                 0       0        0
 SINCE 1/1          0                 0       0        0
.................................................................

WIND (MPH)
AVERAGE WIND SPEED              12.7
HIGHEST WIND SPEED/DIRECTION    35/290    DATE  03/05
HIGHEST GUST SPEED/DIRECTION    46/330    DATE  03/05

SKY COVER
POSSIBLE SUNSHINE (PERCENT)   MM
AVERAGE SKY COVER           0.60
NUMBER OF DAYS FAIR            9
NUMBER OF DAYS PC              9
NUMBER OF DAYS CLOUDY         13

AVERAGE RH (PERCENT)     76

WEATHER CONDITIONS. NUMBER OF DAYS WITH
THUNDERSTORM              1     MIXED PRECIP               0
HEAVY RAIN                1     RAIN                       5
LIGHT RAIN               11     FREEZING RAIN              0
LT FREEZING RAIN          0     HAIL                       0
HEAVY SNOW                0     SNOW                       0
LIGHT SNOW               10     SLEET                      0
FOG                      17     FOG W/VIS <= 1/4 MILE      4
HAZE                      3

-  INDICATES NEGATIVE NUMBERS.
R  INDICATES RECORD WAS SET OR TIED.
MM INDICATES DATA IS MISSING.
T  INDICATES TRACE AMOUNT.

$$

Boyne



USA.gov is the U.S. government's official web portal to all federal, state and local government web resources and services.
  • National Weather Service
  • WSO Pago Pago Weather Service Office
  • Pago Pago, AS
  • (684) 699-9130
  • Page Author: PPG Webmaster
  • Incorrect Region Format!
  • Web Master's E-mail:
  • Page last modified: Mar 10th, 2020 21:02 UTC