000
CXUS56 KSGX 012035
CLMSNA


CLIMATE REPORT
NATIONAL WEATHER SERVICE SAN DIEGO, CA
1234 PM PST SUN MAR 1 2020

...................................

...THE JOHN WAYNE AIRPORT CA CLIMATE SUMMARY FOR THE MONTH OF FEBRUARY 2020...

CLIMATE NORMAL PERIOD 1981 TO 2010
CLIMATE RECORD PERIOD 1999 TO 2020

WEATHER         OBSERVED          NORMAL  DEPART  LAST YEAR`S
                 VALUE   DATE(S)  VALUE   FROM    VALUE  DATE(S)
                                          NORMAL
................................................................
TEMPERATURE (F)
RECORD
 HIGH              90   02/12/2015
                        02/11/2015
                        02/08/2006
 LOW               36   02/02/2016
HIGHEST            88   02/25        67      21       71  02/12
LOWEST             42   02/05        49      -7       37  02/19
AVG. MAXIMUM     72.3              66.3     6.0     61.2
AVG. MINIMUM     51.8              48.6     3.2     45.7
MEAN             62.0              57.4     4.6     53.5
DAYS MAX >= 90      0               0.1    -0.1        0
DAYS MAX <= 32      0               0.0     0.0        0
DAYS MIN <= 32      0               0.0     0.0        0

PRECIPITATION (INCHES)
RECORD
 MAXIMUM         5.67   2001
 MINIMUM         0.23   2002
TOTALS           0.38              2.95   -2.57     5.49
DAILY AVG.       0.01                MM      MM     0.20
DAYS >= .01         4                MM      MM       14
DAYS >= .10         1                MM      MM        9
DAYS >= .50         0                MM      MM        3
DAYS >= 1.00        0                MM      MM        2
GREATEST
 24 HR. TOTAL    0.30   02/09 TO 02/09           02/14 TO 02/14
                                                          02/28 TO 02/28EATHER         OBSERVED          NORMAL  DEPART  LAST YEAR`S
                                                          02/28 TO 02/28EATHER         OBSERVED          NORMAL  DEPART  LAST YEAR`S
 STORM TOTAL       MM                                 MM
 (MM/DD(HH))            MM                    02/14(00) TO 02/14(00)
                                                 02/28(00) TO 02/28(00)8EATHER         OBSERVED          NORMAL  DEPART  LAST YEAR`S
                                                 02/28(00) TO 02/28(00)8EATHER         OBSERVED          NORMAL  DEPART  LAST YEAR`S

DEGREE_DAYS
HEATING TOTAL     107               214    -107      314
 SINCE 7/1        511               913    -402      764
COOLING TOTAL      27                 3      24        0
 SINCE 1/1         33                 8      25        2

FREEZE DATES
RECORD
 EARLIEST     MM
 LATEST       MM
EARLIEST                        MM
LATEST                          MM
.................................................................

WIND (MPH)
AVERAGE WIND SPEED              4.4
RESULTANT WIND SPEED/DIRECTION   1/157
HIGHEST WIND SPEED/DIRECTION    28/050    DATE  02/04
HIGHEST GUST SPEED/DIRECTION    40/070    DATE  02/04

SKY COVER
POSSIBLE SUNSHINE (PERCENT)   MM
AVERAGE SKY COVER           0.30
NUMBER OF DAYS FAIR           17
NUMBER OF DAYS PC             10
NUMBER OF DAYS CLOUDY          2

AVERAGE RH (PERCENT)     52

WEATHER CONDITIONS. NUMBER OF DAYS WITH
  0
  2
  0
  0
  0
  0
  2
HAZE                     10

-  INDICATES NEGATIVE NUMBERS.
R  INDICATES RECORD WAS SET OR TIED.
MM INDICATES DATA IS MISSING.
T  INDICATES TRACE AMOUNT.

$$


USA.gov is the U.S. government's official web portal to all federal, state and local government web resources and services.
  • National Weather Service
  • WSO Pago Pago Weather Service Office
  • Pago Pago, AS
  • (684) 699-9130
  • Page Author: PPG Webmaster
  • Incorrect Region Format!
  • Web Master's E-mail:
  • Page last modified: Mar 10th, 2020 21:02 UTC