000
CXAK58 PASN 020117
CLMSNP


CLIMATE REPORT
NATIONAL WEATHER SERVICE ANCHORAGE, AK
517 PM AKDT WED APR 1 2020

...................................

...THE SAINT PAUL ISLAND CLIMATE SUMMARY FOR THE MONTH OF MARCH 2020...

CLIMATE NORMAL PERIOD 1981 TO 2010
CLIMATE RECORD PERIOD 1892 TO 2020

WEATHER         OBSERVED          NORMAL  DEPART  LAST YEAR`S
                 VALUE   DATE(S)  VALUE   FROM    VALUE  DATE(S)
                                          NORMAL
................................................................
TEMPERATURE (F)
RECORD
 HIGH              50   MM
 LOW                4   03/10/2020
HIGHEST            41                MM      MM       42
LOWEST              4R               MM      MM       12
AVG. MAXIMUM     34.8              29.3     5.5     36.0
AVG. MINIMUM     25.6              20.4     5.2     26.8
MEAN             30.2              24.8     5.4     31.4
DAYS MAX >= 90      0               0.0     0.0        0
DAYS MAX <= 32      6              16.0   -10.0        8
DAYS MIN <= 32     20              27.5    -7.5       21
DAYS MIN <= 0       0               1.5    -1.5        0

PRECIPITATION (INCHES)
RECORD
 MAXIMUM           MM   MM
 MINIMUM           MM   MM
TOTALS           0.67              1.07   -0.40     1.67
DAILY AVG.       0.03              0.03    0.00     0.05
DAYS >= .01         7              14.2    -7.2       21
DAYS >= .10         2               3.5    -1.5        6
DAYS >= .50         0               0.1    -0.1        0
DAYS >= 1.00        0               0.0     0.0        0
GREATEST
 24 HR. TOTAL    0.30   03/14 TO 03/14           03/03 TO 03/03
                                                          03/13 TO 03/13EATHER         OBSERVED          NORMAL  DEPART  LAST YEAR`S
                                                          03/13 TO 03/13EATHER         OBSERVED          NORMAL  DEPART  LAST YEAR`S
 STORM TOTAL       MM                                 MM
 (MM/DD(HH))            MM                    03/03(00) TO 03/03(00)
                                                 03/13(00) TO 03/13(00)3EATHER         OBSERVED          NORMAL  DEPART  LAST YEAR`S
                                                 03/13(00) TO 03/13(00)3EATHER         OBSERVED          NORMAL  DEPART  LAST YEAR`S

DEGREE_DAYS
HEATING TOTAL     829              1245    -416     1033
 SINCE 7/1       6400              8162   -1762     7132
COOLING TOTAL       0                 0       0        0
 SINCE 1/1          0                 0       0        0

FREEZE DATES
RECORD
 EARLIEST     MM
 LATEST       MM
EARLIEST      03/01             MM
LATEST                          MM
.................................................................

WIND (MPH)
AVERAGE WIND SPEED              14.9
RESULTANT WIND SPEED/DIRECTION   4/147
HIGHEST WIND SPEED/DIRECTION    41/360    DATE  03/01
HIGHEST GUST SPEED/DIRECTION    47/360    DATE  03/01

SKY COVER
POSSIBLE SUNSHINE (PERCENT)   MM
AVERAGE SKY COVER           0.70
NUMBER OF DAYS FAIR            5
NUMBER OF DAYS PC              8
NUMBER OF DAYS CLOUDY         14

AVERAGE RH (PERCENT)     83

WEATHER CONDITIONS. NUMBER OF DAYS WITH
  0
  2
  0
  0
  1
  0
  4
HAZE                      8

-  INDICATES NEGATIVE NUMBERS.
R  INDICATES RECORD WAS SET OR TIED.
MM INDICATES DATA IS MISSING.
T  INDICATES TRACE AMOUNT.

$$



USA.gov is the U.S. government's official web portal to all federal, state and local government web resources and services.
  • National Weather Service
  • WSO Pago Pago Weather Service Office
  • Pago Pago, AS
  • (684) 699-9130
  • Page Author: PPG Webmaster
  • Incorrect Region Format!
  • Web Master's E-mail:
  • Page last modified: Mar 10th, 2020 21:02 UTC