000
CXUS54 KOUN 011457
CLMSPS

CLIMATE REPORT
NATIONAL WEATHER SERVICE NORMAN OK
947 AM CDT WED APR 1 2020

...................................

...THE WICHITA FALLS CLIMATE SUMMARY FOR THE MONTH OF MARCH 2020...

CLIMATE NORMAL PERIOD 1981 TO 2010
CLIMATE RECORD PERIOD 1897 TO 2020

WEATHER         OBSERVED          NORMAL  DEPART  LAST YEAR`S
                 VALUE   DATE(S)  VALUE   FROM    VALUE
                                          NORMAL
.............................................................
TEMPERATURE (F)
RECORD
 HIGH             100   03/26/1971
 LOW                6   03/11/1948
HIGHEST            93                88       5       80
LOWEST             33                23      10       14
AVG. MAXIMUM     69.7              67.0     2.7     62.4
AVG. MINIMUM     48.4              41.2     7.2     38.6
MEAN             59.1              54.1     5.0     50.5
DAYS MAX >= 90      1               0.7     0.3        0
DAYS MAX <= 32      0               0.1    -0.1        1
DAYS MIN <= 32      0               4.9    -4.9        8
DAYS MIN <= 0       0               0.0     0.0        0

PRECIPITATION (INCHES)
RECORD
 MAXIMUM         6.29   1999
 MINIMUM         0.00   1904
TOTALS           5.04              2.20    2.84     2.57
DAILY AVG.       0.16              0.07    0.09     0.08
DAYS >= .01        14               6.7     7.3        5
DAYS >= .10         9               3.7     5.3        3
DAYS >= .50         6               1.5     4.5        2
DAYS >= 1.00        0               0.5    -0.5        1
GREATEST
 24 HR. TOTAL    1.27   03/13 TO 03/14

SNOWFALL (INCHES)
TOTALS            0.0               0.5    -0.5
SINCE 7/1         3.3               3.9    -0.6

DEGREE_DAYS
HEATING TOTAL     215               357    -142
 SINCE 7/1       2565              2803    -238
COOLING TOTAL      40                19      21
 SINCE 1/1         40                22      18
..............................................................

WIND (MPH)
AVERAGE WIND SPEED              11.1
HIGHEST WIND SPEED/DIRECTION    47/260    DATE  03/28
HIGHEST GUST SPEED/DIRECTION    63/240    DATE  03/28


WEATHER CONDITIONS. NUMBER OF DAYS WITH
THUNDERSTORM              7     MIXED PRECIP               0
HEAVY RAIN                5     RAIN                       7
LIGHT RAIN               13     FREEZING RAIN              0
LT FREEZING RAIN          0     HAIL                       0
HEAVY SNOW                0     SNOW                       0
LIGHT SNOW                0     SLEET                      0
FOG                      17     FOG W/VIS <= 1/4 MILE      3
HAZE                      1

-  INDICATES NEGATIVE NUMBERS.
R  INDICATES RECORD WAS SET OR TIED.
MM INDICATES DATA IS MISSING.
T  INDICATES TRACE AMOUNT.
...............................................................
RECORDS/REMARKS
NEW RECORD MAX TEMPERATURE OF 93 DEGREES SET MARCH 26TH.
FOURTH WETTEST MARCH ON RECORD.
THE JANUARY THROUGH MARCH 2019 TOTAL PRECIPITATION IS 9.88 INCHES.

$$



USA.gov is the U.S. government's official web portal to all federal, state and local government web resources and services.
  • National Weather Service
  • WSO Pago Pago Weather Service Office
  • Pago Pago, AS
  • (684) 699-9130
  • Page Author: PPG Webmaster
  • Incorrect Region Format!
  • Web Master's E-mail:
  • Page last modified: Mar 10th, 2020 21:02 UTC