000
CXUS54 KOUN 011300
CLMSPS

CLIMATE REPORT
NATIONAL WEATHER SERVICE NORMAN OK
755 AM CDT THU OCT 1 2020

...................................

...THE WICHITA FALLS CLIMATE SUMMARY FOR THE MONTH OF SEPTEMBER 2020...

CLIMATE NORMAL PERIOD 1981 TO 2010
CLIMATE RECORD PERIOD 1897 TO 2020

WEATHER         OBSERVED          NORMAL  DEPART  LAST YEAR`S
                 VALUE   DATE(S)  VALUE   FROM    VALUE
                                          NORMAL
.............................................................
TEMPERATURE (F)
RECORD
 HIGH             111   09/04/2000
 LOW               38   09/24/1989
                        09/30/1984
                        09/21/1983
HIGHEST            94               101      -7      102
LOWEST             46                49      -3       67
AVG. MAXIMUM     83.0              88.1    -5.1     93.8
AVG. MINIMUM     61.0              63.3    -2.3     71.1
MEAN             72.0              75.7    -3.7     82.5
DAYS MAX >= 90      8              13.6    -5.6       26
DAYS MAX <= 32      0               0.0     0.0        0
DAYS MIN <= 32      0               0.0     0.0        0
DAYS MIN <= 0       0               0.0     0.0        0

PRECIPITATION (INCHES)
RECORD
 MAXIMUM        10.23   1980
 MINIMUM            T   1983
                        1956
                        1948
TOTALS           2.76              2.81   -0.05     2.84
DAILY AVG.       0.09              0.09    0.00     0.09
DAYS >= .01         6               6.0     0.0        5
DAYS >= .10         4               3.7     0.3        4
DAYS >= .50         1               1.8    -0.8        2
DAYS >= 1.00        1               1.0     0.0        1
GREATEST
 24 HR. TOTAL    2.18   09/09 TO 09/09

DEGREE_DAYS
HEATING TOTAL      19                13       6
 SINCE 7/1         19                13       6
COOLING TOTAL     239               334     -95
 SINCE 1/1       2226              2279     -53
..............................................................

WIND (MPH)
AVERAGE WIND SPEED              8.7
HIGHEST WIND SPEED/DIRECTION    40/350    DATE  09/27
HIGHEST GUST SPEED/DIRECTION    49/350    DATE  09/27


WEATHER CONDITIONS. NUMBER OF DAYS WITH
THUNDERSTORM              2     MIXED PRECIP               0
HEAVY RAIN                1     RAIN                       3
LIGHT RAIN                6     FREEZING RAIN              0
LT FREEZING RAIN          0     HAIL                       0
HEAVY SNOW                0     SNOW                       0
LIGHT SNOW                0     SLEET                      0
FOG                      14     FOG W/VIS <= 1/4 MILE      3
HAZE                      2

-  INDICATES NEGATIVE NUMBERS.
R  INDICATES RECORD WAS SET OR TIED.
MM INDICATES DATA IS MISSING.
T  INDICATES TRACE AMOUNT.
.............................................................
RECORDS/REMARKS
NEW RECORD COLD MAX TEMPERATURE OF 59 DEGREES SET SEP 9TH.
NEW RECORD LOW TEMPERATURE OF 51 DEGREES SET SEP 9TH.
NEW RECORD COLD MAX TEMPERATURE OF 62 DEGREES SET SEP 9TH.
TIED FOR THE FOURTH COLDEST SEPTEMBER ON RECORD.
THE JANUARY THROUGH SEPTEMBER TOTAL PRECIPITATION IS 30.78 INCHES

$$


USA.gov is the U.S. government's official web portal to all federal, state and local government web resources and services.
  • National Weather Service
  • WSO Pago Pago Weather Service Office
  • Pago Pago, AS
  • (684) 699-9130
  • Page Author: PPG Webmaster
  • Incorrect Region Format!
  • Web Master's E-mail:
  • Page last modified: Mar 10th, 2020 21:02 UTC