000
CXUS56 KPQR 011443
CLMTTD

CLIMATE REPORT
NATIONAL WEATHER SERVICE PORTLAND OREGON
736 AM PDT WED APR 1 2020

...................................

...THE TROUTDALE OR CLIMATE SUMMARY FOR THE MONTH OF MARCH 2020...

CLIMATE NORMAL PERIOD 1981 TO 2010
CLIMATE RECORD PERIOD 1948 TO 2020

WEATHER         OBSERVED          NORMAL  DEPART  LAST YEAR`S
                 VALUE   DATE(S)  VALUE   FROM    VALUE  DATE(S)
                                          NORMAL
................................................................
TEMPERATURE (F)
HIGHEST            69                                 70  03/30
LOWEST             30                                 26  03/04
AVG. MAXIMUM     55.0              56.3    -1.3     55.0
AVG. MINIMUM     37.7              38.5    -0.8     37.4
MEAN             46.3              47.4    -1.1     46.2
DAYS MAX >= 90      0               0.0     0.0        0
DAYS MAX <= 32      0               0.0     0.0        0
DAYS MIN <= 32      6               3.4     2.6        8
DAYS MIN <= 0       0               0.0     0.0        0

PRECIPITATION (INCHES)
RECORD
 MAXIMUM           MM   MM
 MINIMUM           MM   MM
TOTALS           2.80              4.64   -1.84     1.68
DAYS >= .01        15              17.8    -2.8       13
DAYS >= .10        10              12.3    -2.3        6
DAYS >= .50         1               2.6    -1.6        0
DAYS >= 1.00        0               0.5    -0.5        0
GREATEST
 24 HR. TOTAL    0.69   03/14 TO 03/14

DEGREE_DAYS
HEATING TOTAL     573               546      27      576
 SINCE 7/1       3482              3862    -380     3563
COOLING TOTAL       0                 0       0        0
 SINCE 1/1          0                 0                0
.................................................................

WIND (MPH)
AVERAGE WIND SPEED              5.1
RESULTANT WIND SPEED/DIRECTION   2/130
HIGHEST WIND SPEED/DIRECTION    28/250    DATE  03/30
HIGHEST GUST SPEED/DIRECTION    38/270    DATE  03/30

SKY COVER
POSSIBLE SUNSHINE (PERCENT)   MM
AVERAGE SKY COVER           0.50
NUMBER OF DAYS FAIR           11
NUMBER OF DAYS PC              6
NUMBER OF DAYS CLOUDY         14

AVERAGE RH (PERCENT)     66

WEATHER CONDITIONS. NUMBER OF DAYS WITH
THUNDERSTORMS             1     MIXED PRECIP                0
HEAVY RAIN                0     RAIN                        4
LIGHT RAIN               17     FREEZING RAIN               0
LT FREEZING RAIN          0     HAIL                        1
HEAVY SNOW                0     SNOW                        1
LIGHT SNOW                2     SLEET                       0
FOG                      15     FOG W/VIS <= 1/4 MILE       2
HAZE                      5

-  INDICATES NEGATIVE NUMBERS.
R  INDICATES RECORD WAS SET OR TIED.
MM INDICATES DATA IS MISSING.
T  INDICATES TRACE AMOUNT.

$$


USA.gov is the U.S. government's official web portal to all federal, state and local government web resources and services.
  • National Weather Service
  • WSO Pago Pago Weather Service Office
  • Pago Pago, AS
  • (684) 699-9130
  • Page Author: PPG Webmaster
  • Incorrect Region Format!
  • Web Master's E-mail:
  • Page last modified: Mar 10th, 2020 21:02 UTC