000
CXUS54 KTSA 011449
CLMTUL

CLIMATE REPORT
NATIONAL WEATHER SERVICE TULSA OK
849 AM CST SUN MAR 1 2020

...................................

...THE TULSA OKLAHOMA CLIMATE SUMMARY FOR THE MONTH OF FEBRUARY 2020...

CLIMATE NORMAL PERIOD 1981 TO 2010
CLIMATE RECORD PERIOD 1882 TO 2020

WEATHER         OBSERVED          NORMAL  DEPART  LAST YEAR`S
                 VALUE   DATE(S)  VALUE   FROM    VALUE  DATE(S)
                                          NORMAL
................................................................
TEMPERATURE (F)
RECORD
 HIGH              90   02/22/1996
                        02/01/1911
 LOW              -15   02/13/1905
HIGHEST            77   02/02        53      24       69  02/03
LOWEST             15   02/14        31     -16       12  02/08
AVG. MAXIMUM     53.5              53.2     0.3     48.9
AVG. MINIMUM     31.7              31.3     0.4     31.0
MEAN             42.6              42.3     0.3     39.9
DAYS MAX >= 90      0               0.0     0.0        0
DAYS MAX <= 32      0               1.6    -1.6        2
DAYS MIN <= 32     16              14.8     1.2       14
DAYS MIN <= 0       0               0.1    -0.1        0

PRECIPITATION (INCHES)
RECORD
 MAXIMUM         5.74   1985
 MINIMUM         0.00   1904
TOTALS           1.37              1.85   -0.48     1.23
DAILY AVG.       0.05                MM      MM     0.04
DAYS >= .01         8               6.6     1.4       12
DAYS >= .10         4               4.0     0.0        3
DAYS >= .50         0               1.0    -1.0        1
DAYS >= 1.00        0               0.3    -0.3        0
GREATEST
 24 HR. TOTAL    0.46   02/12 TO 02/12

SNOWFALL (INCHES)
RECORDS
 TOTAL           22.5   2011
TOTALS            2.4               1.8     0.6        T
SINCE 7/1         3.1               7.5    -4.4      1.9
SNOWDEPTH AVG.      0                MM      MM        0
DAYS >= 1.0         1               0.6     0.4        0
GREATEST
 SNOW DEPTH         2   02/06                          0  MM
 24 HR TOTAL      2.4   02/05 TO 02/05

DEGREE_DAYS
HEATING TOTAL     642               638       4      697
 SINCE 7/1       2725              2930    -205     3050
.................................................................

WIND (MPH)
AVERAGE WIND SPEED              9.6
HIGHEST WIND SPEED/DIRECTION    29/170    DATE  02/09
HIGHEST GUST SPEED/DIRECTION    40/170    DATE  02/09

SKY COVER
POSSIBLE SUNSHINE (PERCENT)   MM
AVERAGE SKY COVER           0.70
NUMBER OF DAYS FAIR            4
NUMBER OF DAYS PC             10
NUMBER OF DAYS CLOUDY         15

AVERAGE RH (PERCENT)     66

WEATHER CONDITIONS. NUMBER OF DAYS WITH
THUNDERSTORM              1     MIXED PRECIP                0
HEAVY RAIN                1     RAIN                        2
LIGHT RAIN               11     FREEZING RAIN               0
LT FREEZING RAIN          1     HAIL                        0
HEAVY SNOW                0     SNOW                        2
LIGHT SNOW                4     SLEET                       2
FOG                       8     FOG W/VIS <= 1/4 MILE       0
HAZE                      0

-  INDICATES NEGATIVE NUMBERS.
R  INDICATES RECORD WAS SET OR TIED.
MM INDICATES DATA IS MISSING.
T  INDICATES TRACE AMOUNT.

&&
-------------------------------------------------------------------
 YEARLY PRECIPITATION (INCHES):
 TOTAL..................... 6.27
 DEPARTURE FROM NORMAL.....+2.76
$$



USA.gov is the U.S. government's official web portal to all federal, state and local government web resources and services.
  • National Weather Service
  • WSO Pago Pago Weather Service Office
  • Pago Pago, AS
  • (684) 699-9130
  • Page Author: PPG Webmaster
  • Incorrect Region Format!
  • Web Master's E-mail:
  • Page last modified: Mar 10th, 2020 21:02 UTC