000
CXUS54 KTSA 011100
CLMTUL
CLIMATE REPORT
NATIONAL WEATHER SERVICE TULSA OK
815 AM CDT MON APR 01 2024
...................................
...THE TULSA OKLAHOMA CLIMATE SUMMARY FOR THE MONTH OF MARCH 2024...
CLIMATE NORMAL PERIOD 1991 TO 2020
CLIMATE RECORD PERIOD 1882 TO 2024
WEATHER OBSERVED NORMAL DEPART LAST YEAR`S
VALUE DATE(S) VALUE FROM VALUE DATE(S)
NORMAL
................................................................
TEMPERATURE (F)
RECORD
HIGH 99 03/18/1907
LOW -3 03/12/1948
HIGHEST 80 03/03 62 18 80 03/31
03/04
03/14
LOWEST 29 03/27 40 -11 20 03/19
AVG. MAXIMUM 68.7 63.3 5.4 60.9
AVG. MINIMUM 43.9 40.7 3.2 39.5
MEAN 56.3 52.0 4.3 50.2
DAYS MAX >= 90 0 0.0 0.0 0
DAYS MAX <= 32 0 0.0 0.0 0
DAYS MIN <= 32 4 6.8 -2.8 5
DAYS MIN <= 0 0 0.0 0.0 0
PRECIPITATION (INCHES)
RECORD
MAXIMUM 11.94 1973
MINIMUM 0.08 1971
TOTALS 1.07 3.10 -2.03 3.71
DAILY AVG. 0.03 0.10 -0.07 0.12
DAYS >= .01 5 8.6 -3.6 10
DAYS >= .10 3 5.1 -2.1 9
DAYS >= .50 1 2.1 -1.1 1
DAYS >= 1.00 0 0.9 -0.9 1
GREATEST
24 HR. TOTAL 0.57 03/08 TO 03/09
SNOWFALL (INCHES)
RECORDS
TOTAL 19.7 1924
TOTALS 0.0 1.9 -1.9 0.0
SINCE 7/1 1.6 8.7 -7.1 MM
SNOWDEPTH AVG. 0 0
DAYS >= 1.0 0 0.0 0.0 0
GREATEST
SNOW DEPTH 0 0 MM
24 HR TOTAL MM
DEGREE DAYS
HEATING TOTAL 285 418 -133 464
SINCE 7/1 2824 3230 -406 MM
COOLING TOTAL 22 15 7 4
SINCE 1/1 22 17 5 MM
................................................................
WIND (MPH)
AVERAGE WIND SPEED 11.3
HIGHEST WIND SPEED/DIRECTION 37/180 DATE 03/29
HIGHEST GUST SPEED/DIRECTION 52/140 DATE 03/24
SKY COVER
POSSIBLE SUNSHINE (PERCENT) MM
AVERAGE SKY COVER 0.58
NUMBER OF DAYS FAIR 8
NUMBER OF DAYS PC 11
NUMBER OF DAYS CLOUDY 12
AVERAGE RH (PERCENT) 61
WEATHER CONDITIONS. NUMBER OF DAYS WITH
THUNDERSTORM 4 MIXED PRECIP 0
HEAVY RAIN 1 RAIN 1
LIGHT RAIN 8 FREEZING RAIN 0
LT FREEZING RAIN 0 HAIL 0
HEAVY SNOW 0 SNOW 0
LIGHT SNOW 0 SLEET 0
FOG 5 FOG W/VIS <= 1/4 MILE 0
HAZE 1
- INDICATES NEGATIVE NUMBERS.
R INDICATES RECORD WAS SET OR TIED.
MM INDICATES DATA IS MISSING.
T INDICATES TRACE AMOUNT.
$$