000
CXUS52 KTAE 010800
CF6ABY
PRELIMINARY LOCAL CLIMATOLOGICAL DATA (WS FORM: F-6)
STATION: ALBANY
MONTH: JULY
YEAR: 2021
LATITUDE: 31 31 N
LONGITUDE: 84 11 W
TEMPERATURE IN F: :PCPN: SNOW: WIND :SUNSHINE: SKY :PK WND
================================================================================
1 2 3 4 5 6A 6B 7 8 9 10 11 12 13 14 15 16 17 18
12Z AVG MX 2MIN
DY MAX MIN AVG DEP HDD CDD WTR SNW DPTH SPD SPD DIR MIN PSBL S-S WX SPD DR
================================================================================
1 93 73 83 1 0 18 0.16 0.0 M 4.8 18 120 M M 4 1 21 120
2 91 74 83 1 0 18 0.42 0.0 0 4.8 13 320 M M 6 1 16 360
3 94 75 85 3 0 20 0.01 0.0 0 5.2 10 300 M M 6 1 14 300
4 94 74 84 2 0 19 0.00 0.0 0 4.3 14 190 M M 4 17 190
5 90 76 83 0 0 18 T 0.0 M 4.0 18 220 M M 5 3 22 220
6 92 74 83 0 0 18 0.22 0.0 0 5.4 26 150 M M 5 138 33 150
7 85 73 79 -4 0 14 0.02 M M 9.9 23 90 M M 7 18 29 100
8 92 73 83 0 0 18 0.21 0.0 M 6.1 17 250 M M 5 13 29 250
9 93 73 83 0 0 18 0.01 0.0 0 6.1 21 220 M M 4 1238 26 250
10 93 72 83 0 0 18 0.00 0.0 0 5.0 24 260 M M 5 138 33 270
11 95 72 84 1 0 19 0.01 0.0 0 5.9 22 180 M M 3 3 27 170
12 94 73 84 1 0 19 0.05 0.0 0 3.5 20 150 M M 2 3 30 160
13 95 70 83 0 0 18 0.00 0.0 0 3.8 12 350 M M 1 14 150
14 93 74 84 1 0 19 0.15 0.0 0 2.6 15 320 M M 3 3 18 320
15 94 75 85 2 0 20 0.16 M M 3.5 13 20 M M 2 13 17 20
16 95 74 85 2 0 20 T M M 3.5 18 170 M M 2 13 21 170
17 96 74 85 2 0 20 0.09 M M 3.2 17 230 M M 3 3 20 190
18 95 75 85 2 0 20 0.00 0.0 0 3.9 18 180 M M 1 22 170
19 91 74 83 0 0 18 0.99 0.0 0 3.7 25 200 M M 2 138 31 200
20 90 75 83 0 0 18 0.66 0.0 0 3.3 22 200 M M 4 13 28 210
21 91 76 84 1 0 19 1.28 0.0 0 3.1 27 250 M M 6 13 38 250
22 93 78 86 3 0 21 0.18 0.0 M 3.7 14 310 M M 5 138 16 310
23 94 75 85 2 0 20 0.87 0.0 0 3.7 23 40 M M 3 13 31 40
24 94 74 84 0 0 19 0.00 0.0 0 3.5 13 80 M M 5 12 17 60
25 95 72 84 0 0 19 0.00 0.0 0 2.4 12 70 M M 1 1 14 60
26 98 74 86 2 0 21 0.07 0.0 M 2.1 10 350 M M 1 8 14 360
27 98 76 87 3 0 22 1.17 0.0 0 3.8 31 310 M M 3 13 40 310
28 96 75 86 2 0 21 0.06 0.0 M 3.8 12 180 M M 4 3 15 290
29 99 75 87 3 0 22 0.00 0.0 M 2.3 10 110 M M 2 128 13 110
30 100 78 89 5 0 24 0.00 0.0 M 3.2 12 280 M M 1 14 270
31 99 79 89 5 0 24 0.23 0.0 0 5.0 21 230 M M 1 3 26 240
================================================================================
SM 2912 2305 0 602 7.02 0.0 129.1 M 106
================================================================================
AV 93.9 74.4 4.2 FASTST M M 3 MAX(MPH)
MISC ----> 31 310 40 310
================================================================================
NOTES:
# LAST OF SEVERAL OCCURRENCES
COLUMN 17 PEAK WIND IN M.P.H.
PRELIMINARY LOCAL CLIMATOLOGICAL DATA (WS FORM: F-6) , PAGE 2
STATION: ALBANY
MONTH: JULY
YEAR: 2021
LATITUDE: 31 31 N
LONGITUDE: 84 11 W
[TEMPERATURE DATA] [PRECIPITATION DATA] SYMBOLS USED IN COLUMN 16
AVERAGE MONTHLY: 84.1 TOTAL FOR MONTH: 7.02 1 = FOG OR MIST
DPTR FM NORMAL: 1.0 DPTR FM NORMAL: 1.90 2 = FOG REDUCING VISIBILITY
HIGHEST: 100 ON 30 GRTST 24HR 1.61 ON 19-20 TO 1/4 MILE OR LESS
LOWEST: 70 ON 13 3 = THUNDER
SNOW, ICE PELLETS, HAIL 4 = ICE PELLETS
TOTAL MONTH: 0.0 INCH 5 = HAIL
GRTST 24HR 0.0 6 = FREEZING RAIN OR DRIZZLE
GRTST DEPTH: 0 7 = DUSTSTORM OR SANDSTORM:
VSBY 1/2 MILE OR LESS
8 = SMOKE OR HAZE
[NO. OF DAYS WITH] [WEATHER - DAYS WITH] 9 = BLOWING SNOW
X = TORNADO
MAX 32 OR BELOW: 0 0.01 INCH OR MORE: 21
MAX 90 OR ABOVE: 30 0.10 INCH OR MORE: 13
MIN 32 OR BELOW: 0 0.50 INCH OR MORE: 5
MIN 0 OR BELOW: 0 1.00 INCH OR MORE: 2
[HDD (BASE 65) ]
TOTAL THIS MO. 0 CLEAR (SCALE 0-3) 16
DPTR FM NORMAL 0 PTCLDY (SCALE 4-7) 15
TOTAL FM JUL 1 0 CLOUDY (SCALE 8-10) 0
DPTR FM NORMAL 0
[CDD (BASE 65) ]
TOTAL THIS MO. 602
DPTR FM NORMAL 41 [PRESSURE DATA]
TOTAL FM JAN 1 1711 HIGHEST SLP 30.29 ON 13
DPTR FM NORMAL 172 LOWEST SLP 29.83 ON 2
[REMARKS]
#FINAL-07-21#