000
CXUS52 KTAE 011254
CF6ABY
PRELIMINARY LOCAL CLIMATOLOGICAL DATA (WS FORM: F-6)
STATION: ALBANY
MONTH: AUGUST
YEAR: 2020
LATITUDE: 31 31 N
LONGITUDE: 84 11 W
TEMPERATURE IN F: :PCPN: SNOW: WIND :SUNSHINE: SKY :PK WND
================================================================================
1 2 3 4 5 6A 6B 7 8 9 10 11 12 13 14 15 16 17 18
12Z AVG MX 2MIN
DY MAX MIN AVG DEP HDD CDD WTR SNW DPTH SPD SPD DIR MIN PSBL S-S WX SPD DR
================================================================================
1 94 77 86 4 0 21 0.00 0.0 0 5.3 14 200 M M 2 1 17 200
2 97 73 85 3 0 20 0.06 0.0 0 3.8 21 130 M M 1 3 26 140
3 97 75 86 4 0 21 0.08 0.0 0 3.2 21 290 M M 2 13 26 290
4 96 74 85 3 0 20 M 0.0 0 4.4 12 270 M M 1 14 250
5 98 74 86 4 0 21 T 0.0 0 4.1 18 280 M M 1 3 24 290
6 97 74 86 4 0 21 0.00 0.0 0 5.3 23 190 M M 1 3 29 190
7 96 73 85 3 0 20 0.00 0.0 0 5.5 15 210 M M 2 20 190
8 97 76 87 5 0 22 0.00 0.0 0 5.2 13 70 M M 1 13 17 190
9 98 74 86 4 0 21 T 0.0 0 4.4 15 130 M M 1 3 21 130
10 97 74 86 4 0 21 1.08 0.0 0 4.9 26 130 M M 3 138 37 170
11 96 74 85 3 0 20 0.05 0.0 0 3.4 20 220 M M 2 3 26 220
12 94 73 84 2 0 19 T 0.0 0 3.5 18 60 M M 3 12 23 60
13 93 75 84 2 0 19 0.00 0.0 0 3.6 20 50 M M 1 3 25 60
14 91 75 83 1 0 18 T 0.0 0 4.5 15 120 M M 1 3 19 220
15 90 77 84 2 0 19 0.29 0.0 0 5.2 16 270 M M 4 1 20 270
16 95 74 85 3 0 20 0.00 0.0 0 3.6 13 320 M M 1 1 16 270
17 96 73 85 3 0 20 0.00 0.0 0 2.2 12 90 M M 1 14 30
18 94 70 82 0 0 17 2.18 0.0 0 5.9 26 10 M M 2 13 34 20
19 90 70 80 -2 0 15 0.07 0.0 0 4.7 17 210 M M 1 3 22 200
20 88 72 80 -2 0 15 0.07 0.0 0 3.6 17 160 M M 2 13 20 150
21 86 72 79 -3 0 14 0.03 0.0 0 3.4 10 210 M M 5 1 14 210
22 83 73 78 -4 0 13 0.02 0.0 0 5.6 15 160 M M 3 1 19 180
23 86 72 79 -3 0 14 0.06 0.0 0 4.4 17 80 M M 3 1 21 70
24 85 75 80 -2 0 15 1.06 0.0 0 7.0 21 70 M M 6 138 25 70
25 94 75 85 3 0 20 T 0.0 0 5.5 15 140 M M 5 1 19 150
26 95 77 86 4 0 21 0.00 0.0 0 5.1 13 150 M M 2 1 15 150
27 95 78 87 5 0 22 0.00 0.0 0 6.7 15 150 M M 1 19 150
28 94 77 86 5 0 21 0.12 0.0 0 6.0 16 170 M M 3 138 21 170
29 87 76 82 1 0 17 T 0.0 0 8.3 20 220 M M 4 3 22 220
30 92 75 84 3 0 19 0.06 0.0 0 5.1 28 210 M M 6 13 35 210
31 93 75 84 3 0 19 0.00 0.0 0 4.6 12 250 M M 5 15 280
================================================================================
SM 2884 2302 0 585 5.23 0.0 148.0 M 76
================================================================================
AV 93.0 74.3 4.8 FASTST M M 2 MAX(MPH)
MISC ----> # 28 210 # 37 170
================================================================================
NOTES:
# LAST OF SEVERAL OCCURRENCES
COLUMN 17 PEAK WIND IN M.P.H.
PRELIMINARY LOCAL CLIMATOLOGICAL DATA (WS FORM: F-6) , PAGE 2
STATION: ALBANY
MONTH: AUGUST
YEAR: 2020
LATITUDE: 31 31 N
LONGITUDE: 84 11 W
[TEMPERATURE DATA] [PRECIPITATION DATA] SYMBOLS USED IN COLUMN 16
AVERAGE MONTHLY: 83.7 TOTAL FOR MONTH: 5.23 1 = FOG OR MIST
DPTR FM NORMAL: 1.6 DPTR FM NORMAL: 0.39 2 = FOG REDUCING VISIBILITY
HIGHEST: 98 ON 9, 5 GRTST 24HR 2.18 ON 18-18 TO 1/4 MILE OR LESS
LOWEST: 70 ON 19,18 3 = THUNDER
SNOW, ICE PELLETS, HAIL 4 = ICE PELLETS
TOTAL MONTH: 0.0 INCH 5 = HAIL
GRTST 24HR 0.0 6 = FREEZING RAIN OR DRIZZLE
GRTST DEPTH: 0 7 = DUSTSTORM OR SANDSTORM:
VSBY 1/2 MILE OR LESS
8 = SMOKE OR HAZE
[NO. OF DAYS WITH] [WEATHER - DAYS WITH] 9 = BLOWING SNOW
X = TORNADO
MAX 32 OR BELOW: 0 0.01 INCH OR MORE: 14
MAX 90 OR ABOVE: 25 0.10 INCH OR MORE: 5
MIN 32 OR BELOW: 0 0.50 INCH OR MORE: 3
MIN 0 OR BELOW: 0 1.00 INCH OR MORE: 3
[HDD (BASE 65) ]
TOTAL THIS MO. 0 CLEAR (SCALE 0-3) 24
DPTR FM NORMAL 0 PTCLDY (SCALE 4-7) 7
TOTAL FM JUL 1 0 CLOUDY (SCALE 8-10) 0
DPTR FM NORMAL 0
[CDD (BASE 65) ]
TOTAL THIS MO. 585
DPTR FM NORMAL 58 [PRESSURE DATA]
TOTAL FM JAN 1 2322 HIGHEST SLP 30.18 ON 9
DPTR FM NORMAL 349 LOWEST SLP 29.82 ON 18
[REMARKS]
#FINAL-08-20#