000
CXUS55 KCYS 040340
CF6CDR
PRELIMINARY LOCAL CLIMATOLOGICAL DATA (WS FORM: F-6)
STATION: CHADRON NEBRASKA AIRPORT
MONTH: MARCH
YEAR: 2024
LATITUDE: 42 50 N
LONGITUDE: 103 6 W
TEMPERATURE IN F: :PCPN: SNOW: WIND :SUNSHINE: SKY :PK WND
================================================================================
1 2 3 4 5 6A 6B 7 8 9 10 11 12 13 14 15 16 17 18
12Z AVG MX 2MIN
DY MAX MIN AVG DEP HDD CDD WTR SNW DPTH SPD SPD DIR MIN PSBL S-S WX SPD DR
================================================================================
1 69 35 52 20 13 0 0.00 M M 12.9 30 270 M M 0 41 260
2 72 25 49 17 16 0 0.00 M M 7.1 38 180 M M 1 48 180
3 51 31 41 8 24 0 0.00 M M 16.5 44 280 M M 2 58 280
4 45 23 34 1 31 0 0.00 M M 7.1 23 180 M M 4 29 220
5 52 27 40 6 25 0 0.00 M M 17.6 31 190 M M 0 8 41 180
6 53 25 39 5 26 0 0.00 M M 11.0 21 220 M M 2 30 230
7 30 22 26 -8 39 0 0.15 M M 8.3 14 30 M M 10 128 18 30
8 43 13 28 -7 37 0 T M M 4.6 14 230 M M 3 1 18 230
9 59 19 39 4 26 0 0.00 M M 6.4 14 240 M M 0 21 250
10 68 25 47 11 18 0 0.00 M M 10.1 24 290 M M 0 37 300
11 63 28 46 10 19 0 0.00 M M 6.1 16 280 M M 1 21 290
12 64 23 44 7 21 0 0.00 M M 7.4 23 310 M M 1 32 300
13 56 36 46 9 19 0 T M M 8.2 20 20 M M 9 25 30
14 44 23 34 -4 31 0 0.00 M M 10.8 24 30 M M 5 31 30
15 57 15 36 -2 29 0 0.00 M M 9.0 23 250 M M 0 37 250
16 53 23 38 0 27 0 0.00 M M 5.2 15 50 M M 0 20 40
17 44 16 30 -9 35 0 0.00 M M 8.0 17 40 M M 2 24 50
18 67 13 40 1 25 0 0.00 M M 6.0 17 260 M M 0 23 270
19 70 27 49 10 16 0 0.00 M M 7.2 22 30 M M 1 31 30
20 61 20 41 1 24 0 0.00 M M 6.7 22 180 M M 1 28 160
21 51 21 36 -4 29 0 T M M 6.5 23 10 M M 2 31 10
22 38 17 28 -12 37 0 0.01 M M 7.5 17 60 M M 8 1 22 60
23 46 27 37 -4 28 0 T M M 13.0 22 170 M M 8 32 160
24 36 20 28 -13 37 0 0.07 M M 13.9 26 10 M M 10 12 36 10
25 26 14 20 -21 45 0 T M M 18.2 25 360 M M 10 8 33 30
26 40 6 23 -19 42 0 0.00 M M 5.1 18 30 M M 4 24 30
27 55 9 32 -10 33 0 0.00 M M 5.7 21 320 M M 3 29 310
28 67 17 42 0 23 0 0.00 M M 5.8 18 270 M M 3 23 280
29 53 25 39 -3 26 0 0.00 M M 8.5 22 280 M M 2 27 280
30 51 23 37 -5 28 0 0.17 M M 4.8 14 150 M M 8 1 17 150
31 37 31 34 -9 31 0 0.25 M M 13.9 21 10 M M 10 12 27 20
================================================================================
SM 1621 679 860 0 0.65 M 279.1 M 110
================================================================================
AV 52.3 21.9 9.0 FASTST M M 4 MAX(MPH)
MISC ----> 44 280 58 280
================================================================================
NOTES:
# LAST OF SEVERAL OCCURRENCES
COLUMN 17 PEAK WIND IN M.P.H.
PRELIMINARY LOCAL CLIMATOLOGICAL DATA (WS FORM: F-6) , PAGE 2
STATION: CHADRON NEBRASKA AIRPORT
MONTH: MARCH
YEAR: 2024
LATITUDE: 42 50 N
LONGITUDE: 103 6 W
[TEMPERATURE DATA] [PRECIPITATION DATA] SYMBOLS USED IN COLUMN 16
AVERAGE MONTHLY: 37.1 TOTAL FOR MONTH: 0.65 1 = FOG OR MIST
DPTR FM NORMAL: -0.8 DPTR FM NORMAL: -0.16 2 = FOG REDUCING VISIBILITY
HIGHEST: 72 ON 2 GRTST 24HR 0.42 ON 30-31 TO 1/4 MILE OR LESS
LOWEST: 6 ON 26 3 = THUNDER
SNOW, ICE PELLETS, HAIL 4 = ICE PELLETS
TOTAL MONTH: M 5 = HAIL
GRTST 24HR M ON M 6 = FREEZING RAIN OR DRIZZLE
GRTST DEPTH: M ON M 7 = DUSTSTORM OR SANDSTORM:
VSBY 1/2 MILE OR LESS
8 = SMOKE OR HAZE
[NO. OF DAYS WITH] [WEATHER - DAYS WITH] 9 = BLOWING SNOW
X = TORNADO
MAX 32 OR BELOW: 2 0.01 INCH OR MORE: 5
MAX 90 OR ABOVE: 0 0.10 INCH OR MORE: 3
MIN 32 OR BELOW: 29 0.50 INCH OR MORE: 0
MIN 0 OR BELOW: 0 1.00 INCH OR MORE: 0
[HDD (BASE 65) ]
TOTAL THIS MO. 860 CLEAR (SCALE 0-3) 19
DPTR FM NORMAL 20 PTCLDY (SCALE 4-7) 6
TOTAL FM JUL 1 5645 CLOUDY (SCALE 8-10) 6
DPTR FM NORMAL -257
[CDD (BASE 65) ]
TOTAL THIS MO. 0
DPTR FM NORMAL 0 [PRESSURE DATA]
TOTAL FM JAN 1 0 HIGHEST SLP 30.54 ON 15
DPTR FM NORMAL 0 LOWEST SLP 29.30 ON 3
[REMARKS]
#FINAL-03-24#
PRECIPITATION VALUES ARE FROM COOP BACKUP STATION (CHADRON 3SW) FOR ALL SNOW
EVENTS (3/7, 3/22, 3/24) DUE TO ASOS ERRORS