000
CXUS52 KMLB 010622
CF6FPR
PRELIMINARY LOCAL CLIMATOLOGICAL DATA (WS FORM: F-6)
STATION: FORT PIERCE
MONTH: JULY
YEAR: 2020
LATITUDE: 27 30 N
LONGITUDE: 80 22 W
TEMPERATURE IN F: :PCPN: SNOW: WIND :SUNSHINE: SKY :PK WND
================================================================================
1 2 3 4 5 6A 6B 7 8 9 10 11 12 13 14 15 16 17 18
12Z AVG MX 2MIN
DY MAX MIN AVG DEP HDD CDD WTR SNW DPTH SPD SPD DIR MIN PSBL S-S WX SPD DR
================================================================================
1 95 73 84 3 0 19 0.46 0.0 0 4.8 26 250 M M 2 13 39 240
2 95 74 85 4 0 20 0.14 0.0 0 4.2 25 260 M M 1 13 33 280
3 96 75 86 5 0 21 T 0.0 0 4.6 16 230 M M 1 3 21 230
4 94 75 85 4 0 20 1.19 0.0 0 4.6 16 120 M M 3 13 21 170
5 93 73 83 2 0 18 0.54 0.0 0 4.0 18 130 M M 3 13 26 40
6 91 73 82 1 0 17 1.73 0.0 0 3.4 28 220 M M 2 1238 35 220
7 92 74 83 2 0 18 0.15 0.0 0 3.3 17 120 M M 1 13 20 130
8 93 75 84 3 0 19 0.05 0.0 0 4.1 25 280 M M 2 30 290
9 95 76 86 5 0 21 0.21 0.0 0 5.9 16 120 M M 3 13 20 290
10 93 77 85 4 0 20 0.48 0.0 0 6.1 18 320 M M 2 138 26 300
11 95 77 86 5 0 21 0.48 0.0 0 7.5 17 160 M M 3 13 23 260
12 86 78 82 1 0 17 0.03 0.0 0 6.9 18 150 M M 1 13 23 150
13 95 77 86 5 0 21 0.00 0.0 0 6.4 14 220 M M 2 17 240
14 93 76 85 4 0 20 0.02 0.0 0 4.1 15 300 M M 1 13 22 320
15 91 74 83 2 0 18 0.00 0.0 0 3.8 14 290 M M 1 16 290
16 90 74 82 1 0 17 T 0.0 0 5.2 15 100 M M 1 3 20 90
17 89 78 84 3 0 19 0.92 0.0 0 8.4 25 100 M M 2 138 32 90
18 88 74 81 0 0 16 0.74 0.0 0 9.3 23 130 M M 2 138 28 130
19 89 80 85 3 0 20 0.01 0.0 0 9.9 17 90 M M 3 22 90
20 88 74 81 -1 0 16 1.49 0.0 0 7.0 23 90 M M 2 1238 29 90
21 87 76 82 0 0 17 0.15 0.0 0 11.2 29 90 M M 2 1 37 100
22 89 80 85 3 0 20 T 0.0 0 11.2 22 120 M M 2 3 27 110
23 88 76 82 0 0 17 0.05 0.0 0 10.1 26 130 M M 2 13 33 130
24 89 77 83 1 0 18 0.00 0.0 0 11.4 21 110 M M 2 26 100
25 89 74 82 0 0 17 0.20 0.0 0 7.5 24 80 M M 2 18 31 90
26 88 74 81 -1 0 16 0.32 0.0 0 6.2 17 130 M M 2 13 20 130
27 91 70 81 -1 0 16 1.12 0.0 0 5.2 28 280 M M 3 13 36 280
28 89 73 81 -1 0 16 T 0.0 0 3.1 14 120 M M 1 16 120
29 90 76 83 1 0 18 0.00 0.0 0 4.1 15 100 M M 0 18 120
30 90 77 84 2 0 19 0.00 0.0 0 5.9 16 100 M M 0 20 120
31 94 79 87 5 0 22 0.00 0.0 0 7.0 17 100 M M 1 21 100
================================================================================
SM 2825 2339 0 574 10.48 0.0 196.4 M 55
================================================================================
AV 91.1 75.5 6.3 FASTST M M 2 MAX(MPH)
MISC ----> 29 90 39 240
================================================================================
NOTES:
# LAST OF SEVERAL OCCURRENCES
COLUMN 17 PEAK WIND IN M.P.H.
PRELIMINARY LOCAL CLIMATOLOGICAL DATA (WS FORM: F-6) , PAGE 2
STATION: FORT PIERCE
MONTH: JULY
YEAR: 2020
LATITUDE: 27 30 N
LONGITUDE: 80 22 W
[TEMPERATURE DATA] [PRECIPITATION DATA] SYMBOLS USED IN COLUMN 16
AVERAGE MONTHLY: 83.3 TOTAL FOR MONTH: 10.48 1 = FOG OR MIST
DPTR FM NORMAL: 1.9 DPTR FM NORMAL: 4.41 2 = FOG REDUCING VISIBILITY
HIGHEST: 96 ON 3 GRTST 24HR 1.73 ON 5- 6 TO 1/4 MILE OR LESS
LOWEST: 70 ON 27 3 = THUNDER
SNOW, ICE PELLETS, HAIL 4 = ICE PELLETS
TOTAL MONTH: 0.0 INCH 5 = HAIL
GRTST 24HR 0.0 6 = FREEZING RAIN OR DRIZZLE
GRTST DEPTH: 0 7 = DUSTSTORM OR SANDSTORM:
VSBY 1/2 MILE OR LESS
8 = SMOKE OR HAZE
[NO. OF DAYS WITH] [WEATHER - DAYS WITH] 9 = BLOWING SNOW
X = TORNADO
MAX 32 OR BELOW: 0 0.01 INCH OR MORE: 21
MAX 90 OR ABOVE: 19 0.10 INCH OR MORE: 16
MIN 32 OR BELOW: 0 0.50 INCH OR MORE: 7
MIN 0 OR BELOW: 0 1.00 INCH OR MORE: 4
[HDD (BASE 65) ]
TOTAL THIS MO. 0 CLEAR (SCALE 0-3) 29
DPTR FM NORMAL 0 PTCLDY (SCALE 4-7) 2
TOTAL FM JUL 1 0 CLOUDY (SCALE 8-10) 0
DPTR FM NORMAL 0
[CDD (BASE 65) ]
TOTAL THIS MO. 574
DPTR FM NORMAL 66 [PRESSURE DATA]
TOTAL FM JAN 1 2236 HIGHEST SLP M ON M
DPTR FM NORMAL 485 LOWEST SLP 29.86 ON 4
[REMARKS]
#FINAL-07-20#