000
CXUS53 KPAH 021155
CF6PAH
PRELIMINARY LOCAL CLIMATOLOGICAL DATA (WS FORM: F-6)
STATION: PADUCAH KY
MONTH: JANUARY
YEAR: 2021
LATITUDE: 37 4 N
LONGITUDE: 88 46 W
TEMPERATURE IN F: :PCPN: SNOW: WIND :SUNSHINE: SKY :PK WND
================================================================================
1 2 3 4 5 6A 6B 7 8 9 10 11 12 13 14 15 16 17 18
12Z AVG MX 2MIN
DY MAX MIN AVG DEP HDD CDD WTR SNW DPTH SPD SPD DIR MIN PSBL S-S WX SPD DR
================================================================================
1 56 35 46 11 19 0 0.73 0.0 0 12.2 26 230 M M 10 1 37 230
2 42 36 39 4 26 0 0.01 0.0 0 2.4 12 320 M M 10 18 16 320
3 44 28 36 1 29 0 T 0.0 0 6.4 15 250 M M 4 1 20 230
4 53 27 40 6 25 0 0.00 0.0 0 3.5 12 260 M M 2 1 16 340
5 52 29 41 7 24 0 0.00 0.0 0 4.8 18 330 M M 3 26 340
6 46 27 37 3 28 0 0.00 0.0 0 6.8 16 90 M M 0 18 20 80
7 38 34 36 2 29 0 T T 0 12.3 20 30 M M 8 25 20
8 38 34 36 2 29 0 0.00 0.0 0 9.6 16 360 M M 10 23 10
9 36 32 34 0 31 0 0.00 0.0 0 7.1 13 360 M M 10 16 10
10 32 30 31 -3 34 0 0.01 T 0 5.0 10 10 M M 10 8 13 20
11 32 25 29 -5 36 0 T T 0 5.0 12 40 M M 10 8 14 40
12 44 19 32 -2 33 0 0.00 0.0 0 5.6 13 230 M M 0 18 22 220
13 51 29 40 6 25 0 0.00 0.0 0 7.4 17 240 M M 0 18 24 230
14 56 38 47 13 18 0 0.05 0.0 0 9.5 23 250 M M 3 1 32 290
15 45 33 39 5 26 0 0.02 0.3 T 12.7 30 250 M M 6 18 39 240
16 41 34 38 4 27 0 0.02 0.2 T 9.6 18 260 M M 10 1 25 260
17 45 33 39 5 26 0 T T 0 8.7 20 260 M M 9 32 280
18 50 28 39 5 26 0 0.00 T 0 5.9 17 250 M M 6 25 240
19 51 35 43 9 22 0 0.00 0.0 0 5.8 13 320 M M 2 22 270
20 46 28 37 3 28 0 0.09 0.0 0 5.7 15 230 M M 2 1 23 240
21 51 34 43 9 22 0 0.05 0.0 0 5.1 13 220 M M 4 1 19 220
22 47 27 37 2 28 0 0.00 0.0 0 9.0 17 10 M M 0 1 24 10
23 44 24 34 -1 31 0 0.00 0.0 0 8.2 15 90 M M 4 21 90
24 45 39 42 7 23 0 0.13 0.0 0 3.1 15 170 M M 10 12 18 170
25 46 41 44 9 21 0 3.15 0.0 0 9.0 23 80 M M 10 123 30 350
26 53 36 45 10 20 0 0.00 0.0 0 9.6 16 260 M M 9 12 23 270
27 36 30 33 -2 32 0 0.10 0.7 0 10.8 18 350 M M 10 12 25 350
28 38 24 31 -4 34 0 T T 0 6.1 17 360 M M 5 23 360
29 46 22 34 -1 31 0 0.00 0.0 0 5.3 13 140 M M 0 18 160
30 50 36 43 7 22 0 0.54 0.0 0 11.0 26 140 M M 9 1 34 130
31 56 36 46 10 19 0 0.08 0.0 0 13.8 26 250 M M 9 1 42 240
================================================================================
SM 1410 963 824 0 4.98 1.2 237.0 M 185
================================================================================
AV 45.5 31.1 7.6 FASTST M M 6 MAX(MPH)
MISC ----> 30 250 42 240
================================================================================
NOTES:
# LAST OF SEVERAL OCCURRENCES
COLUMN 17 PEAK WIND IN M.P.H.
PRELIMINARY LOCAL CLIMATOLOGICAL DATA (WS FORM: F-6) , PAGE 2
STATION: PADUCAH KY
MONTH: JANUARY
YEAR: 2021
LATITUDE: 37 4 N
LONGITUDE: 88 46 W
[TEMPERATURE DATA] [PRECIPITATION DATA] SYMBOLS USED IN COLUMN 16
AVERAGE MONTHLY: 38.3 TOTAL FOR MONTH: 4.98 1 = FOG OR MIST
DPTR FM NORMAL: 3.7 DPTR FM NORMAL: 1.30 2 = FOG REDUCING VISIBILITY
HIGHEST: 56 ON 31,14 GRTST 24HR 3.15 ON 25-25 TO 1/4 MILE OR LESS
LOWEST: 19 ON 12 3 = THUNDER
SNOW, ICE PELLETS, HAIL 4 = ICE PELLETS
TOTAL MONTH: 1.2 INCHES 5 = HAIL
GRTST 24HR 0.7 ON 27-27 6 = FREEZING RAIN OR DRIZZLE
GRTST DEPTH: T 7 = DUSTSTORM OR SANDSTORM:
VSBY 1/2 MILE OR LESS
8 = SMOKE OR HAZE
[NO. OF DAYS WITH] [WEATHER - DAYS WITH] 9 = BLOWING SNOW
X = TORNADO
MAX 32 OR BELOW: 2 0.01 INCH OR MORE: 13
MAX 90 OR ABOVE: 0 0.10 INCH OR MORE: 5
MIN 32 OR BELOW: 16 0.50 INCH OR MORE: 3
MIN 0 OR BELOW: 0 1.00 INCH OR MORE: 1
[HDD (BASE 65) ]
TOTAL THIS MO. 824 CLEAR (SCALE 0-3) 9
DPTR FM NORMAL -118 PTCLDY (SCALE 4-7) 7
TOTAL FM JUL 1 2254 CLOUDY (SCALE 8-10) 15
DPTR FM NORMAL -323
[CDD (BASE 65) ]
TOTAL THIS MO. 0
DPTR FM NORMAL 0 [PRESSURE DATA]
TOTAL FM JAN 1 0 HIGHEST SLP 30.70 ON 28
DPTR FM NORMAL 0 LOWEST SLP 29.56 ON 25
[REMARKS]
#FINAL-01-21#