000
CXUS53 KLSX 011400
CF6SET
PRELIMINARY LOCAL CLIMATOLOGICAL DATA (WS FORM: F-6)
STATION: ST_CHARLES MO
MONTH: OCTOBER
YEAR: 2023
LATITUDE: 38 55 N
LONGITUDE: 90 26 W
TEMPERATURE IN F: :PCPN: SNOW: WIND :SUNSHINE: SKY :PK WND
================================================================================
1 2 3 4 5 6A 6B 7 8 9 10 11 12 13 14 15 16 17 18
12Z AVG MX 2MIN
DY MAX MIN AVG DEP HDD CDD WTR SNW DPTH SPD SPD DIR MIN PSBL S-S WX SPD DR
================================================================================
1 87 58 73 9 0 8 0.00 0.0 0 5.4 16 150 M M 0 1 22 150
2 87 56 72 9 0 7 0.00 0.0 0 3.3 12 130 M M 0 12 16 120
3 89 59 74 11 0 9 0.00 0.0 0 7.3 21 160 M M 1 26 160
4 76 63 70 8 0 5 0.03 0.0 0 5.3 17 200 M M 4 8 22 190
5 76 59 68 6 0 3 0.64 0.0 0 5.4 13 250 M M 6 1 17 250
6 68 44 56 -6 9 0 0.00 0.0 0 10.1 24 290 M M 1 32 280
7 64 40 52 -9 13 0 0.00 0.0 0 7.9 17 330 M M 1 8 24 300
8 71 39 55 -6 10 0 0.00 0.0 0 5.9 16 230 M M 4 23 200
9 67 41 54 -6 11 0 0.00 0.0 0 4.6 18 290 M M 2 1 24 290
10 69 35 52 -8 13 0 0.00 0.0 0 3.4 14 230 M M 1 12 19 240
11 81 47 64 4 1 0 0.08 0.0 0 6.8 17 150 M M 3 18 22 170
12 80 50 65 6 0 0 0.00 0.0 0 10.5 26 170 M M 0 1 35 190
13 70 56 63 4 2 0 0.30 0.0 0 10.5 21 270 M M 6 13 31 270
14 57 52 55 -3 10 0 T 0.0 0 13.7 23 280 M M 10 1 30 270
15 60 46 53 -5 12 0 T 0.0 0 11.0 20 300 M M 7 27 10
16 64 39 52 -6 13 0 0.00 0.0 0 7.9 15 320 M M 0 1 20 300
17 68 35 52 -5 13 0 0.00 0.0 0 2.5 12 250 M M 3 128 16 230
18 77 39 58 1 7 0 0.01 0.0 0 8.4 22 190 M M 2 128 29 200
19 65 47 56 0 9 0 0.00 0.0 0 6.9 20 280 M M 7 1 27 290
20 72 43 58 2 7 0 0.00 0.0 0 6.9 22 320 M M 2 12 28 310
21 78 41 60 4 5 0 0.00 0.0 0 8.8 24 320 M M 1 12 34 320
22 66 36 51 -4 14 0 0.00 0.0 0 4.6 10 100 M M 0 13 20
23 81 43 62 7 3 0 0.00 0.0 0 10.4 18 170 M M 0 28 190
24 76 52 64 10 1 0 0.00 0.0 0 8.3 17 160 M M 2 21 110
25 80 61 71 17 0 6 0.10 0.0 0 10.1 22 210 M M 8 18 31 200
26 76 59 68 15 0 3 0.05 0.0 0 7.9 23 200 M M 5 32 190
27 83 47 65 12 0 0 0.19 0.0 0 9.2 31 300 M M 8 13 39 300
28 47 40 44 -9 21 0 0.72 0.0 0 8.8 15 360 M M 10 18 20 360
29 46 37 42 -10 23 0 0.26 0.0 0 10.5 17 340 M M 10 1 24 330
30 45 28 37 -15 28 0 0.00 0.0 0 8.8 17 320 M M 3 24 320
31 43 23 33 -18 32 0 0.00 0.0 0 12.9 26 300 M M 2 35 290
================================================================================
SM 2169 1415 257 41 2.38 0.0 244.0 M 109
================================================================================
AV 70.0 45.6 7.9 FASTST M M 4 MAX(MPH)
MISC ----> 31 300 39 300
================================================================================
NOTES:
# LAST OF SEVERAL OCCURRENCES
COLUMN 17 PEAK WIND IN M.P.H.
PRELIMINARY LOCAL CLIMATOLOGICAL DATA (WS FORM: F-6) , PAGE 2
STATION: ST_CHARLES MO
MONTH: OCTOBER
YEAR: 2023
LATITUDE: 38 55 N
LONGITUDE: 90 26 W
[TEMPERATURE DATA] [PRECIPITATION DATA] SYMBOLS USED IN COLUMN 16
AVERAGE MONTHLY: 57.8 TOTAL FOR MONTH: 2.38 1 = FOG OR MIST
DPTR FM NORMAL: 0.3 DPTR FM NORMAL: -0.28 2 = FOG REDUCING VISIBILITY
HIGHEST: 89 ON 3 GRTST 24HR 0.90 ON 28-29 TO 1/4 MILE OR LESS
LOWEST: 23 ON 31 3 = THUNDER
SNOW, ICE PELLETS, HAIL 4 = ICE PELLETS
TOTAL MONTH: 0.0 INCH 5 = HAIL
GRTST 24HR 0.0 6 = FREEZING RAIN OR DRIZZLE
GRTST DEPTH: 0 7 = DUSTSTORM OR SANDSTORM:
VSBY 1/2 MILE OR LESS
8 = SMOKE OR HAZE
[NO. OF DAYS WITH] [WEATHER - DAYS WITH] 9 = BLOWING SNOW
X = TORNADO
MAX 32 OR BELOW: 0 0.01 INCH OR MORE: 10
MAX 90 OR ABOVE: 0 0.10 INCH OR MORE: 6
MIN 32 OR BELOW: 2 0.50 INCH OR MORE: 2
MIN 0 OR BELOW: 0 1.00 INCH OR MORE: 0
[HDD (BASE 65) ]
TOTAL THIS MO. 257 CLEAR (SCALE 0-3) 18
DPTR FM NORMAL -8 PTCLDY (SCALE 4-7) 10
TOTAL FM JUL 1 261 CLOUDY (SCALE 8-10) 3
DPTR FM NORMAL -46
[CDD (BASE 65) ]
TOTAL THIS MO. 41
DPTR FM NORMAL 7 [PRESSURE DATA]
TOTAL FM JAN 1 1416 HIGHEST SLP 30.43 ON 31
DPTR FM NORMAL -49 LOWEST SLP 29.63 ON 13
[REMARKS]
#FINAL-10-23#