000
CXUS54 KOUN 010910
CF6HBR
PRELIMINARY LOCAL CLIMATOLOGICAL DATA (WS FORM: F-6)
STATION: HOBART
MONTH: FEBRUARY
YEAR: 2023
LATITUDE: 35 0 N
LONGITUDE: 99 3 W
TEMPERATURE IN F: :PCPN: SNOW: WIND :SUNSHINE: SKY :PK WND
================================================================================
1 2 3 4 5 6A 6B 7 8 9 10 11 12 13 14 15 16 17 18
12Z AVG MX 2MIN
DY MAX MIN AVG DEP HDD CDD WTR SNW DPTH SPD SPD DIR MIN PSBL S-S WX SPD DR
================================================================================
1 33 19 26 -15 39 0 0.10 M M 4.6 14 200 M M 3 16 16 190
2 52 28 40 -1 25 0 0.01 M M 8.3 17 30 M M 4 16 21 350
3 50 22 36 -5 29 0 0.00 M M 11.4 23 220 M M 0 29 210
4 62 33 48 7 17 0 0.00 M M 18.2 33 210 M M 0 40 220
5 65 27 46 5 19 0 0.00 M M 9.3 21 140 M M 0 1 26 140
6 71 44 58 16 7 0 0.00 M M 17.3 31 40 M M 2 37 10
7 50 41 46 4 19 0 0.02 M M 15.5 29 60 M M 9 36 50
8 43 30 37 -5 28 0 0.25 M M 12.0 23 360 M M 9 27 300
9 55 28 42 0 23 0 T M M 15.8 30 20 M M 2 36 20
10 47 22 35 -7 30 0 0.07 M M 13.9 26 10 M M 2 1 32 20
11 52 18 35 -7 30 0 0.00 M M 8.8 15 190 M M 0 28 19 220
12 67 27 47 4 18 0 0.00 M M 15.0 28 210 M M 0 8 35 220
13 64 29 47 4 18 0 0.00 M M 10.8 22 160 M M 0 3 26 170
14 66 39 53 10 12 0 0.22 M M 18.3 46 280 M M 7 138 60 280
15 60 34 47 4 18 0 0.00 M M 17.1 32 350 M M 1 18 38 360
16 41 21 31 -13 34 0 0.00 M M 17.5 30 10 M M 1 37 340
17 51 15 33 -11 32 0 0.00 M M 10.4 21 240 M M 0 26 220
18 48 26 37 -7 28 0 T M M 16.9 31 190 M M 2 36 190
19 69 36 53 9 12 0 0.00 M M 17.3 24 220 M M 0 31 230
20 72 47 60 16 5 0 0.00 0.0 M 11.7 21 220 M M 0 27 220
21 82 41 62 17 3 0 0.00 0.0 M 14.5 36 210 M M 0 45 210
22 75 35 55 10 10 0 0.06 0.0 M 22.0 36 250 M M 3 8 45 240
23 40 20 30 -15 35 0 0.00 M M 15.3 24 30 M M 0 31 10
24 30 24 27 -19 38 0 0.00 M M 13.7 25 50 M M 8 29 40
25 43 28 36 -10 29 0 0.00 M M 6.7 18 180 M M 10 18 23 210
26 67 41 54 8 11 0 0.06 M M 22.2 56 230 M M 8 138 72 240
27 71 38 55 9 10 0 0.00 M M 16.0 39 250 M M 0 8 48 250
28 78 39 59 12 6 0 0.00 M M 15.4 31 230 M M 0 40 220
================================================================================
SM 1604 852 585 0 0.79 0.0 395.9 M 71
================================================================================
AV 57.3 30.4 14.1 FASTST M M 3 MAX(MPH)
MISC ----> 56 230 72 240
================================================================================
NOTES:
# LAST OF SEVERAL OCCURRENCES
COLUMN 17 PEAK WIND IN M.P.H.
PRELIMINARY LOCAL CLIMATOLOGICAL DATA (WS FORM: F-6) , PAGE 2
STATION: HOBART
MONTH: FEBRUARY
YEAR: 2023
LATITUDE: 35 0 N
LONGITUDE: 99 3 W
[TEMPERATURE DATA] [PRECIPITATION DATA] SYMBOLS USED IN COLUMN 16
AVERAGE MONTHLY: 43.9 TOTAL FOR MONTH: 0.79 1 = FOG OR MIST
DPTR FM NORMAL: 0.5 DPTR FM NORMAL: -0.19 2 = FOG REDUCING VISIBILITY
HIGHEST: 82 ON 21 GRTST 24HR 0.25 ON 8- 8 TO 1/4 MILE OR LESS
LOWEST: 15 ON 17 3 = THUNDER
SNOW, ICE PELLETS, HAIL 4 = ICE PELLETS
TOTAL MONTH: 0.0 INCH 5 = HAIL
GRTST 24HR 0.0 6 = FREEZING RAIN OR DRIZZLE
GRTST DEPTH: M ON M 7 = DUSTSTORM OR SANDSTORM:
VSBY 1/2 MILE OR LESS
8 = SMOKE OR HAZE
[NO. OF DAYS WITH] [WEATHER - DAYS WITH] 9 = BLOWING SNOW
X = TORNADO
MAX 32 OR BELOW: 1 0.01 INCH OR MORE: 8
MAX 90 OR ABOVE: 0 0.10 INCH OR MORE: 3
MIN 32 OR BELOW: 16 0.50 INCH OR MORE: 0
MIN 0 OR BELOW: 0 1.00 INCH OR MORE: 0
[HDD (BASE 65) ]
TOTAL THIS MO. 585 CLEAR (SCALE 0-3) 21
DPTR FM NORMAL -21 PTCLDY (SCALE 4-7) 4
TOTAL FM JUL 1 2672 CLOUDY (SCALE 8-10) 3
DPTR FM NORMAL -87
[CDD (BASE 65) ]
TOTAL THIS MO. 0
DPTR FM NORMAL -1 [PRESSURE DATA]
TOTAL FM JAN 1 0 HIGHEST SLP 30.63 ON 3
DPTR FM NORMAL 0 LOWEST SLP 29.20 ON 26
[REMARKS]
#FINAL-02-23#