000
CXUS51 KAKQ 010810
CF6AKQ
PRELIMINARY LOCAL CLIMATOLOGICAL DATA (WS FORM: F-6)
STATION: WAKEFIELD
MONTH: DECEMBER
YEAR: 2022
LATITUDE: 36 58 N
LONGITUDE: 77 0 W
TEMPERATURE IN F: :PCPN: SNOW: WIND :SUNSHINE: SKY :PK WND
================================================================================
1 2 3 4 5 6A 6B 7 8 9 10 11 12 13 14 15 16 17 18
12Z AVG MX 2MIN
DY MAX MIN AVG DEP HDD CDD WTR SNW DPTH SPD SPD DIR MIN PSBL S-S WX SPD DR
================================================================================
1 50 26 38 -8 27 0 0.00 0.0 0 4.9 9 330 M M 0 M M
2 56 23 40 -6 25 0 0.00 0.0 0 2.6 8 210 M M 0 M M
3 61 47 54 8 11 0 0.30 0.0 0 4.9 12 210 M M 5 1 18 210
4 55 28 42 -4 23 0 0.00 0.0 0 2.5 6 40 M M 0 M M
5 52 24 38 -7 27 0 0.00 0.0 0 2.2 6 60 M M 1 1 M M
6 64 42 53 8 12 0 0.01 0.0 0 0.9 6 99 M M 9 M M
7 64 60 62 17 3 0 0.12 0.0 0 4.3 7 230 M M 10 1 M M
8 63 49 56 11 9 0 T 0.0 0 2.5 10 20 M M 6 1 17 40
9 53 36 45 1 20 0 0.01 0.0 0 2.7 8 50 M M 5 13 20
10 47 34 41 -3 24 0 0.00 0.0 0 2.2 7 340 M M 9 9 290
11 55 37 46 2 19 0 T 0.0 0 1.4 7 230 M M 7 9 260
12 48 33 41 -3 24 0 0.00 0.0 0 5.4 7 99 M M 6 M M
13 42 26 34 -10 31 0 0.00 0.0 0 1.5 8 290 M M 7 12 250
14 45 23 34 -9 31 0 0.00 0.0 0 0.5 6 260 M M 3 9 280
15 59 37 48 5 17 0 1.67 M M 5.3 12 90 M M 10 1 18 90
16 55 32 44 1 21 0 0.00 M M 4.8 10 240 M M 2 1 20 270
17 50 29 40 -3 25 0 0.00 M M 3.2 10 200 M M 0 1 M M
18 48 26 37 -6 28 0 0.00 0.0 0 3.3 9 280 M M 1 17 270
19 45 23 34 -8 31 0 0.00 M M 1.5 6 240 M M 0 M M
20 42 22 32 -10 33 0 0.00 M M 1.2 7 330 M M 0 M M
21 48 23 36 -6 29 0 0.00 M M 1.5 6 99 M M 3 M M
22 59 38 49 7 16 0 0.93 0.0 0 6.5 17 250 M M 10 1 28 250
23 52 16 34 -8 31 0 0.02 0.0 0 14.1 24 250 M M 5 1 41 270
24 25 9 17 -25 48 0 0.00 0.0 0 9.9 15 260 M M 0 25 240
25 37 18 28 -13 37 0 0.00 0.0 0 5.5 10 270 M M 0 17 250
26 39 11 25 -16 40 0 0.00 0.0 0 0.7 5 230 M M 0 M M
27 49 20 35 -6 30 0 0.00 0.0 0 0.8 5 99 M M 3 M M
28 53 21 37 -4 28 0 0.00 0.0 0 1.1 7 230 M M 0 M M
29 62 25 44 3 21 0 0.00 0.0 0 2.3 10 230 M M 0 M M
30 70 31 51 10 14 0 0.00 0.0 0 1.8 8 180 M M 2 1 M M
31 63 46 55 14 10 0 0.89 0.0 0 1.8 10 260 M M 9 12 18 260
================================================================================
SM 1611 915 745 0 3.95 0.0 103.8 M 113
================================================================================
AV 52.0 29.5 3.3 FASTST M M 4 MAX(MPH)
MISC ----> 24 250 41 270
================================================================================
NOTES:
# LAST OF SEVERAL OCCURRENCES
COLUMN 17 PEAK WIND IN M.P.H.
PRELIMINARY LOCAL CLIMATOLOGICAL DATA (WS FORM: F-6) , PAGE 2
STATION: WAKEFIELD
MONTH: DECEMBER
YEAR: 2022
LATITUDE: 36 58 N
LONGITUDE: 77 0 W
[TEMPERATURE DATA] [PRECIPITATION DATA] SYMBOLS USED IN COLUMN 16
AVERAGE MONTHLY: 40.7 TOTAL FOR MONTH: 3.95 1 = FOG OR MIST
DPTR FM NORMAL: -2.4 DPTR FM NORMAL: 0.41 2 = FOG REDUCING VISIBILITY
HIGHEST: 70 ON 30 GRTST 24HR 1.67 ON 15-15 TO 1/4 MILE OR LESS
LOWEST: 9 ON 24 3 = THUNDER
SNOW, ICE PELLETS, HAIL 4 = ICE PELLETS
TOTAL MONTH: 0.0 INCH 5 = HAIL
GRTST 24HR 0.0 6 = FREEZING RAIN OR DRIZZLE
GRTST DEPTH: 0 7 = DUSTSTORM OR SANDSTORM:
VSBY 1/2 MILE OR LESS
8 = SMOKE OR HAZE
[NO. OF DAYS WITH] [WEATHER - DAYS WITH] 9 = BLOWING SNOW
X = TORNADO
MAX 32 OR BELOW: 1 0.01 INCH OR MORE: 8
MAX 90 OR ABOVE: 0 0.10 INCH OR MORE: 5
MIN 32 OR BELOW: 20 0.50 INCH OR MORE: 3
MIN 0 OR BELOW: 0 1.00 INCH OR MORE: 1
[HDD (BASE 65) ]
TOTAL THIS MO. 745 CLEAR (SCALE 0-3) 17
DPTR FM NORMAL 65 PTCLDY (SCALE 4-7) 8
TOTAL FM JUL 1 1413 CLOUDY (SCALE 8-10) 6
DPTR FM NORMAL 81
[CDD (BASE 65) ]
TOTAL THIS MO. 0
DPTR FM NORMAL -2 [PRESSURE DATA]
TOTAL FM JAN 1 1660 HIGHEST SLP M ON M
DPTR FM NORMAL 68 LOWEST SLP M ON M
[REMARKS]
#FINAL-12-22#