000
CXUS51 KAKQ 010833
CF6AKQ
PRELIMINARY LOCAL CLIMATOLOGICAL DATA (WS FORM: F-6)
STATION: WAKEFIELD
MONTH: JUNE
YEAR: 2020
LATITUDE: 36 58 N
LONGITUDE: 77 0 W
TEMPERATURE IN F: :PCPN: SNOW: WIND :SUNSHINE: SKY :PK WND
================================================================================
1 2 3 4 5 6A 6B 7 8 9 10 11 12 13 14 15 16 17 18
12Z AVG MX 2MIN
DY MAX MIN AVG DEP HDD CDD WTR SNW DPTH SPD SPD DIR MIN PSBL S-S WX SPD DR
================================================================================
1 76 55 66 -6 0 1 0.00 0.0 0 3.3 10 260 M M 2 17 20
2 84 56 70 -2 0 5 0.00 0.0 0 5.9 13 250 M M 2 18 230
3 94 69 82 10 0 17 0.00 0.0 0 7.8 17 220 M M 0 26 210
4 94 73 84 12 0 19 0.00 0.0 0 5.1 13 230 M M 0 18 19 230
5 87 71 79 6 0 14 0.01 0.0 0 4.6 16 220 M M 3 18 27 240
6 91 69 80 7 0 15 1.41 0.0 0 3.7 13 60 M M 5 13 20 40
7 86 62 74 1 0 9 T 0.0 0 2.9 9 330 M M 1 123 16 350
8 88 58 73 -1 0 8 0.00 0.0 0 1.2 8 230 M M 2 1 12 310
9 91 65 78 4 0 13 0.00 0.0 0 2.7 9 230 M M 0 18 13 200
10 90 73 82 8 0 17 0.00 0.0 0 6.9 15 180 M M 5 8 24 160
11 83 74 79 4 0 14 0.08 0.0 0 6.0 12 190 M M 10 1 17 200
12 85 64 75 0 0 10 1.13 0.0 0 2.3 9 360 M M 4 13 15 40
13 81 59 70 -5 0 5 0.00 0.0 0 4.6 13 340 M M 0 1 17 30
14 77 55 66 -9 0 1 T 0.0 0 4.5 13 80 M M 2 20 90
15 66 60 63 -13 2 0 0.80 0.0 0 3.6 8 50 M M 10 1 13 360
16 64 59 62 -14 3 0 0.68 0.0 0 6.1 12 50 M M 10 1 22 40
17 77 64 71 -5 0 6 0.14 0.0 0 5.7 12 50 M M 7 1 19 40
18 81 64 73 -3 0 8 0.00 0.0 0 2.1 7 240 M M 6 1 10 210
19 84 66 75 -2 0 10 0.03 0.0 0 1.7 10 170 M M 3 13 17 190
20 82 66 74 -3 0 9 0.01 0.0 0 1.4 9 310 M M 3 13 15 100
21 87 64 76 -1 0 11 0.00 0.0 0 1.6 9 310 M M 5 12 13 270
22 91 67 79 2 0 14 0.59 0.0 0 2.4 22 250 M M 1 13 31 250
23 90 67 79 1 0 14 0.00 0.0 0 5.9 15 230 M M 1 1 21 230
24 89 69 79 1 0 14 0.00 0.0 0 3.5 10 280 M M 2 1 16 270
25 81 64 73 -5 0 8 0.49 0.0 0 2.5 17 330 M M 4 138 27 340
26 89 63 76 -2 0 11 0.00 0.0 0 2.6 12 260 M M 1 13 16 270
27 92 69 81 3 0 16 0.00 0.0 0 5.1 15 240 M M 0 23 260
28 90 71 81 3 0 16 T 0.0 0 3.6 15 330 M M 2 138 24 350
29 91 69 80 1 0 15 0.00 0.0 0 3.3 9 330 M M 1 1 14 350
30 92 66 79 0 0 14 0.01 0.0 0 1.4 9 100 M M 2 18 14 90
================================================================================
SM 2553 1951 5 314 5.38 0.0 114.0 M 94
================================================================================
AV 85.1 65.0 3.8 FASTST M M 3 MAX(MPH)
MISC ----> # 22 250 # 31 250
================================================================================
NOTES:
# LAST OF SEVERAL OCCURRENCES
COLUMN 17 PEAK WIND IN M.P.H.
PRELIMINARY LOCAL CLIMATOLOGICAL DATA (WS FORM: F-6) , PAGE 2
STATION: WAKEFIELD
MONTH: JUNE
YEAR: 2020
LATITUDE: 36 58 N
LONGITUDE: 77 0 W
[TEMPERATURE DATA] [PRECIPITATION DATA] SYMBOLS USED IN COLUMN 16
AVERAGE MONTHLY: 75.1 TOTAL FOR MONTH: 5.38 1 = FOG OR MIST
DPTR FM NORMAL: 0.9 DPTR FM NORMAL: 1.39 2 = FOG REDUCING VISIBILITY
HIGHEST: 94 ON 4, 3 GRTST 24HR 1.41 ON 6- 6 TO 1/4 MILE OR LESS
LOWEST: 55 ON 14, 1 3 = THUNDER
SNOW, ICE PELLETS, HAIL 4 = ICE PELLETS
TOTAL MONTH: 0.0 INCH 5 = HAIL
GRTST 24HR 0.0 6 = FREEZING RAIN OR DRIZZLE
GRTST DEPTH: 0 7 = DUSTSTORM OR SANDSTORM:
VSBY 1/2 MILE OR LESS
8 = SMOKE OR HAZE
[NO. OF DAYS WITH] [WEATHER - DAYS WITH] 9 = BLOWING SNOW
X = TORNADO
MAX 32 OR BELOW: 0 0.01 INCH OR MORE: 12
MAX 90 OR ABOVE: 11 0.10 INCH OR MORE: 7
MIN 32 OR BELOW: 0 0.50 INCH OR MORE: 5
MIN 0 OR BELOW: 0 1.00 INCH OR MORE: 2
[HDD (BASE 65) ]
TOTAL THIS MO. 5 CLEAR (SCALE 0-3) 20
DPTR FM NORMAL 5 PTCLDY (SCALE 4-7) 7
TOTAL FM JUL 1 3086 CLOUDY (SCALE 8-10) 3
DPTR FM NORMAL -403
[CDD (BASE 65) ]
TOTAL THIS MO. 314
DPTR FM NORMAL -5 [PRESSURE DATA]
TOTAL FM JAN 1 466 HIGHEST SLP 30.33 ON 1
DPTR FM NORMAL -32 LOWEST SLP 29.72 ON 23
[REMARKS]
#FINAL-06-20#