000
CXUS51 KAKQ 030245
CF6AKQ
PRELIMINARY LOCAL CLIMATOLOGICAL DATA (WS FORM: F-6)
STATION: WAKEFIELD
MONTH: DECEMBER
YEAR: 2020
LATITUDE: 36 58 N
LONGITUDE: 77 0 W
TEMPERATURE IN F: :PCPN: SNOW: WIND :SUNSHINE: SKY :PK WND
================================================================================
1 2 3 4 5 6A 6B 7 8 9 10 11 12 13 14 15 16 17 18
12Z AVG MX 2MIN
DY MAX MIN AVG DEP HDD CDD WTR SNW DPTH SPD SPD DIR MIN PSBL S-S WX SPD DR
================================================================================
1 50 35 43 -4 22 0 0.00 0.0 0 10.0 18 260 M M 3 28 260
2 51 31 41 -6 24 0 0.00 0.0 0 5.1 12 260 M M 0 18 290
3 58 26 42 -5 23 0 0.00 0.0 0 2.0 8 180 M M 0 13 200
4 63 43 53 7 12 0 0.29 0.0 0 4.4 10 210 M M 5 1 17 210
5 62 34 48 2 17 0 0.76 0.0 0 5.0 12 340 M M 6 1 31 360
6 51 30 41 -5 24 0 0.00 0.0 0 1.5 8 330 M M 1 M M
7 38 33 36 -9 29 0 0.20 T 0 3.6 7 340 M M 7 1 14 340
8 48 27 38 -7 27 0 0.00 0.0 0 3.9 12 300 M M 0 18 330
9 50 25 38 -7 27 0 0.00 0.0 0 3.7 12 220 M M 1 18 220
10 57 28 43 -1 22 0 0.00 0.0 0 0.5 5 220 M M 0 1 M M
11 65 32 49 5 16 0 0.00 0.0 0 1.2 7 99 M M 0 1 M M
12 66 45 56 12 9 0 0.00 0.0 0 3.1 8 210 M M 2 12 16 190
13 69 48 59 15 6 0 0.12 0.0 0 3.5 8 260 M M 5 12 M M
14 54 32 43 0 22 0 1.08 0.0 0 5.3 16 350 M M 8 1 25 350
15 45 28 37 -6 28 0 0.00 0.0 0 2.3 5 350 M M 0 M M
16 44 28 36 -7 29 0 0.86 0.0 0 M M M M M M M M
17 46 34 40 -2 25 0 0.00 0.0 0 3.9 9 260 M M 6 1 M M
18 43 30 37 -5 28 0 0.00 0.0 0 2.7 7 350 M M 9 M M
19 44 26 35 -7 30 0 0.00 0.0 0 1.0 7 240 M M 0 M M
20 44 30 37 -5 28 0 0.41 0.0 0 0.8 6 330 M M 7 1 M M
21 46 39 43 1 22 0 0.00 0.0 0 3.8 7 210 M M 8 1 M M
22 55 30 43 2 22 0 0.00 0.0 0 5.8 14 290 M M 0 24 310
23 52 26 39 -2 26 0 0.00 0.0 0 1.6 8 220 M M 1 M M
24 69 43 56 15 9 0 2.17 0.0 0 7.0 23 260 M M 6 1 41 250
25 61 26 44 3 21 0 0.07 0.0 0 10.4 17 250 M M 5 1 30 280
26 39 22 31 -10 34 0 0.00 0.0 0 5.3 10 270 M M 0 17 270
27 47 22 35 -5 30 0 0.00 0.0 0 1.2 6 80 M M 0 M M
28 58 28 43 3 22 0 0.00 0.0 0 3.3 10 220 M M 1 21 210
29 49 26 38 -2 27 0 0.00 0.0 0 2.6 7 99 M M 0 M M
30 53 24 39 -1 26 0 T 0.0 0 1.7 7 230 M M 4 M M
31 58 44 51 11 14 0 0.30 0.0 0 4.0 10 60 M M 10 1 M M
================================================================================
SM 1635 975 701 0 6.26 T 110.2 M 95
================================================================================
AV 52.7 31.5 3.7 FASTST M M 3 MAX(MPH)
MISC ----> 23 260 41 250
================================================================================
NOTES:
# LAST OF SEVERAL OCCURRENCES
COLUMN 17 PEAK WIND IN M.P.H.
PRELIMINARY LOCAL CLIMATOLOGICAL DATA (WS FORM: F-6) , PAGE 2
STATION: WAKEFIELD
MONTH: DECEMBER
YEAR: 2020
LATITUDE: 36 58 N
LONGITUDE: 77 0 W
[TEMPERATURE DATA] [PRECIPITATION DATA] SYMBOLS USED IN COLUMN 16
AVERAGE MONTHLY: 42.1 TOTAL FOR MONTH: 6.26 1 = FOG OR MIST
DPTR FM NORMAL: 1.2 DPTR FM NORMAL: 2.80 2 = FOG REDUCING VISIBILITY
HIGHEST: 69 ON 24,13 GRTST 24HR 2.17 ON 24-24 TO 1/4 MILE OR LESS
LOWEST: 22 ON 27,26 3 = THUNDER
SNOW, ICE PELLETS, HAIL 4 = ICE PELLETS
TOTAL MONTH: T 5 = HAIL
GRTST 24HR T ON 7- 7 6 = FREEZING RAIN OR DRIZZLE
GRTST DEPTH: 0 7 = DUSTSTORM OR SANDSTORM:
VSBY 1/2 MILE OR LESS
8 = SMOKE OR HAZE
[NO. OF DAYS WITH] [WEATHER - DAYS WITH] 9 = BLOWING SNOW
X = TORNADO
MAX 32 OR BELOW: 0 0.01 INCH OR MORE: 10
MAX 90 OR ABOVE: 0 0.10 INCH OR MORE: 9
MIN 32 OR BELOW: 21 0.50 INCH OR MORE: 4
MIN 0 OR BELOW: 0 1.00 INCH OR MORE: 2
[HDD (BASE 65) ]
TOTAL THIS MO. 701 CLEAR (SCALE 0-3) 16
DPTR FM NORMAL 15 PTCLDY (SCALE 4-7) 11
TOTAL FM JUL 1 1129 CLOUDY (SCALE 8-10) 4
DPTR FM NORMAL -175
[CDD (BASE 65) ]
TOTAL THIS MO. 0
DPTR FM NORMAL 0 [PRESSURE DATA]
TOTAL FM JAN 1 1740 HIGHEST SLP M ON M
DPTR FM NORMAL 130 LOWEST SLP M ON M
[REMARKS]
#FINAL-12-20#