000
CXUS54 KEWX 011010
CF6AQO
PRELIMINARY LOCAL CLIMATOLOGICAL DATA (WS FORM: F-6)
STATION: LLANO MUNICIPAL AIRPORT
MONTH: MAY
YEAR: 2021
LATITUDE: 30 47 N
LONGITUDE: 98 40 W
TEMPERATURE IN F: :PCPN: SNOW: WIND :SUNSHINE: SKY :PK WND
================================================================================
1 2 3 4 5 6A 6B 7 8 9 10 11 12 13 14 15 16 17 18
12Z AVG MX 2MIN
DY MAX MIN AVG DEP HDD CDD WTR SNW DPTH SPD SPD DIR MIN PSBL S-S WX SPD DR
================================================================================
1 68 63 66 M 0 1 2.03 M M 3.9 13 360 M M 9 13 31 350
2 90 55 73 M 0 8 0.00 M M 5.6 14 210 M M 2 1 23 190
3 95 63 79 M 0 14 0.00 M M 5.9 16 40 M M 2 13 18 190
4 77 63 70 M 0 5 0.00 M M 10.3 18 330 M M 3 24 350
5 81 54 68 M 0 3 0.00 M M 4.0 8 110 M M 1 17 99
6 86 52 69 M 0 4 0.00 M M 3.3 8 110 M M 1 15 90
7 84 57 71 M 0 6 0.00 M M 5.9 13 170 M M 1 18 150
8 88 63 76 M 0 11 0.00 M M 10.8 20 180 M M 5 28 190
9 90 72 81 M 0 16 0.04 M M 7.4 15 180 M M 6 22 180
10 75 59 67 M 0 2 0.00 M M 8.5 13 50 M M 10 16 50
11 68 59 64 M 1 0 0.51 M M 6.0 16 330 M M 9 1 20 330
12 64 55 60 M 5 0 0.00 M M 8.7 15 10 M M 10 21 10
13 73 59 66 M 0 1 0.00 M M 4.0 8 99 M M 9 14 130
14 82 54 68 M 0 3 0.00 M M 5.0 13 110 M M 7 16 150
15 82 68 75 M 0 10 0.00 M M 8.1 15 150 M M 8 22 150
16 86 68 77 M 0 12 0.05 M M 6.6 14 130 M M 7 1 22 110
17 82 63 73 M 0 8 0.95 M M 7.6 26 60 M M 6 3 36 60
18 73 64 69 M 0 4 0.08 M M 6.9 20 350 M M 8 13 29 350
19 73 61 67 M 0 2 0.00 M M 4.0 10 190 M M 6 18 190
20 84 57 71 M 0 6 0.00 M M 3.6 9 110 M M 3 1 13 99
21 84 63 74 M 0 9 0.00 M M 5.8 14 120 M M 3 1 17 120
22 73 70 72 M 0 7 1.94 M M 7.7 14 80 M M 10 13 24 130
23 75 68 72 M 0 7 0.04 M M 7.2 15 120 M M 9 1 22 120
24 82 68 75 M 0 10 0.04 M M 6.4 17 140 M M 8 1 22 140
25 90 72 81 M 0 16 0.00 M M 6.4 12 140 M M 8 17 140
26 90 64 77 M 0 12 0.03 M M 6.4 14 200 M M 5 3 31 80
27 88 73 81 M 0 16 0.00 M M 7.4 13 190 M M 6 21 190
28 86 66 76 M 0 11 0.21 M M 6.0 15 30 M M 8 38 28 130
29 86 64 75 M 0 10 0.00 M M 4.0 8 60 M M 2 1 14 140
30 84 66 75 M 0 10 0.00 M M 5.7 13 120 M M 6 18 140
31 84 66 75 M 0 10 0.79 M M 6.8 16 350 M M 8 13 24 210
================================================================================
SM 2523 1949 6 234 6.71 M 195.9 M 186
================================================================================
AV 81.4 62.9 6.3 FASTST M M 6 MAX(MPH)
MISC ----> 26 60 36 60
================================================================================
NOTES:
# LAST OF SEVERAL OCCURRENCES
COLUMN 17 PEAK WIND IN M.P.H.
PRELIMINARY LOCAL CLIMATOLOGICAL DATA (WS FORM: F-6) , PAGE 2
STATION: LLANO MUNICIPAL AIRPORT
MONTH: MAY
YEAR: 2021
LATITUDE: 30 47 N
LONGITUDE: 98 40 W
[TEMPERATURE DATA] [PRECIPITATION DATA] SYMBOLS USED IN COLUMN 16
AVERAGE MONTHLY: 72.1 TOTAL FOR MONTH: 6.71 1 = FOG OR MIST
DPTR FM NORMAL: 0.0 DPTR FM NORMAL: M 2 = FOG REDUCING VISIBILITY
HIGHEST: 95 ON 3 GRTST 24HR 2.03 ON 1- 1 TO 1/4 MILE OR LESS
LOWEST: 52 ON 6 3 = THUNDER
SNOW, ICE PELLETS, HAIL 4 = ICE PELLETS
TOTAL MONTH: M 5 = HAIL
GRTST 24HR M ON M 6 = FREEZING RAIN OR DRIZZLE
GRTST DEPTH: M ON M 7 = DUSTSTORM OR SANDSTORM:
VSBY 1/2 MILE OR LESS
8 = SMOKE OR HAZE
[NO. OF DAYS WITH] [WEATHER - DAYS WITH] 9 = BLOWING SNOW
X = TORNADO
MAX 32 OR BELOW: 0 0.01 INCH OR MORE: 12
MAX 90 OR ABOVE: 5 0.10 INCH OR MORE: 6
MIN 32 OR BELOW: 0 0.50 INCH OR MORE: 5
MIN 0 OR BELOW: 0 1.00 INCH OR MORE: 2
[HDD (BASE 65) ]
TOTAL THIS MO. 6 CLEAR (SCALE 0-3) 7
DPTR FM NORMAL M PTCLDY (SCALE 4-7) 16
TOTAL FM JUL 1 2003 CLOUDY (SCALE 8-10) 8
DPTR FM NORMAL M
[CDD (BASE 65) ]
TOTAL THIS MO. 234
DPTR FM NORMAL M [PRESSURE DATA]
TOTAL FM JAN 1 380 HIGHEST SLP M ON M
DPTR FM NORMAL M LOWEST SLP M ON M
[REMARKS]
#FINAL-05-21#