870
CXUS54 KEWX 011010
CF6AQO
PRELIMINARY LOCAL CLIMATOLOGICAL DATA (WS FORM: F-6)
STATION: Llano Municipal Airport
MONTH: AUGUST
YEAR: 2020
LATITUDE: 30 47 N
LONGITUDE: 98 40 W
TEMPERATURE IN F: :PCPN: SNOW: WIND :SUNSHINE: SKY :PK WND
================================================================================
1 2 3 4 5 6A 6B 7 8 9 10 11 12 13 14 15 16 17 18
12Z AVG MX 2MIN
DY MAX MIN AVG DEP HDD CDD WTR SNW DPTH SPD SPD DIR MIN PSBL S-S WX SPD DR
================================================================================
1 99 73 86 M 0 21 0.00 M M 5.2 12 30 M M 3 20 50
2 102 68 85 M 0 20 0.00 M M 5.1 15 40 M M 2 21 40
3 99 70 85 M 0 20 0.00 M M 2.3 21 350 M M 2 3 28 350
4 102 70 86 M 0 21 0.00 M M 4.5 14 200 M M 3 17 160
5 102 72 87 M 0 22 0.00 M M 7.0 12 210 M M 0 20 150
6 102 73 88 M 0 23 0.00 M M 8.4 16 150 M M 0 24 160
7 100 72 86 M 0 21 0.00 M M 8.1 13 140 M M 3 22 190
8 99 72 86 M 0 21 0.00 M M 7.0 13 150 M M 1 25 150
9 100 75 88 M 0 23 0.00 M M 9.3 17 200 M M 3 23 180
10 100 77 89 M 0 24 0.00 M M 9.6 16 160 M M 3 27 180
11 102 77 90 M 0 25 0.00 M M 9.2 17 190 M M 3 20 190
12 102 77 90 M 0 25 0.00 M M 7.1 12 190 M M 2 20 160
13 104 79 92 M 0 27 0.00 M M 7.1 15 170 M M 1 21 180
14 108 75 92 M 0 27 0.00 M M 6.1 12 210 M M 0 18 210
15 108 79 94 M 0 29 0.00 M M 5.6 12 130 M M 1 21 130
16 104 77 91 M 0 26 0.00 M M 4.3 13 100 M M 1 17 140
17 95 73 84 M 0 19 0.00 M M 4.8 20 20 M M 3 30 20
18 99 70 85 M 0 20 0.00 M M 3.9 17 50 M M 3 16 99
19 100 72 86 M 0 21 0.00 M M 5.2 10 60 M M 0 16 20
20 97 66 82 M 0 17 0.00 M M 3.3 8 40 M M 1 M M
21 100 70 85 M 0 20 0.00 M M 3.9 9 120 M M 1 23 120
22 91 66 79 M 0 14 0.60 M M 5.2 10 130 M M 4 13 18 110
23 95 68 82 M 0 17 0.00 M M 3.2 9 140 M M 3 15 99
24 97 70 84 M 0 19 0.00 M M 3.6 10 120 M M 4 20 120
25 97 70 84 M 0 19 0.00 M M 3.5 9 60 M M 3 18 99
26 97 73 85 M 0 20 0.00 M M 5.7 12 90 M M 3 17 90
27 99 73 86 M 0 21 0.00 M M 3.1 9 100 M M 3 15 99
28 108 77 93 M 0 28 0.00 M M 5.8 10 210 M M 1 16 140
29 104 77 91 M 0 26 0.00 M M 5.5 14 100 M M 0 21 90
30 102 77 90 M 0 25 0.00 M M 6.1 12 150 M M 2 17 130
31 102 79 91 M 0 26 0.00 M M 8.7 16 150 M M 6 25 150
================================================================================
SM 3116 2267 0 687 0.60 M 177.4 M 65
================================================================================
AV100.5 73.1 5.7 FASTST M M 2 MAX(MPH)
MISC ----> # 21 350 # 30 20
================================================================================
NOTES:
# LAST OF SEVERAL OCCURRENCES
COLUMN 17 PEAK WIND IN M.P.H.
PRELIMINARY LOCAL CLIMATOLOGICAL DATA (WS FORM: F-6) , PAGE 2
STATION: Llano Municipal Airport
MONTH: AUGUST
YEAR: 2020
LATITUDE: 30 47 N
LONGITUDE: 98 40 W
[TEMPERATURE DATA] [PRECIPITATION DATA] SYMBOLS USED IN COLUMN 16
AVERAGE MONTHLY: 86.8 TOTAL FOR MONTH: 0.60 1 = FOG OR MIST
DPTR FM NORMAL: M DPTR FM NORMAL: M 2 = FOG REDUCING VISIBILITY
HIGHEST: 108 ON 28,15 GRTST 24HR 0.60 ON 22-22 TO 1/4 MILE OR LESS
LOWEST: 66 ON 22,20 3 = THUNDER
SNOW, ICE PELLETS, HAIL 4 = ICE PELLETS
TOTAL MONTH: M 5 = HAIL
GRTST 24HR M ON M 6 = FREEZING RAIN OR DRIZZLE
GRTST DEPTH: M ON M 7 = DUSTSTORM OR SANDSTORM:
VSBY 1/2 MILE OR LESS
8 = SMOKE OR HAZE
[NO. OF DAYS WITH] [WEATHER - DAYS WITH] 9 = BLOWING SNOW
X = TORNADO
MAX 32 OR BELOW: 0 0.01 INCH OR MORE: 1
MAX 90 OR ABOVE: 31 0.10 INCH OR MORE: 1
MIN 32 OR BELOW: 0 0.50 INCH OR MORE: 1
MIN 0 OR BELOW: 0 1.00 INCH OR MORE: 0
[HDD (BASE 65) ]
TOTAL THIS MO. 0 CLEAR (SCALE 0-3) 24
DPTR FM NORMAL M PTCLDY (SCALE 4-7) 7
TOTAL FM JUL 1 0 CLOUDY (SCALE 8-10) 0
DPTR FM NORMAL M
[CDD (BASE 65) ]
TOTAL THIS MO. 687
DPTR FM NORMAL M [PRESSURE DATA]
TOTAL FM JAN 1 2403 HIGHEST SLP M ON M
DPTR FM NORMAL M LOWEST SLP M ON M
[REMARKS]
#FINAL-08-20#