000
CXUS53 KLSX 012003 RRA
CF6COU
PRELIMINARY LOCAL CLIMATOLOGICAL DATA (WS FORM: F-6)
STATION: COLUMBIA ASOS
MONTH: MARCH
YEAR: 2020
LATITUDE: 38 49 N
LONGITUDE: 92 13 W
TEMPERATURE IN F: :PCPN: SNOW: WIND :SUNSHINE: SKY :PK WND
================================================================================
1 2 3 4 5 6A 6B 7 8 9 10 11 12 13 14 15 16 17 18
12Z AVG MX 2MIN
DY MAX MIN AVG DEP HDD CDD WTR SNW DPTH SPD SPD DIR MIN PSBL S-S WX SPD DR
================================================================================
1 68 45 57 18 8 0 T 0.0 0 13.0 25 210 M M 4 33 210
2 55 38 47 7 18 0 0.00 0.0 0 7.1 18 360 M M 5 23 10
3 60 34 47 7 18 0 0.00 0.0 0 9.6 22 320 M M 1 8 32 320
4 56 40 48 8 17 0 0.00 0.0 0 7.6 16 330 M M 0 22 340
5 59 33 46 5 19 0 0.00 0.0 0 17.0 33 280 M M 0 45 260
6 54 31 43 2 22 0 0.00 0.0 0 8.7 24 310 M M 0 35 320
7 65 32 49 8 16 0 0.00 0.0 0 12.4 20 160 M M 0 26 170
8 72 42 57 15 8 0 0.00 0.0 0 15.6 25 190 M M 1 36 200
9 59 40 50 8 15 0 1.12 0.0 0 14.7 29 210 M M 10 1 37 200
10 43 37 40 -3 25 0 0.00 0.0 0 8.1 21 310 M M 10 27 310
11 64 37 51 8 14 0 0.00 0.0 0 4.9 9 100 M M 1 1 18 270
12 60 45 53 10 12 0 0.50 0.0 0 10.1 28 320 M M 5 13 38 320
13 47 36 42 -2 23 0 0.00 0.0 0 7.6 20 340 M M 6 27 340
14 43 35 39 -5 26 0 0.67 0.0 0 12.0 20 100 M M 10 18 28 100
15 41 34 38 -6 27 0 0.00 0.0 0 9.9 17 50 M M 10 24 40
16 44 36 40 -5 25 0 0.09 0.0 0 3.8 10 170 M M 10 1 14 160
17 50 40 45 0 20 0 0.00 0.0 0 6.9 13 120 M M 8 1 18 130
18 62 44 53 8 12 0 0.41 0.0 0 8.6 15 210 M M 7 1 20 180
19 70 56 63 17 2 0 0.92 0.0 0 13.4 26 200 M M 5 13 36 170
20 63 30 47 1 18 0 T 0.0 0 13.0 28 330 M M 7 1 33 360
21 49 26 38 -8 27 0 0.00 0.0 0 6.4 17 100 M M 2 26 110
22 38 33 36 -11 29 0 0.75 T 0 9.3 16 90 M M 10 16 23 100
23 50 37 44 -3 21 0 0.00 0.0 0 6.4 13 90 M M 10 12 17 100
24 47 40 44 -4 21 0 0.42 0.0 0 9.7 20 80 M M 9 1 25 80
25 63 42 53 5 12 0 0.00 0.0 0 10.3 17 150 M M 6 12 23 150
26 78 50 64 16 1 0 0.03 0.0 0 9.6 18 10 M M 1 13 22 30
27 79 50 65 16 0 0 1.44 T 0 8.3 30 230 M M 7 13 39 240
28 76 54 65 16 0 0 0.10 0.0 0 17.3 35 250 M M 5 13 51 240
29 66 47 57 8 8 0 T 0.0 0 16.5 36 260 M M 3 47 240
30 68 43 56 6 9 0 0.00 0.0 0 4.9 12 10 M M 0 17 10
31 66 45 56 6 9 0 0.00 0.0 0 9.5 20 320 M M 0 26 330
================================================================================
SM 1815 1232 482 0 6.45 T 312.2 M 153
================================================================================
AV 58.5 39.7 10.1 FASTST M M 5 MAX(MPH)
MISC ----> 36 260 51 240
================================================================================
NOTES:
# LAST OF SEVERAL OCCURRENCES
COLUMN 17 PEAK WIND IN M.P.H.
PRELIMINARY LOCAL CLIMATOLOGICAL DATA (WS FORM: F-6) , PAGE 2
STATION: COLUMBIA ASOS
MONTH: MARCH
YEAR: 2020
LATITUDE: 38 49 N
LONGITUDE: 92 13 W
[TEMPERATURE DATA] [PRECIPITATION DATA] SYMBOLS USED IN COLUMN 16
AVERAGE MONTHLY: 49.1 TOTAL FOR MONTH: 6.45 1 = FOG OR MIST
DPTR FM NORMAL: 4.5 DPTR FM NORMAL: 3.54 2 = FOG REDUCING VISIBILITY
HIGHEST: 79 ON 27 GRTST 24HR 1.47 ON 26-27 TO 1/4 MILE OR LESS
LOWEST: 26 ON 21 3 = THUNDER
SNOW, ICE PELLETS, HAIL 4 = ICE PELLETS
TOTAL MONTH: T 5 = HAIL
GRTST 24HR T ON 22-22 6 = FREEZING RAIN OR DRIZZLE
GRTST DEPTH: 0 7 = DUSTSTORM OR SANDSTORM:
VSBY 1/2 MILE OR LESS
8 = SMOKE OR HAZE
[NO. OF DAYS WITH] [WEATHER - DAYS WITH] 9 = BLOWING SNOW
X = TORNADO
MAX 32 OR BELOW: 0 0.01 INCH OR MORE: 11
MAX 90 OR ABOVE: 0 0.10 INCH OR MORE: 9
MIN 32 OR BELOW: 4 0.50 INCH OR MORE: 6
MIN 0 OR BELOW: 0 1.00 INCH OR MORE: 2
[HDD (BASE 65) ]
TOTAL THIS MO. 482 CLEAR (SCALE 0-3) 12
DPTR FM NORMAL -154 PTCLDY (SCALE 4-7) 10
TOTAL FM JUL 1 4182 CLOUDY (SCALE 8-10) 9
DPTR FM NORMAL -399
[CDD (BASE 65) ]
TOTAL THIS MO. 0
DPTR FM NORMAL -3 [PRESSURE DATA]
TOTAL FM JAN 1 0 HIGHEST SLP 30.61 ON 15
DPTR FM NORMAL -3 LOWEST SLP 29.45 ON 28
[REMARKS]
#FINAL-03-20#