000
CXUS55 KPUB 011930
CF6SPD
PRELIMINARY LOCAL CLIMATOLOGICAL DATA (WS FORM: F-6)
STATION: SPRINGFIELD CO
MONTH: DECEMBER
YEAR: 2020
LATITUDE: 37 16 N
LONGITUDE: 102 37 W
TEMPERATURE IN F: :PCPN: SNOW: WIND :SUNSHINE: SKY :PK WND
================================================================================
1 2 3 4 5 6A 6B 7 8 9 10 11 12 13 14 15 16 17 18
12Z AVG MX 2MIN
DY MAX MIN AVG DEP HDD CDD WTR SNW DPTH SPD SPD DIR MIN PSBL S-S WX SPD DR
================================================================================
1 55 24 40 5 25 0 0.01 M M 20.3 37 10 M M 0 46 10
2 29 22 26 -9 39 0 0.12 M M 27.6 36 330 M M 0 44 330
3 35 14 25 -10 40 0 0.00 M M 13.8 26 330 M M 0 33 340
4 51 21 36 2 29 0 0.00 M M 12.6 22 320 M M 0 28 310
5 52 28 40 6 25 0 0.00 M M 13.7 23 340 M M 0 28 330
6 58 27 43 9 22 0 0.00 M M 9.9 15 310 M M 0 19 310
7 59 23 41 7 24 0 0.00 M M 12.2 22 310 M M 0 29 310
8 66 22 44 11 21 0 0.00 M M 6.2 20 280 M M 0 24 270
9 69 26 48 15 17 0 0.97 M M 8.7 16 300 M M 0 20 290
10 48 22 35 2 30 0 0.00 M M 12.8 23 330 M M 0 30 340
11 33 21 27 -6 38 0 0.05 M M 12.9 21 330 M M 0 26 340
12 32 12 22 -10 43 0 0.14 M M 11.4 22 120 M M 0 27 120
13 28 3 16 -16 49 0 0.39 M M 14.0 23 340 M M 0 29 340
14 36 8 22 -10 43 0 0.00 M M 13.8 25 190 M M 0 31 180
15 26 13 20 -12 45 0 0.02 M M 19.9 33 340 M M 0 42 350
16 M M M M M M 0.00 M M M M M M M 0 M M
17 M M M M M M 0.00 M M M M M M M M M M
18 38 9 24 -8 41 0 0.00 M M 9.5 21 330 M M 0 28 340
19 46 20 33 1 32 0 0.00 M M 9.2 18 220 M M 0 23 220
20 51 23 37 6 28 0 0.00 M M 11.5 22 220 M M 0 30 220
21 57 28 43 12 22 0 0.00 M M 10.2 21 170 M M 0 25 170
22 69 32 51 20 14 0 0.00 M M 13.2 23 220 M M 0 31 270
23 41 16 29 -2 36 0 0.00 M M 23.8 55 350 M M 0 73 350
24 50 16 33 2 32 0 0.00 M M 13.7 31 330 M M 0 40 330
25 63 25 44 13 21 0 0.00 M M 8.1 18 220 M M 0 23 220
26 65 26 46 15 19 0 0.00 M M 9.2 20 280 M M 0 29 280
27 50 27 39 8 26 0 0.00 M M 10.7 38 310 M M 0 49 320
28 42 29 36 5 29 0 0.00 M M 17.8 32 170 M M 0 39 180
29 57 24 41 10 24 0 0.00 M M 16.7 31 350 M M 0 38 350
30 40 16 28 -3 37 0 0.00 M M 8.7 18 200 M M 0 26 180
31 45 13 29 -2 36 0 0.00 M M 8.3 22 150 M M 0 28 140
================================================================================
SM 1391 590 887 0 1.70 M 380.4 M 0
================================================================================
AV 48.0 20.3 13.1 FASTST M M 0 MAX(MPH)
MISC ----> 55 350 73 350
================================================================================
NOTES:
# LAST OF SEVERAL OCCURRENCES
DATA MISSING ON 12/16 AND 12/17 DUE TO ASOS FAILURE.
COLUMN 17 PEAK WIND IN M.P.H.
PRELIMINARY LOCAL CLIMATOLOGICAL DATA (WS FORM: F-6) , PAGE 2
STATION: SPRINGFIELD CO
MONTH: DECEMBER
YEAR: 2020
LATITUDE: 37 16 N
LONGITUDE: 102 37 W
[TEMPERATURE DATA] [PRECIPITATION DATA] SYMBOLS USED IN COLUMN 16
AVERAGE MONTHLY: 34.2 TOTAL FOR MONTH: 1.70 1 = FOG OR MIST
DPTR FM NORMAL: 1.9 DPTR FM NORMAL: 1.19 2 = FOG REDUCING VISIBILITY
HIGHEST: 69 ON 22, 9 GRTST 24HR 0.97 ON 9-10 TO 1/4 MILE OR LESS
LOWEST: 3 ON 13 3 = THUNDER
SNOW, ICE PELLETS, HAIL 4 = ICE PELLETS
TOTAL MONTH: M 5 = HAIL
GRTST 24HR M ON M 6 = FREEZING RAIN OR DRIZZLE
GRTST DEPTH: M ON M 7 = DUSTSTORM OR SANDSTORM:
VSBY 1/2 MILE OR LESS
8 = SMOKE OR HAZE
[NO. OF DAYS WITH] [WEATHER - DAYS WITH] 9 = BLOWING SNOW
X = TORNADO
MAX 32 OR BELOW: 4 0.01 INCH OR MORE: 7
MAX 90 OR ABOVE: 0 0.10 INCH OR MORE: 4
MIN 32 OR BELOW: 29 0.50 INCH OR MORE: 1
MIN 0 OR BELOW: 0 1.00 INCH OR MORE: 0
[HDD (BASE 65) ]
TOTAL THIS MO. 887 CLEAR (SCALE 0-3) 30
DPTR FM NORMAL -125 PTCLDY (SCALE 4-7) 0
TOTAL FM JUL 1 1897 CLOUDY (SCALE 8-10) 1
DPTR FM NORMAL -263
[CDD (BASE 65) ]
TOTAL THIS MO. 0
DPTR FM NORMAL 0 [PRESSURE DATA]
TOTAL FM JAN 1 1425 HIGHEST SLP 30.42 ON 2
DPTR FM NORMAL 397 LOWEST SLP 29.46 ON 22
[REMARKS]
#FINAL-12-20#