000
CXUS53 KILX 011608
CLMCMI

CLIMATE REPORT
NATIONAL WEATHER SERVICE LINCOLN IL
732 AM CDT MON JUN 1 2020

...................................

...THE CHAMPAIGN IL AIRPORT CLIMATE SUMMARY FOR THE MONTH OF MAY 2020...

CLIMATE NORMAL PERIOD 1981 TO 2010
CLIMATE RECORD PERIOD 9999 TO 9999

WEATHER         OBSERVED          NORMAL  DEPART  LAST YEAR`S
                 VALUE   DATE(S)  VALUE   FROM    VALUE
                                          NORMAL
.............................................................
TEMPERATURE (F)
RECORD
 HIGH              MM   MM
 LOW               MM   MM
HIGHEST            87   05/26        MM      MM       88
                        05/24
LOWEST             29   05/09        MM      MM       40
AVG. MAXIMUM     70.3              75.1    -4.8     74.0
AVG. MINIMUM     49.8              51.0    -1.2     53.5
MEAN             60.0              63.1    -3.1     63.8
DAYS MAX >= 90      0               1.6    -1.6        0
DAYS MAX <= 32      0               0.0     0.0        0
DAYS MIN <= 32      1               0.5     0.5        0
DAYS MIN <= 0       0               0.0     0.0        0

PRECIPITATION (INCHES)
RECORD
 MAXIMUM           MM   MM
 MINIMUM           MM   MM
TOTALS           4.46              4.55   -0.09     4.96
DAILY AVG.       0.14              0.15   -0.01     0.16
DAYS >= .01        18                MM      MM       16
DAYS >= .10         8                MM      MM       10
DAYS >= .50         4                MM      MM        3
DAYS >= 1.00        1                MM      MM        1
GREATEST
 24 HR. TOTAL    1.30   05/17 TO 05/17              1.32

DEGREE_DAYS
HEATING TOTAL     211               142      69      136
 SINCE 7/1       5616              5806    -190     5899
COOLING TOTAL      67                81     -14      107
 SINCE 1/1         73                92     -19      110
..............................................................

WIND (MPH)
AVERAGE WIND SPEED              10.7
HIGHEST WIND SPEED/DIRECTION    44/180    DATE  05/25
HIGHEST GUST SPEED/DIRECTION    68/180    DATE  05/25

AVERAGE RH (PERCENT)     74

WEATHER CONDITIONS. NUMBER OF DAYS WITH
THUNDERSTORM              8     MIXED PRECIP               0
HEAVY RAIN                6     RAIN                       6
LIGHT RAIN               20     FREEZING RAIN              0
LT FREEZING RAIN          0     HAIL                       0
HEAVY SNOW                0     SNOW                       0
LIGHT SNOW                0     SLEET                      0
FOG                      17     FOG W/VIS <= 1/4 MILE      4
HAZE                      4

-  INDICATES NEGATIVE NUMBERS.
R  INDICATES RECORD WAS SET OR TIED.
MM INDICATES DATA IS MISSING.
T  INDICATES TRACE AMOUNT.

$$
