000
CXUS53 KILX 011813
CLMCMI


CLIMATE REPORT
NATIONAL WEATHER SERVICE LINCOLN IL
106 PM CDT WED MAY 1 2019

...................................

...THE CHAMPAIGN IL AIRPORT CLIMATE SUMMARY FOR THE MONTH OF APRIL 2019...

CLIMATE NORMAL PERIOD 1981 TO 2010
CLIMATE RECORD PERIOD 9999 TO 9999

WEATHER         OBSERVED          NORMAL  DEPART  LAST YEAR`S
                 VALUE   DATE(S)  VALUE   FROM    VALUE
                                          NORMAL
.............................................................
TEMPERATURE (F)
RECORD
 HIGH              MM   MM
 LOW               MM   MM
HIGHEST            80   04/22        MM      MM       80
                        04/17
LOWEST             25   04/01        MM      MM       12
AVG. MAXIMUM     63.4              63.8    -0.4     56.9
AVG. MINIMUM     42.0              39.8     2.2     34.0
MEAN             52.7              51.8     0.9     45.4
DAYS MAX >= 90      0               0.0     0.0        0
DAYS MAX <= 32      0               0.1    -0.1        0
DAYS MIN <= 32      3               6.4    -3.4       14
DAYS MIN <= 0       0               0.0     0.0        0

PRECIPITATION (INCHES)
RECORD
 MAXIMUM           MM   MM
 MINIMUM           MM   MM
TOTALS           4.40              3.79    0.61     2.07
DAILY AVG.       0.15              0.13    0.02     0.07
DAYS >= .01        16                MM      MM        9
DAYS >= .10        10                MM      MM        7
DAYS >= .50         3                MM      MM        2
DAYS >= 1.00        0                MM      MM        0
GREATEST
 24 HR. TOTAL    0.80   04/18 TO 04/18              0.54

DEGREE_DAYS
HEATING TOTAL     366               406     -40      581
 SINCE 7/1       5763              5664      99     5664
COOLING TOTAL       3                10      -7        3
 SINCE 1/1          3                11      -8        3
..............................................................

WIND (MPH)
AVERAGE WIND SPEED              13.3
HIGHEST WIND SPEED/DIRECTION    38/360    DATE  04/19
HIGHEST GUST SPEED/DIRECTION    52/020    DATE  04/19

AVERAGE RH (PERCENT)     72

WEATHER CONDITIONS. NUMBER OF DAYS WITH
THUNDERSTORM              5     MIXED PRECIP               0
HEAVY RAIN                6     RAIN                       9
LIGHT RAIN               17     FREEZING RAIN              0
LT FREEZING RAIN          0     HAIL                       0
HEAVY SNOW                0     SNOW                       0
LIGHT SNOW                1     SLEET                      0
FOG                      16     FOG W/VIS <= 1/4 MILE      2
HAZE                      0

-  INDICATES NEGATIVE NUMBERS.
R  INDICATES RECORD WAS SET OR TIED.
MM INDICATES DATA IS MISSING.
T  INDICATES TRACE AMOUNT.

$$
