000
CXUS53 KILX 011535
CLMCMI

CLIMATE REPORT
NATIONAL WEATHER SERVICE LINCOLN IL
1023 AM CDT MON JUL 1 2019

...................................

...THE CHAMPAIGN IL AIRPORT CLIMATE SUMMARY FOR THE MONTH OF JUNE 2019...

CLIMATE NORMAL PERIOD 1981 TO 2010
CLIMATE RECORD PERIOD 9999 TO 9999

WEATHER         OBSERVED          NORMAL  DEPART  LAST YEAR`S
                 VALUE   DATE(S)  VALUE   FROM    VALUE
                                          NORMAL
.............................................................
TEMPERATURE (F)
RECORD
 HIGH              MM   MM
 LOW               MM   MM
HIGHEST            95   06/30        MM      MM       91
LOWEST             47   06/14        MM      MM       53
AVG. MAXIMUM     83.2              83.3    -0.1     84.5
AVG. MINIMUM     61.4              60.5     0.9     64.6
MEAN             72.3              71.9     0.4     74.6
DAYS MAX >= 90      7               5.7     1.3        8
DAYS MAX <= 32      0               0.0     0.0        0
DAYS MIN <= 32      0               0.0     0.0        0
DAYS MIN <= 0       0               0.0     0.0        0

PRECIPITATION (INCHES)
RECORD
 MAXIMUM           MM   MM
 MINIMUM           MM   MM
TOTALS           3.65              4.17   -0.52     6.99
DAILY AVG.       0.12              0.14   -0.02     0.23
DAYS >= .01        10                MM      MM       12
DAYS >= .10         6                MM      MM        9
DAYS >= .50         4                MM      MM        5
DAYS >= 1.00        1                MM      MM        3
GREATEST
 24 HR. TOTAL    1.10   06/15 TO 06/15              2.24

DEGREE_DAYS
HEATING TOTAL       7                17     -10        0
 SINCE 7/1       5906              5823      83     5667
COOLING TOTAL     234               223      11      297
 SINCE 1/1        344               315      29      528
..............................................................

WIND (MPH)
AVERAGE WIND SPEED              10.5
HIGHEST WIND SPEED/DIRECTION    47/020    DATE  06/30
HIGHEST GUST SPEED/DIRECTION    67/010    DATE  06/30

AVERAGE RH (PERCENT)     69

WEATHER CONDITIONS. NUMBER OF DAYS WITH
THUNDERSTORM              9     MIXED PRECIP               0
HEAVY RAIN                5     RAIN                       7
LIGHT RAIN               14     FREEZING RAIN              0
LT FREEZING RAIN          0     HAIL                       0
HEAVY SNOW                0     SNOW                       0
LIGHT SNOW                0     SLEET                      0
FOG                      13     FOG W/VIS <= 1/4 MILE      2
HAZE                      6

-  INDICATES NEGATIVE NUMBERS.
R  INDICATES RECORD WAS SET OR TIED.
MM INDICATES DATA IS MISSING.
T  INDICATES TRACE AMOUNT.

$$
