000
CXUS55 KTFX 010804 CCA
CLMHVR

CLIMATE REPORT...CORRECTED WEATHER CONDITIONS SECTION
NATIONAL WEATHER SERVICE GREAT FALLS MT
204 AM MDT THU AUG 1 2019

...................................

...THE HAVRE MT CLIMATE SUMMARY FOR THE MONTH OF JULY 2019...

CLIMATE NORMAL PERIOD 1981 TO 2010
CLIMATE RECORD PERIOD 1880 TO 2019

WEATHER         OBSERVED          NORMAL  DEPART  LAST YEAR`S
                 VALUE   DATE(S)  VALUE   FROM    VALUE
                                          NORMAL
.............................................................
TEMPERATURE (F)
RECORD
 HIGH             107   07/17/1936
                        07/25/1933
 LOW               36   07/20/1895
HIGHEST            99   07/23        86      13      103
LOWEST             42   07/19        51      -9       42
AVG. MAXIMUM     85.4              84.9     0.5     87.3
AVG. MINIMUM     51.2              53.6    -2.4     52.8
MEAN             68.3              69.2    -0.9     70.1
DAYS MAX >= 90     11               9.7     1.3       12
DAYS MAX <= 32      0               0.0     0.0        0
DAYS MIN <= 32      0               0.0     0.0        0
DAYS MIN <= 0       0               0.0     0.0        0

PRECIPITATION (INCHES)
RECORD
 MAXIMUM         9.67   1884
 MINIMUM         0.01   1967
TOTALS           0.47              1.64   -1.17     0.49
DAYS >= .01         5               8.0    -3.0
DAYS >= .10         2               3.6    -1.6
DAYS >= .50         0               0.8    -0.8
DAYS >= 1.00        0               0.3    -0.3
GREATEST
 24 HR. TOTAL    0.20   07/23 TO 07/23

SNOWFALL (INCHES)
RECORDS
 TOTAL             MM   MM
 24 HR TOTAL       MM
 SNOW DEPTH        MM   MM
TOTALS            0.0               0.0     0.0      0.0
SNOWDEPTH AVG.      0
DAYS >= TRACE       0               0.0     0.0
DAYS >= 1.0         0               0.0     0.0
GREATEST
 SNOW DEPTH         0   MM                             0
 24 HR TOTAL      0.0   07/31 TO 07/31

DEGREE_DAYS
HEATING TOTAL      28                30      -2       21
 SINCE 7/1         28                30      -2       21
COOLING TOTAL     138               162     -24      186
 SINCE 1/1        158               221     -63      256
..............................................................

WIND (MPH)
AVERAGE WIND SPEED              8.9
HIGHEST WIND SPEED/DIRECTION    51/190    DATE  07/23
HIGHEST GUST SPEED/DIRECTION    64/180    DATE  07/23

SKY COVER
AVERAGE SKY COVER           0.10

AVERAGE RH (PERCENT)     55

WEATHER CONDITIONS. NUMBER OF DAYS WITH
THUNDERSTORM          5         MIXED PRECIP          0
HEAVY RAIN            2         RAIN                  1
LIGHT RAIN            7         FREEZING RAIN         0
LT FREEZING RAIN      0         HAIL                  0
HEAVY SNOW            0         SNOW                  0
LIGHT SNOW            0         SLEET                 0
FOG                   4         FOG W/VIS <=1/4 MILE  0
HAZE                  0

-  INDICATES NEGATIVE NUMBERS.
R  INDICATES RECORD WAS SET OR TIED.
MM INDICATES DATA IS MISSING.
T  INDICATES TRACE AMOUNT.

$$
