000
CXUS53 KICT 011029
CLMICT

CLIMATE REPORT
NATIONAL WEATHER SERVICE WICHITA KS
507 AM CDT FRI MAY 1 2020

...................................

...THE WICHITA EISENHOWER NATIONAL CLIMATE SUMMARY FOR THE MONTH OF APRIL 2020...

CLIMATE NORMAL PERIOD 1981 TO 2010
CLIMATE RECORD PERIOD 1888 TO 2020

WEATHER         OBSERVED          NORMAL  DEPART  LAST YEAR`S
                 VALUE   DATE(S)  VALUE   FROM    VALUE  DATE(S)
                                          NORMAL
................................................................
TEMPERATURE (F)
RECORD
 HIGH              98   04/06/1893
 LOW               15   04/03/1975
                        04/03/1936
HIGHEST            88   04/08                         85  04/10
LOWEST             27   04/15                         31  04/12
                        04/03                             04/11
AVG. MAXIMUM     68.8              67.7     1.1     70.3
AVG. MINIMUM     42.1              44.5    -2.4     46.3
MEAN             55.5              56.1    -0.6     58.3
DAYS MAX >= 90      0               0.4    -0.4        0
DAYS MAX <= 32      0               0.0     0.0        0
DAYS MIN <= 32      6               2.4     3.6        2
DAYS MIN <= 0       0               0.0     0.0        0

PRECIPITATION (INCHES)
RECORD
 MAXIMUM        12.42   1944
 MINIMUM         0.22   1963
TOTALS           3.03              2.59    0.44     2.45
DAILY AVG.       0.10              0.09    0.01     0.08
DAYS >= .01         6               8.0    -2.0        7
DAYS >= .10         6               4.9     1.1        3
DAYS >= .50         1               1.6    -0.6        2
DAYS >= 1.00        1               0.6     0.4        1
GREATEST
 24 HR. TOTAL    1.59   04/22 TO 04/22

SNOWFALL (INCHES)
RECORDS
 TOTAL            6.5   1901
TOTALS              T               0.2    -0.2      0.0
SINCE 7/1         8.3              14.9    -6.6     10.1
SNOWDEPTH AVG.      0                MM      MM        0
DAYS >= 1.0         0               0.0     0.0        0
GREATEST
 SNOW DEPTH         0   MM                             0  MM
 24 HR TOTAL        T   04/17 TO 04/17               0.0

DEGREE_DAYS
HEATING TOTAL     296               291       5      211
 SINCE 7/1       4188              4508    -320     4587
COOLING TOTAL      16                24      -8       18
 SINCE 1/1         16                26     -10       18
.................................................................

WIND (MPH)
AVERAGE WIND SPEED              12.5
HIGHEST WIND SPEED/DIRECTION    41/350    DATE  04/12
HIGHEST GUST SPEED/DIRECTION    55/350    DATE  04/12

SKY COVER
POSSIBLE SUNSHINE (PERCENT)    0
AVERAGE SKY COVER           0.50
NUMBER OF DAYS FAIR            8
NUMBER OF DAYS PC             13
NUMBER OF DAYS CLOUDY          9

AVERAGE RH (PERCENT)     57

-  INDICATES NEGATIVE NUMBERS.
R  INDICATES RECORD WAS SET OR TIED.
MM INDICATES DATA IS MISSING.
T  INDICATES TRACE AMOUNT.

$$
