000
CXUS53 KICT 151302
CLMICT

CLIMATE REPORT
NATIONAL WEATHER SERVICE WICHITA KS
743 AM CDT WED MAY 15 2019

...................................

...THE WICHITA EISENHOWER NATIONAL CLIMATE SUMMARY FOR THE MONTH OF APRIL 2019...

CLIMATE NORMAL PERIOD 1981 TO 2010
CLIMATE RECORD PERIOD 1888 TO 2019

WEATHER         OBSERVED          NORMAL  DEPART  LAST YEAR`S
                 VALUE   DATE(S)  VALUE   FROM    VALUE  DATE(S)
                                          NORMAL
................................................................
TEMPERATURE (F)
RECORD
 HIGH              98   04/06/1893
 LOW               15   04/03/1975
HIGHEST            85   04/10                         87  04/12
LOWEST             31   04/12                         18  04/07
                        04/11
AVG. MAXIMUM     70.3              67.7     2.6     64.2
AVG. MINIMUM     46.3              44.5     1.8     37.3
MEAN             58.3              56.1     2.2     50.7
DAYS MAX >= 90      0               0.4    -0.4        0
DAYS MAX <= 32      0               0.0     0.0        0
DAYS MIN <= 32      2               2.4    -0.4       11
DAYS MIN <= 0       0               0.0     0.0        0

PRECIPITATION (INCHES)
RECORD
 MAXIMUM        12.42   1944
 MINIMUM         0.22   1963
TOTALS           2.45              2.59   -0.14     1.76
DAILY AVG.       0.08              0.09   -0.01     0.06
DAYS >= .01         7               8.0    -1.0        7
DAYS >= .10         3               4.9    -1.9        2
DAYS >= .50         2               1.6     0.4        1
DAYS >= 1.00        1               0.6     0.4        1
GREATEST
 24 HR. TOTAL    1.03   04/30 TO 04/30

SNOWFALL (INCHES)
RECORDS
 TOTAL            6.5   1901
TOTALS            0.0               0.2    -0.2      1.0
SINCE 7/1        10.1              14.9    -4.8      2.0
SNOWDEPTH AVG.      0                MM      MM        0
DAYS >= 1.0         0               0.0     0.0        0
GREATEST
 SNOW DEPTH         0   MM                             1  04/07
 24 HR TOTAL      0.0   04/30 TO 04/30               0.8

DEGREE_DAYS
HEATING TOTAL     211               291     -80      439
 SINCE 7/1       4587              4508      79     4277
COOLING TOTAL      18                24      -6       19
 SINCE 1/1         18                26      -8       19
.................................................................

WIND (MPH)
AVERAGE WIND SPEED              12.7
HIGHEST WIND SPEED/DIRECTION    35/180    DATE  04/29
HIGHEST GUST SPEED/DIRECTION    49/180    DATE  04/28

SKY COVER
POSSIBLE SUNSHINE (PERCENT)   MM
AVERAGE SKY COVER           0.50
NUMBER OF DAYS FAIR            7
NUMBER OF DAYS PC             16
NUMBER OF DAYS CLOUDY          7

AVERAGE RH (PERCENT)     60

-  INDICATES NEGATIVE NUMBERS.
R  INDICATES RECORD WAS SET OR TIED.
MM INDICATES DATA IS MISSING.
T  INDICATES TRACE AMOUNT.

$$
