000
CXUS53 KICT 031753
CLMICT

CLIMATE REPORT
NATIONAL WEATHER SERVICE WICHITA KS
1241 PM CDT WED JUL 3 2019

...................................

...THE WICHITA EISENHOWER NATIONAL CLIMATE SUMMARY FOR THE MONTH OF JUNE 2019...

CLIMATE NORMAL PERIOD 1981 TO 2010
CLIMATE RECORD PERIOD 1888 TO 2019

WEATHER         OBSERVED          NORMAL  DEPART  LAST YEAR`S
                 VALUE   DATE(S)  VALUE   FROM    VALUE  DATE(S)
                                          NORMAL
................................................................
TEMPERATURE (F)
RECORD
 HIGH             110   06/30/1980
 LOW               43   06/02/1969
HIGHEST            98   06/21                        100  06/28
                                                          06/27
                                                          06/14
LOWEST             51   06/13                         57  06/03
AVG. MAXIMUM     86.8              86.7     0.1     92.7
AVG. MINIMUM     64.9              64.9     0.0     70.0
MEAN             75.9              75.8     0.1     81.3
DAYS MAX >= 90     11              10.5     0.5       21
DAYS MAX <= 32      0               0.0     0.0        0
DAYS MIN <= 32      0               0.0     0.0        0
DAYS MIN <= 0       0               0.0     0.0        0

PRECIPITATION (INCHES)
RECORD
 MAXIMUM        14.43   1923
 MINIMUM         0.00   1911
TOTALS           6.19              5.20    0.99     3.41
DAILY AVG.       0.21              0.17    0.04     0.11
DAYS >= .01        13              10.0     3.0        7
DAYS >= .10        10               7.1     2.9        5
DAYS >= .50         4               3.7     0.3        2
DAYS >= 1.00        2               1.9     0.1        1
GREATEST
 24 HR. TOTAL    1.58   06/16 TO 06/16

SNOWFALL (INCHES)
RECORDS
 TOTAL              T   2011
                        0
                        0
TOTALS            0.0               0.0     0.0      0.0
SINCE 7/1        10.1              14.9    -4.8      2.0
SNOWDEPTH AVG.      0                 0       0        0
DAYS >= 1.0         0               0.0     0.0        0
GREATEST
 SNOW DEPTH         0   MM                             0  MM
 24 HR TOTAL      0.0   06/30 TO 06/30               0.0

DEGREE_DAYS
HEATING TOTAL       0                 6      -6        0
 SINCE 7/1       4680              4594      86     4277
COOLING TOTAL     332               329       3      499
 SINCE 1/1        448               465     -17      837
.................................................................

WIND (MPH)
AVERAGE WIND SPEED              10.3
HIGHEST WIND SPEED/DIRECTION    47/280    DATE  06/22
HIGHEST GUST SPEED/DIRECTION    67/280    DATE  06/22

SKY COVER
POSSIBLE SUNSHINE (PERCENT)   MM
AVERAGE SKY COVER           0.50
NUMBER OF DAYS FAIR           10
NUMBER OF DAYS PC             15
NUMBER OF DAYS CLOUDY          5

AVERAGE RH (PERCENT)     66

-  INDICATES NEGATIVE NUMBERS.
R  INDICATES RECORD WAS SET OR TIED.
MM INDICATES DATA IS MISSING.
T  INDICATES TRACE AMOUNT.

$$
