000
CXUS53 KIND 011514
CLMLAF


CLIMATE REPORT
NATIONAL WEATHER SERVICE INDIANAPOLIS IN
1114 AM EDT MON JUL 1 2019

...................................

...THE LAFAYETTE IN CLIMATE SUMMARY FOR THE MONTH OF JUNE 2019...

CLIMATE NORMAL PERIOD 1981 TO 2010
CLIMATE RECORD PERIOD 9999 TO 9999

WEATHER         OBSERVED          NORMAL  DEPART  LAST YEAR`S
                 VALUE   DATE(S)  VALUE   FROM    VALUE  DATE(S)
                                          NORMAL
................................................................
TEMPERATURE (F)
HIGHEST            92   06/29                         92  06/17
LOWEST             43   06/14                         52  06/06
AVG. MAXIMUM     79.8              82.5    -2.7     83.0
AVG. MINIMUM     59.4              60.5    -1.1     64.6
MEAN             69.6              71.5    -1.9     73.8
DAYS MAX >= 90      2               4.4    -2.4        7
DAYS MAX <= 32      0               0.0     0.0        0
DAYS MIN <= 32      0               0.0     0.0        0
DAYS MIN <= 0       0               0.0     0.0        0

PRECIPITATION (INCHES)
TOTALS           5.05              4.10    0.95     5.25
DAILY AVG.       0.17              0.14    0.03     0.20
DAYS >= .01        12              10.9     1.1       12
DAYS >= .10         7               6.7     0.3        7
DAYS >= .50         3               2.7     0.3        5
DAYS >= 1.00        3               1.1     1.9        1
GREATEST
 24 HR. TOTAL    1.48   06/19 TO 06/19

DEGREE_DAYS
HEATING TOTAL      22                22       0        0
 SINCE 7/1       5993              5672     321     5946
COOLING TOTAL     167               217     -50      235
 SINCE 1/1        233               294     -61      381
.................................................................

WIND (MPH)
AVERAGE WIND SPEED              6.2
HIGHEST WIND SPEED/DIRECTION    35/310    DATE  06/30
HIGHEST GUST SPEED/DIRECTION    57/310    DATE  06/30

SKY COVER
POSSIBLE SUNSHINE (PERCENT)   MM
AVERAGE SKY COVER           0.30
NUMBER OF DAYS FAIR           17
NUMBER OF DAYS PC              9
NUMBER OF DAYS CLOUDY          4

AVERAGE RH (PERCENT)     74

WEATHER CONDITIONS. NUMBER OF DAYS WITH
THUNDERSTORM              8     MIXED PRECIP                0
HEAVY RAIN                6     RAIN                        7
LIGHT RAIN               15     FREEZING RAIN               0
LT FREEZING RAIN          0     HAIL                        0
HEAVY SNOW                0     SNOW                        0
LIGHT SNOW                0     SLEET                       0
FOG                      20     FOG W/VIS <= 1/4 MILE       4
HAZE                      1

-  INDICATES NEGATIVE NUMBERS.
R  INDICATES RECORD WAS SET OR TIED.
MM INDICATES DATA IS MISSING.
T  INDICATES TRACE AMOUNT.

$$
