000
CXUS53 KIND 011548
CLMLAF

CLIMATE REPORT
NATIONAL WEATHER SERVICE INDIANAPOLIS IN
1148 AM EDT MON JUN 01 2020

...................................

...THE LAFAYETTE IN CLIMATE SUMMARY FOR THE MONTH OF MAY 2020...

CLIMATE NORMAL PERIOD 1981 TO 2010
CLIMATE RECORD PERIOD 9999 TO 9999

WEATHER         OBSERVED          NORMAL  DEPART   LAST YEAR`S
                VALUE   DATE(S)   VALUE   FROM     VALUE DATE(S)
                                          NORMAL
................................................................
TEMPERATURE (F)
HIGHEST           91   05/24                          86  05/18
                       05/25
LOWEST            28R  05/09                          36  05/14
AVG. MAXIMUM    73.0               73.1    -0.1     72.4
AVG. MINIMUM    53.1               50.7     2.4     51.2
MEAN            63.1               61.9     1.2     61.8
DAYS MAX >= 90     2                0.7     1.3        0
DAYS MAX <= 32     0                0.0     0.0        0
DAYS MIN <= 32     1                0.3     0.7        0
DAYS MIN <= 0      0                0.0     0.0        0

PRECIPITATION (INCHES)
TOTALS          2.54R              4.19   -1.65     5.85
DAILY AVG.      0.08               0.14   -0.06     0.19
DAYS >= .01       11               11.9    -0.9       18
DAYS >= .10        7                8.0    -1.0       14
DAYS >= .50        1                2.9    -1.9        4
DAYS >= 1.00       1                1.1    -0.1        1
GREATEST
 24 HR. TOTAL   1.24   05/17 TO 05/17


DEGREE DAYS
HEATING TOTAL    160                160       0      158
 SINCE 7/1      5225               5649    -424     5971
COOLING TOTAL    110                 64      46       66
 SINCE 1/1       119                 77      42       66
................................................................

WIND (MPH)
AVERAGE WIND SPEED              7.2
HIGHEST WIND SPEED/DIRECTION    29/340    DATE  05/08
HIGHEST GUST SPEED/DIRECTION    40/350    DATE  05/08
                                40/330          05/10

SKY COVER
POSSIBLE SUNSHINE (PERCENT)   MM
AVERAGE SKY COVER           0.52
NUMBER OF DAYS FAIR           11
NUMBER OF DAYS PC             12
NUMBER OF DAYS CLOUDY          8

AVERAGE RH (PERCENT)     66

WEATHER CONDITIONS. NUMBER OF DAYS WITH
THUNDERSTORM              6     MIXED PRECIP               0
HEAVY RAIN                5     RAIN                       7
LIGHT RAIN               16     FREEZING RAIN              0
LT FREEZING RAIN          0     HAIL                       0
HEAVY SNOW                0     SNOW                       0
LIGHT SNOW                0     SLEET                      0
FOG                      10     FOG W/VIS <= 1/4 MILE      1
HAZE                      5

-  INDICATES NEGATIVE NUMBERS.
R  INDICATES RECORD WAS SET OR TIED.
MM INDICATES DATA IS MISSING.
T  INDICATES TRACE AMOUNT.

$$
