000
CXUS54 KTSA 210850
CF6FSM
PRELIMINARY LOCAL CLIMATOLOGICAL DATA (WS FORM: F-6)

                                          STATION:   FORT SMITH ARKANSAS
                                          MONTH:     OCTOBER
                                          YEAR:      2021
                                          LATITUDE:   35 19 N
                                          LONGITUDE:  94 22 W

  TEMPERATURE IN F:       :PCPN:    SNOW:  WIND      :SUNSHINE: SKY     :PK WND
================================================================================
1   2   3   4   5  6A  6B    7    8   9   10  11  12  13   14  15   16   17  18
                                     12Z  AVG MX 2MIN
DY MAX MIN AVG DEP HDD CDD  WTR  SNW DPTH SPD SPD DIR MIN PSBL S-S WX    SPD DR
================================================================================

 1  80  70  75   6   0  10 0.46  0.0    0  4.4 13 270   M    M   8 13     15 120
 2  83  67  75   6   0  10 0.10  0.0    0  3.7 23 320   M    M   7 138    30 330
 3  83  63  73   5   0   8 0.00  0.0    0  4.5 13 300   M    M   2 12     19 310
 4  86  58  72   4   0   7 0.00  0.0    0  3.9 14 350   M    M   1 18     19 360
 5  85  54  70   2   0   5 0.00  0.0    0  2.0 12 360   M    M   1        15 350
 6  85  58  72   5   0   7    T  0.0    0  4.2 22  50   M    M   1 8      27  50
 7  87  62  75   8   0  10 0.00  0.0    0  3.4  9 300   M    M   3 12     14 300
 8  94  62  78  11   0  13 0.00  0.0    0  6.8 20 210   M    M   0        28 230
 9  95  63  79  13   0  14 0.00  0.0    0  5.3 21 210   M    M   0        30 190
10  89  63  76  10   0  11 0.08  0.0    0  8.8 20 180   M    M   2 3      31 190
11  80  54  67   2   0   2 0.05  0.0    0 12.1 24 280   M    M   4 13     35 160
12  84  52  68   3   0   3 0.01  0.0    0  7.8 16 110   M    M   3 1      22 100
13  80  68  74   9   0   9 4.56  0.0    0  6.4 28 270   M    M   8 13     33 260
14  74  66  70   6   0   5 0.89  0.0    0  3.9 12 260   M    M  10 12     16 130
15  73  50  62  -2   3   0 1.39  0.0    0  7.6 28 290   M    M   7 123    33 300
16  71  46  59  -5   6   0 0.00  0.0    0  4.4 15 360   M    M   0        22 360
17  76  44  60  -3   5   0 0.00  0.0    M  1.9 10 270   M    M   0 1      13 250
18  76  47  62  -1   3   0 0.00  0.0    M  4.6 13 120   M    M   0        17 110
19  78  51  65   3   0   0 0.00  0.0    M  6.7 13 150   M    M   0        20 150
20  80  54  67   5   0   2 0.00  0.0    0  5.6 15 200   M    M   5 8      22 200
================================================================================
SM 1639 1152        17 116  7.54  0.0    108.0          M       62
================================================================================
AV 82.0 57.6                               5.4 FASTST   M    M   3    MAX(MPH)
                                 MISC ---->  # 28 270                 35 160
================================================================================
NOTES:
# LAST OF SEVERAL OCCURRENCES

COLUMN 17 PEAK WIND IN M.P.H.

PRELIMINARY LOCAL CLIMATOLOGICAL DATA (WS FORM: F-6) , PAGE 2

                                          STATION:   FORT SMITH ARKANSAS
                                          MONTH:     OCTOBER
                                          YEAR:      2021
                                          LATITUDE:   35 19 N
                                          LONGITUDE:  94 22 W

[TEMPERATURE DATA]      [PRECIPITATION DATA]       SYMBOLS USED IN COLUMN 16

AVERAGE MONTHLY: 69.8   TOTAL FOR MONTH:   7.54    1 = FOG OR MIST
DPTR FM NORMAL:   4.2   DPTR FM NORMAL:    4.81    2 = FOG REDUCING VISIBILITY
HIGHEST:    95 ON  9    GRTST 24HR  5.40 ON 13-14      TO 1/4 MILE OR LESS
LOWEST:     44 ON 17                               3 = THUNDER
                        SNOW, ICE PELLETS, HAIL    4 = ICE PELLETS
                        TOTAL MONTH:   0.0 INCH    5 = HAIL
                        GRTST 24HR  0.0            6 = FREEZING RAIN OR DRIZZLE
                        GRTST DEPTH:  0            7 = DUSTSTORM OR SANDSTORM:
                                                       VSBY 1/2 MILE OR LESS
                                                   8 = SMOKE OR HAZE
[NO. OF DAYS WITH]      [WEATHER - DAYS WITH]      9 = BLOWING SNOW
                                                   X = TORNADO
MAX 32 OR BELOW:   0    0.01 INCH OR MORE:   8
MAX 90 OR ABOVE:   2    0.10 INCH OR MORE:   5
MIN 32 OR BELOW:   0    0.50 INCH OR MORE:   3
MIN  0 OR BELOW:   0    1.00 INCH OR MORE:   2

[HDD (BASE 65) ]
TOTAL THIS MO.    17    CLEAR  (SCALE 0-3)  13
DPTR FM NORMAL   -37    PTCLDY (SCALE 4-7)   6
TOTAL FM JUL 1    17    CLOUDY (SCALE 8-10)  1
DPTR FM NORMAL   -47

[CDD (BASE 65) ]
TOTAL THIS MO.   116
DPTR FM NORMAL    49    [PRESSURE DATA]
TOTAL FM JAN 1  2227    HIGHEST SLP M ON M
DPTR FM NORMAL    75    LOWEST  SLP 29.49 ON 11

[REMARKS]
