000
CXUS54 KTSA 250950
CF6FSM
PRELIMINARY LOCAL CLIMATOLOGICAL DATA (WS FORM: F-6)

                                          STATION:   FORT SMITH ARKANSAS
                                          MONTH:     NOVEMBER
                                          YEAR:      2020
                                          LATITUDE:   35 19 N
                                          LONGITUDE:  94 22 W

  TEMPERATURE IN F:       :PCPN:    SNOW:  WIND      :SUNSHINE: SKY     :PK WND
================================================================================
1   2   3   4   5  6A  6B    7    8   9   10  11  12  13   14  15   16   17  18
                                     12Z  AVG MX 2MIN
DY MAX MIN AVG DEP HDD CDD  WTR  SNW DPTH SPD SPD DIR MIN PSBL S-S WX    SPD DR
================================================================================

 1  66  38  52  -6  13   0 0.00  0.0    M  5.8 21 350   M    M   0        30 360
 2  65  34  50  -7  15   0 0.00  0.0    M  2.5  9 220   M    M   0        13 290
 3  76  38  57   0   8   0 0.00  0.0    M  3.2 12 210   M    M   0 8      15 210
 4  74  42  58   2   7   0 0.00  0.0    M  4.4 12 170   M    M   0        16 180
 5  77  50  64   8   1   0 0.00  0.0    M  4.7 10  40   M    M   1        15  40
 6  75  51  63   7   2   0 0.00  0.0    M  4.9 10 150   M    M   0 1      15 120
 7  77  48  63   8   2   0 0.00  0.0    M  5.7 13 150   M    M   2        18 140
 8  78  58  68  13   0   3 0.00  0.0    M  7.4 17 130   M    M   6 1      26 140
 9  78  63  71  17   0   6 0.01  0.0    M  7.6 15 160   M    M   5 1      22 140
10  79  44  62   8   3   0    T  0.0    M  8.3 24 280   M    M   6 1      36 260
11  64  37  51  -3  14   0 0.00  0.0    M  4.4 10  60   M    M   0        14  30
12  66  41  54   1  11   0    T  0.0    M  7.1 15  80   M    M   3        20  80
13  68  42  55   2  10   0 0.00  0.0    M  6.7 13 110   M    M   4        18 130
14  77  52  65  13   0   0    T  0.0    M 12.5 39 310   M    M   6 3      60 300
15  63  39  51  -1  14   0 0.00  0.0    M  9.6 23 310   M    M   0 8      36 310
16  70  34  52   1  13   0 0.00  0.0    0  3.0 12 250   M    M   0        16 260
17  70  34  52   1  13   0 0.00  0.0    0  5.0 13 110   M    M   0        17 160
18  73  39  56   6   9   0 0.00  0.0    0  7.1 15 150   M    M   0        22 110
19  76  39  58   8   7   0 0.00  0.0    M  5.9 16 210   M    M   0        22 210
20  75  50  63  13   2   0 0.00  0.0    M  5.8 15 220   M    M   4        21 230
21  72  56  64  15   1   0    T  0.0    M  5.2 18 280   M    M   8        24 280
22  59  39  49   0  16   0 1.04  0.0    M  8.6 16  10   M    M   8 13     22 340
23  58  35  47  -1  18   0    T  0.0    M  6.2 14 110   M    M   3 12     19 100
24  57  46  52   4  13   0 0.57  0.0    0 10.4 16 300   M    M   9 13     24 300
================================================================================
SM 1693 1049       192   9  1.62  0.0    152.0          M       65
================================================================================
AV 70.5 43.7                               6.3 FASTST   M    M   3    MAX(MPH)
                                 MISC ---->    39 310                 60 300
================================================================================
NOTES:
# LAST OF SEVERAL OCCURRENCES

COLUMN 17 PEAK WIND IN M.P.H.

PRELIMINARY LOCAL CLIMATOLOGICAL DATA (WS FORM: F-6) , PAGE 2

                                          STATION:   FORT SMITH ARKANSAS
                                          MONTH:     NOVEMBER
                                          YEAR:      2020
                                          LATITUDE:   35 19 N
                                          LONGITUDE:  94 22 W

[TEMPERATURE DATA]      [PRECIPITATION DATA]       SYMBOLS USED IN COLUMN 16

AVERAGE MONTHLY: 57.1   TOTAL FOR MONTH:   1.62    1 = FOG OR MIST
DPTR FM NORMAL:   4.3   DPTR FM NORMAL:   -1.97    2 = FOG REDUCING VISIBILITY
HIGHEST:    79 ON 10    GRTST 24HR  1.04 ON 21-22      TO 1/4 MILE OR LESS
LOWEST:     34 ON 17,16                             3 = THUNDER
                        SNOW, ICE PELLETS, HAIL    4 = ICE PELLETS
                        TOTAL MONTH:   0.0 INCH    5 = HAIL
                        GRTST 24HR  0.0            6 = FREEZING RAIN OR DRIZZLE
                        GRTST DEPTH:  0            7 = DUSTSTORM OR SANDSTORM:
                                                       VSBY 1/2 MILE OR LESS
                                                   8 = SMOKE OR HAZE
[NO. OF DAYS WITH]      [WEATHER - DAYS WITH]      9 = BLOWING SNOW
                                                   X = TORNADO
MAX 32 OR BELOW:   0    0.01 INCH OR MORE:   3
MAX 90 OR ABOVE:   0    0.10 INCH OR MORE:   2
MIN 32 OR BELOW:   0    0.50 INCH OR MORE:   2
MIN  0 OR BELOW:   0    1.00 INCH OR MORE:   1

[HDD (BASE 65) ]
TOTAL THIS MO.   192    CLEAR  (SCALE 0-3)  15
DPTR FM NORMAL  -108    PTCLDY (SCALE 4-7)   8
TOTAL FM JUL 1   368    CLOUDY (SCALE 8-10)  1
DPTR FM NORMAL   -86

[CDD (BASE 65) ]
TOTAL THIS MO.     9
DPTR FM NORMAL     2    [PRESSURE DATA]
TOTAL FM JAN 1  2075    HIGHEST SLP M ON M
DPTR FM NORMAL    22    LOWEST  SLP 29.62 ON 14

[REMARKS]
