000
CXUS54 KTSA 240840
CF6FSM
PRELIMINARY LOCAL CLIMATOLOGICAL DATA (WS FORM: F-6)

                                          STATION:   FORT SMITH ARKANSAS
                                          MONTH:     MAY
                                          YEAR:      2018
                                          LATITUDE:   35 19 N
                                          LONGITUDE:  94 22 W

  TEMPERATURE IN F:       :PCPN:    SNOW:  WIND      :SUNSHINE: SKY     :PK WND
================================================================================
1   2   3   4   5  6A  6B    7    8   9   10  11  12  13   14  15   16   17  18
                                     12Z  AVG MX 2MIN
DY MAX MIN AVG DEP HDD CDD  WTR  SNW DPTH SPD SPD DIR MIN PSBL S-S WX    SPD DR
================================================================================

 1  80  56  68   2   0   3 0.00  0.0    0  6.0 16 150   M    M   6        23 180
 2  84  70  77  11   0  12 0.02  0.0    0  5.9 16 140   M    M   9 13     23 140
 3  76  64  70   4   0   5 1.10  0.0    0  6.4 26 300   M    M   7 13     32 300
 4  71  58  65  -2   0   0 0.09  0.0    0  6.5 14 300   M    M   3 13     16 280
 5  84  55  70   3   0   5 0.00  0.0    0  5.3 15 360   M    M   2 1      20  10
 6  87  56  72   5   0   7 0.00  0.0    0  3.7 16 260   M    M   0        21 260
 7  92  60  76   8   0  11 0.00  0.0    0  1.7  8  50   M    M   0        10  50
 8  91  63  77   9   0  12 0.00  0.0    0  6.2 14 180   M    M   0        21 180
 9  92  68  80  12   0  15    T  0.0    0  8.2 24 260   M    M   0        30 250
10  86  64  75   7   0  10 0.00  0.0    0  5.3 15 170   M    M   0        20 180
11  88  62  75   6   0  10 0.00  0.0    0  8.1 22 210   M    M   0        31 220
12  87  67  77   8   0  12 0.00  0.0    0  6.5 21 190   M    M   1        27 190
13  90  66  78   9   0  13 0.00  0.0    0  4.6 15 220   M    M   1 1      19 190
14  91  68  80  11   0  15 0.00  0.0    0  6.4 18 230   M    M   1        24 240
15  84  66  75   5   0  10 0.35  0.0    0  5.3 26  20   M    M   3 13     35  20
16  83  65  74   4   0   9    T  0.0    0  4.2 24 310   M    M   4 123    31 320
17  88  62  75   5   0  10 0.00  0.0    0  3.9 13 270   M    M   2 12     16 280
18  90  65  78   8   0  13 0.00  0.0    0  5.9 12 120   M    M   1        14 120
19  89  70  80   9   0  15 0.00  0.0    0  5.3 16 190   M    M   0        21 170
20  88  69  79   8   0  14    T  0.0    0  5.3 33 290   M    M   1 3      39 290
21  89  69  79   8   0  14 0.00  0.0    0  3.1 13 160   M    M   4        15 160
22  88  68  78   7   0  13 0.00  0.0    0  3.0 16 180   M    M   1 13     25 190
23  89  68  79   7   0  14 0.03  0.0    0  5.2 15  60   M    M   1 3      19  60
================================================================================
SM 1987 1479         0 242  1.59     0.0 122.0          M       47
================================================================================
AV 86.4 64.3                               5.3 FASTST   M    M   2    MAX(MPH)
                                 MISC ---->  # 33 290               # 39  290
================================================================================
NOTES:
# LAST OF SEVERAL OCCURRENCES

COLUMN 17 PEAK WIND IN M.P.H.

PRELIMINARY LOCAL CLIMATOLOGICAL DATA (WS FORM: F-6) , PAGE 2

                                          STATION:  FORT SMITH ARKANSAS
                                          MONTH:    MAY
                                          YEAR:     2018
                                          LATITUDE:   35 19 N
                                          LONGITUDE:  94 22 W

[TEMPERATURE DATA]      [PRECIPITATION DATA]       SYMBOLS USED IN COLUMN 16

AVERAGE MONTHLY: 75.4   TOTAL FOR MONTH:   1.59    1 = FOG OR MIST
DPTR FM NORMAL:   6.5   DPTR FM NORMAL:   -2.55    2 = FOG REDUCING VISIBILITY
HIGHEST:    92 ON  9, 7 GRTST 24HR  1.10 ON  3- 3      TO 1/4 MILE OR LESS
LOWEST:     55 ON  5                               3 = THUNDER
                        SNOW, ICE PELLETS, HAIL    4 = ICE PELLETS
                        TOTAL MONTH:   0.0 INCH    5 = HAIL
                        GRTST 24HR     0.0         6 = FREEZING RAIN OR DRIZZLE
                        GRTST DEPTH:   0           7 = DUSTSTORM OR SANDSTORM:
                                                       VSBY 1/2 MILE OR LESS
                                                   8 = SMOKE OR HAZE
[NO. OF DAYS WITH]      [WEATHER - DAYS WITH]      9 = BLOWING SNOW
                                                   X = TORNADO
MAX 32 OR BELOW:   0    0.01 INCH OR MORE:   5
MAX 90 OR ABOVE:   6    0.10 INCH OR MORE:   2
MIN 32 OR BELOW:   0    0.50 INCH OR MORE:   1
MIN  0 OR BELOW:   0    1.00 INCH OR MORE:   1

[HDD (BASE 65) ]
TOTAL THIS MO.     0    CLEAR  (SCALE 0-3)  17
DPTR FM NORMAL   -26    PTCLDY (SCALE 4-7)   5
TOTAL FM JUL 1  3046    CLOUDY (SCALE 8-10)  1
DPTR FM NORMAL  -195

[CDD (BASE 65) ]
TOTAL THIS MO.   242
DPTR FM NORMAL   130    [PRESSURE DATA]
TOTAL FM JAN 1   262    HIGHEST SLP M ON M
DPTR FM NORMAL    84    LOWEST  SLP 29.77 ON 18

[REMARKS]
