092
CXUS54 KTSA 251326
CF6RVS
PRELIMINARY LOCAL CLIMATOLOGICAL DATA (WS FORM: F-6)

                                          STATION:   TULSA-RIVERSIDE  OKLAHOMA
                                          MONTH:     NOVEMBER
                                          YEAR:      2020
                                          LATITUDE:   36  2 N
                                          LONGITUDE:  95 59 W

  TEMPERATURE IN F:       :PCPN:    SNOW:  WIND      :SUNSHINE: SKY     :PK WND
================================================================================
1   2   3   4   5  6A  6B    7    8   9   10  11  12  13   14  15   16   17  18
                                     12Z  AVG MX 2MIN
DY MAX MIN AVG DEP HDD CDD  WTR  SNW DPTH SPD SPD DIR MIN PSBL S-S WX    SPD DR
================================================================================

 1  65  38  52  -4  13   0 0.00  0.0    M  5.2 17  30   M    M   0 18     23  20
 2  71  34  53  -2  12   0 0.00  0.0    M  4.0 17 200   M    M   0 18     23 180
 3  78  38  58   3   7   0 0.00  0.0    M  4.8 14 180   M    M   0        23 170
 4  74  42  58   3   7   0 0.00  0.0    M  7.5 22 200   M    M   0        31 210
 5  76  47  62   8   3   0 0.00  0.0    M  3.1 12 170   M    M   0 1      18 160
 6  75  46  61   7   4   0 0.00  0.0    M  4.1 14 160   M    M   1 12     21 170
 7  74  45  60   6   5   0 0.00  0.0    M  5.7 15 140   M    M   0 1      22 180
 8  74  54  64  11   1   0 0.00  0.0    M  9.7 23 170   M    M   6        34 160
 9  78  63  71  18   0   6 0.00  0.0    M 10.4 24 190   M    M   7        36 180
10  69  38  54   2  11   0 0.18  0.0    M  7.8 21 190   M    M   4 1      31 190
11  60  32  46  -6  19   0 0.00  0.0    M  3.9 12  60   M    M   0        17  20
12  72  36  54   3  11   0 0.00  0.0    M  6.8 16 360   M    M   1        28 360
13  56  31  44  -7  21   0 0.00  0.0    M  4.6 16  20   M    M   3 8      25  40
14  78  52  65  15   0   0 0.15  0.0    M 10.5 24 200   M    M   7 13     40 340
15  60  33  47  -3  18   0 0.00  0.0    M  4.4 16 310   M    M   0        32 320
16  70  31  51   1  14   0 0.00  0.0    M  2.1 13 230   M    M   0        20 240
17  69  33  51   2  14   0 0.00  0.0    M  5.1 16 180   M    M   0        22 180
18  70  46  58   9   7   0 0.00  0.0    M 11.5 24 190   M    M   0        38 200
19  75  57  66  18   0   1 0.00  0.0    M 14.5 28 200   M    M   0        42 220
20  74  54  64  16   1   0 0.00  0.0    M  6.9 16 180   M    M   5        24 200
21  63  45  54   7  11   0 0.02  0.0    M  6.3 10 350   M    M  10 1      19 340
22  53  33  43  -4  22   0 0.10  0.0    M  5.8 14 360   M    M   8 1      22 340
23  55  29  42  -4  23   0 0.00  0.0    M  6.9 20 170   M    M   4 1      29 180
24  54  47  51   5  14   0 0.25  0.0    M  8.1 16 140   M    M   9 13     27 230
================================================================================
SM 1643 1004       238   7  0.70  0.0    159.7          M       65
================================================================================
AV 68.5 41.8                               6.7 FASTST   M    M   3    MAX(MPH)
                                 MISC ---->    28 200                 42 220
================================================================================
NOTES:
# LAST OF SEVERAL OCCURRENCES

COLUMN 17 PEAK WIND IN M.P.H.

PRELIMINARY LOCAL CLIMATOLOGICAL DATA (WS FORM: F-6) , PAGE 2

                                          STATION:   TULSA-RIVERSIDE  OKLAHOMA
                                          MONTH:     NOVEMBER
                                          YEAR:      2020
                                          LATITUDE:   36  2 N
                                          LONGITUDE:  95 59 W

[TEMPERATURE DATA]      [PRECIPITATION DATA]       SYMBOLS USED IN COLUMN 16

AVERAGE MONTHLY: 55.1   TOTAL FOR MONTH:   0.70    1 = FOG OR MIST
DPTR FM NORMAL:   4.1   DPTR FM NORMAL:   -1.99    2 = FOG REDUCING VISIBILITY
HIGHEST:    78 ON 14, 9  GRTST 24HR  0.25 ON 24-24      TO 1/4 MILE OR LESS
LOWEST:     29 ON 23                               3 = THUNDER
                        SNOW, ICE PELLETS, HAIL    4 = ICE PELLETS
                        TOTAL MONTH:   0.0 INCH    5 = HAIL
                        GRTST 24HR  0.0            6 = FREEZING RAIN OR DRIZZLE
                        GRTST DEPTH:  M  ON   M    7 = DUSTSTORM OR SANDSTORM:
                                                       VSBY 1/2 MILE OR LESS
                                                   8 = SMOKE OR HAZE
[NO. OF DAYS WITH]      [WEATHER - DAYS WITH]      9 = BLOWING SNOW
                                                   X = TORNADO
MAX 32 OR BELOW:   0    0.01 INCH OR MORE:   5
MAX 90 OR ABOVE:   0    0.10 INCH OR MORE:   4
MIN 32 OR BELOW:   4    0.50 INCH OR MORE:   0
MIN  0 OR BELOW:   0    1.00 INCH OR MORE:   0

[HDD (BASE 65) ]
TOTAL THIS MO.   238    CLEAR  (SCALE 0-3)  15
DPTR FM NORMAL  -101    PTCLDY (SCALE 4-7)   7
TOTAL FM JUL 1   437    CLOUDY (SCALE 8-10)  2
DPTR FM NORMAL   -97

[CDD (BASE 65) ]
TOTAL THIS MO.     7
DPTR FM NORMAL     6    [PRESSURE DATA]
TOTAL FM JAN 1  2341    HIGHEST SLP M ON M
DPTR FM NORMAL   429    LOWEST  SLP 29.54 ON 14

[REMARKS]
