000
CXUS54 KTSA 250950
CF6TUL
PRELIMINARY LOCAL CLIMATOLOGICAL DATA (WS FORM: F-6)

                                          STATION:   TULSA OKLAHOMA
                                          MONTH:     NOVEMBER
                                          YEAR:      2020
                                          LATITUDE:   36 12 N
                                          LONGITUDE:  95 54 W

  TEMPERATURE IN F:       :PCPN:    SNOW:  WIND      :SUNSHINE: SKY     :PK WND
================================================================================
1   2   3   4   5  6A  6B    7    8   9   10  11  12  13   14  15   16   17  18
                                     12Z  AVG MX 2MIN
DY MAX MIN AVG DEP HDD CDD  WTR  SNW DPTH SPD SPD DIR MIN PSBL S-S WX    SPD DR
================================================================================

 1  61  38  50  -7  15   0 0.00  0.0    M  5.8 17 360   M    M   0        23 360
 2  69  34  52  -4  13   0 0.00  0.0    M  7.7 17 180   M    M   0        23 170
 3  78  45  62   6   3   0 0.00  0.0    M  9.9 18 170   M    M   1        23 170
 4  76  54  65   9   0   0 0.00  0.0    M 13.0 23 200   M    M   5        34 190
 5  76  51  64   9   1   0 0.00  0.0    M  7.6 14 150   M    M   1        19 150
 6  76  48  62   7   3   0 0.00  0.0    M  8.0 16 160   M    M   3 12     23 170
 7  76  52  64  10   1   0 0.00  0.0    M  9.6 21 170   M    M   0        27 140
 8  76  60  68  14   0   3 0.00  0.0    M 12.5 26 170   M    M   5        35 180
 9  79  64  72  19   0   7 0.00  0.0    M 13.4 24 180   M    M   7        34 180
10  71  39  55   2  10   0 0.25  0.0    M 11.5 32 280   M    M   5 1      41 280
11  62  33  48  -4  17   0 0.00  0.0    M  4.0 10  50   M    M   0        15  60
12  73  37  55   3  10   0 0.00  0.0    M  9.5 21 350   M    M   3        29 170
13  57  33  45  -7  20   0 0.00  0.0    M  5.6 15 360   M    M   6        21  10
14  79  54  67  16   0   2 0.46  0.0    M 15.2 35 330   M    M   7 13     47 320
15  62  39  51   0  14   0 0.00  0.0    M  8.5 25 310   M    M   1        37 300
16  72  38  55   5  10   0 0.00  0.0    0  5.2 15 240   M    M   0        22 230
17  70  36  53   3  12   0 0.00  0.0    0  7.8 18 170   M    M   1        25 140
18  72  45  59  10   6   0 0.00  0.0    0 14.0 26 180   M    M   1        36 190
19  77  58  68  19   0   3 0.00  0.0    M 19.3 37 190   M    M   1        50 190
20  74  57  66  18   0   1    T  0.0    M  8.9 20 190   M    M   5        27 180
21  62  46  54   6  11   0 0.21  0.0    M  8.4 17 340   M    M  10 13     23 340
22  55  38  47   0  18   0 0.43  0.0    M  7.9 17 350   M    M   7 1      23 350
23  56  32  44  -3  21   0 0.00  0.0    M  9.7 22 170   M    M   6 1      31 170
24  56  50  53   7  12   0 0.50  0.0    0 14.2 30 260   M    M   9 13     44 260
================================================================================
SM 1665 1081       197  16  1.85  0.0    237.2          M       84
================================================================================
AV 69.4 45.0                               9.9 FASTST   M    M   4    MAX(MPH)
                                 MISC ---->    37 190                 50 190
================================================================================
NOTES:
# LAST OF SEVERAL OCCURRENCES

COLUMN 17 PEAK WIND IN M.P.H.

PRELIMINARY LOCAL CLIMATOLOGICAL DATA (WS FORM: F-6) , PAGE 2

                                          STATION:   TULSA OKLAHOMA
                                          MONTH:     NOVEMBER
                                          YEAR:      2020
                                          LATITUDE:   36 12 N
                                          LONGITUDE:  95 54 W

[TEMPERATURE DATA]      [PRECIPITATION DATA]       SYMBOLS USED IN COLUMN 16

AVERAGE MONTHLY: 57.2   TOTAL FOR MONTH:   1.85    1 = FOG OR MIST
DPTR FM NORMAL:   5.5   DPTR FM NORMAL:   -0.47    2 = FOG REDUCING VISIBILITY
HIGHEST:    79 ON 14, 9  GRTST 24HR  0.64 ON 21-22      TO 1/4 MILE OR LESS
LOWEST:     32 ON 23                               3 = THUNDER
                        SNOW, ICE PELLETS, HAIL    4 = ICE PELLETS
                        TOTAL MONTH:   0.0 INCH    5 = HAIL
                        GRTST 24HR  0.0            6 = FREEZING RAIN OR DRIZZLE
                        GRTST DEPTH:  0            7 = DUSTSTORM OR SANDSTORM:
                                                       VSBY 1/2 MILE OR LESS
                                                   8 = SMOKE OR HAZE
[NO. OF DAYS WITH]      [WEATHER - DAYS WITH]      9 = BLOWING SNOW
                                                   X = TORNADO
MAX 32 OR BELOW:   0    0.01 INCH OR MORE:   5
MAX 90 OR ABOVE:   0    0.10 INCH OR MORE:   5
MIN 32 OR BELOW:   1    0.50 INCH OR MORE:   1
MIN  0 OR BELOW:   0    1.00 INCH OR MORE:   0

[HDD (BASE 65) ]
TOTAL THIS MO.   197    CLEAR  (SCALE 0-3)  13
DPTR FM NORMAL  -131    PTCLDY (SCALE 4-7)   9
TOTAL FM JUL 1   452    CLOUDY (SCALE 8-10)  2
DPTR FM NORMAL   -62

[CDD (BASE 65) ]
TOTAL THIS MO.    16
DPTR FM NORMAL     8    [PRESSURE DATA]
TOTAL FM JAN 1  2046    HIGHEST SLP M ON M
DPTR FM NORMAL    10    LOWEST  SLP 29.47 ON 14

[REMARKS]
