000
CXUS54 KTSA 210850
CF6TUL
PRELIMINARY LOCAL CLIMATOLOGICAL DATA (WS FORM: F-6)

                                          STATION:   TULSA OKLAHOMA
                                          MONTH:     OCTOBER
                                          YEAR:      2021
                                          LATITUDE:   36 12 N
                                          LONGITUDE:  95 54 W

  TEMPERATURE IN F:       :PCPN:    SNOW:  WIND      :SUNSHINE: SKY     :PK WND
================================================================================
1   2   3   4   5  6A  6B    7    8   9   10  11  12  13   14  15   16   17  18
                                     12Z  AVG MX 2MIN
DY MAX MIN AVG DEP HDD CDD  WTR  SNW DPTH SPD SPD DIR MIN PSBL S-S WX    SPD DR
================================================================================

 1  80  64  72   4   0   7 0.00  0.0    0  2.3  8 290   M    M   8        12 230
 2  81  64  73   5   0   8 1.68  0.0    0  4.2 17 320   M    M   7 13     21 270
 3  84  61  73   6   0   8 0.00  0.0    0  4.9 16 300   M    M   1 8      21 300
 4  84  54  69   2   0   4 0.00  0.0    0  4.6 15 350   M    M   2 18     21 340
 5  83  52  68   2   0   3 0.00  0.0    0  6.1 16  50   M    M   1        24  50
 6  81  57  69   3   0   4 0.00  0.0    0  4.6 12 350   M    M   4 18     16 340
 7  86  57  72   6   0   7 0.00  0.0    0  4.5 13 130   M    M   1 1      18 160
 8  93  64  79  14   0  14 0.00  0.0    0 13.1 23 190   M    M   3        30 180
 9  93  74  84  19   0  19 0.00  0.0    0 18.5 32 190   M    M   6        46 180
10  82  69  76  11   0  11 0.39  0.0    0 14.4 25 150   M    M   6 13     39 160
11  78  57  68   4   0   3 0.08  0.0    0 11.3 35 240   M    M   4 1      51 210
12  80  52  66   2   0   1    T  0.0    0 10.9 25 150   M    M   5        35 150
13  77  62  70   7   0   5 0.87  0.0    0 12.3 29 250   M    M   9 13     43 250
14  73  62  68   5   0   3 0.05  0.0    0  2.7 14 130   M    M   8 1      17 130
15  70  49  60  -3   5   0 0.70  0.0    0 11.7 25 340   M    M   5 13     33 350
16  72  43  58  -4   7   0 0.00  0.0    0  4.5 14 300   M    M   0 8      21 290
17  77  46  62   0   3   0 0.00  0.0    M  6.9 15 170   M    M   1        21 180
18  74  47  61  -1   4   0 0.00  0.0    M 10.1 21 170   M    M   1        27 150
19  78  58  68   7   0   3 0.00  0.0    M 13.5 24 170   M    M   4        33 170
20  75  53  64   3   1   0 0.00  0.0    0  7.9 16 200   M    M   4        23 200
================================================================================
SM 1601 1145        20 100  3.77  0.0    169.0          M       80
================================================================================
AV 80.1 57.3                               8.4 FASTST   M    M   4    MAX(MPH)
                                 MISC ---->    35 240                 51 210
================================================================================
NOTES:
# LAST OF SEVERAL OCCURRENCES

COLUMN 17 PEAK WIND IN M.P.H.

PRELIMINARY LOCAL CLIMATOLOGICAL DATA (WS FORM: F-6) , PAGE 2

                                          STATION:   TULSA OKLAHOMA
                                          MONTH:     OCTOBER
                                          YEAR:      2021
                                          LATITUDE:   36 12 N
                                          LONGITUDE:  95 54 W

[TEMPERATURE DATA]      [PRECIPITATION DATA]       SYMBOLS USED IN COLUMN 16

AVERAGE MONTHLY: 68.7   TOTAL FOR MONTH:   3.77    1 = FOG OR MIST
DPTR FM NORMAL:   4.3   DPTR FM NORMAL:    1.37    2 = FOG REDUCING VISIBILITY
HIGHEST:    93 ON  9, 8  GRTST 24HR  1.68 ON  2- 2      TO 1/4 MILE OR LESS
LOWEST:     43 ON 16                               3 = THUNDER
                        SNOW, ICE PELLETS, HAIL    4 = ICE PELLETS
                        TOTAL MONTH:   0.0 INCH    5 = HAIL
                        GRTST 24HR  0.0            6 = FREEZING RAIN OR DRIZZLE
                        GRTST DEPTH:  0            7 = DUSTSTORM OR SANDSTORM:
                                                       VSBY 1/2 MILE OR LESS
                                                   8 = SMOKE OR HAZE
[NO. OF DAYS WITH]      [WEATHER - DAYS WITH]      9 = BLOWING SNOW
                                                   X = TORNADO
MAX 32 OR BELOW:   0    0.01 INCH OR MORE:   6
MAX 90 OR ABOVE:   2    0.10 INCH OR MORE:   4
MIN 32 OR BELOW:   0    0.50 INCH OR MORE:   3
MIN  0 OR BELOW:   0    1.00 INCH OR MORE:   1

[HDD (BASE 65) ]
TOTAL THIS MO.    20    CLEAR  (SCALE 0-3)   8
DPTR FM NORMAL   -53    PTCLDY (SCALE 4-7)  11
TOTAL FM JUL 1    20    CLOUDY (SCALE 8-10)  1
DPTR FM NORMAL   -70

[CDD (BASE 65) ]
TOTAL THIS MO.   100
DPTR FM NORMAL    39    [PRESSURE DATA]
TOTAL FM JAN 1  2244    HIGHEST SLP M ON M
DPTR FM NORMAL   138    LOWEST  SLP 29.37 ON 11

[REMARKS]
