000
CXUS54 KSHV 011300
CF6DEQ
PRELIMINARY LOCAL CLIMATOLOGICAL DATA (WS FORM: F-6)
STATION: DE QUEEN
MONTH: JULY
YEAR: 2021
LATITUDE: 34 2 N
LONGITUDE: 94 24 W
TEMPERATURE IN F: :PCPN: SNOW: WIND :SUNSHINE: SKY :PK WND
================================================================================
1 2 3 4 5 6A 6B 7 8 9 10 11 12 13 14 15 16 17 18
12Z AVG MX 2MIN
DY MAX MIN AVG DEP HDD CDD WTR SNW DPTH SPD SPD DIR MIN PSBL S-S WX SPD DR
================================================================================
1 91 74 83 2 0 18 0.04 0.0 0 2.6 15 240 M M 4 13 21 250
2 86 72 79 -2 0 14 0.04 0.0 0 2.9 13 80 M M 4 12 18 60
3 89 65 77 -4 0 12 0.00 0.0 0 2.7 10 100 M M 1 1 14 60
4 88 60 74 -7 0 9 0.00 0.0 0 2.3 10 120 M M 0 1 14 110
5 91 63 77 -4 0 12 0.00 0.0 0 3.0 12 110 M M 0 1 14 110
6 96 69 83 2 0 18 0.00 0.0 0 3.4 13 90 M M 1 17 90
7 94 71 83 1 0 18 0.06 0.0 0 2.5 17 110 M M 2 13 22 100
8 94 71 83 1 0 18 0.00 0.0 0 3.8 12 230 M M 1 1 17 260
9 93 72 83 1 0 18 0.00 0.0 0 4.9 17 240 M M 2 1 21 240
10 93 71 82 0 0 17 0.08 0.0 0 5.5 22 340 M M 4 3 30 360
11 87 69 78 -4 0 13 1.46 0.0 0 6.4 25 310 M M 2 13 35 320
12 88 66 77 -5 0 12 0.00 0.0 0 3.3 14 240 M M 2 12 18 240
13 92 67 80 -2 0 15 0.00 0.0 0 2.8 13 250 M M 2 12 15 250
14 92 69 81 -1 0 16 0.00 0.0 0 3.3 12 170 M M 1 12 19 190
15 92 71 82 0 0 17 0.00 0.0 0 4.5 14 190 M M 2 1 19 190
16 88 73 81 -1 0 16 0.69 0.0 0 4.1 14 50 M M 5 13 25 350
17 92 72 82 0 0 17 0.00 0.0 0 3.0 13 230 M M 4 17 200
18 83 73 78 -4 0 13 0.31 0.0 0 2.2 14 30 M M 6 123 22 20
19 86 71 79 -3 0 14 2.02 0.0 0 2.0 21 60 M M 5 123 27 60
20 89 70 80 -2 0 15 0.00 0.0 0 4.1 12 40 M M 2 1 18 70
21 90 68 79 -3 0 14 0.00 0.0 0 1.2 10 60 M M 1 1 13 80
22 91 73 82 0 0 17 0.01 0.0 0 1.8 9 190 M M 3 18 14 200
23 93 73 83 1 0 18 0.00 0.0 0 3.5 13 270 M M 1 18 20 190
24 93 74 84 2 0 19 0.00 0.0 0 2.3 9 160 M M 1 1 15 170
25 97 75 86 4 0 21 0.00 0.0 0 2.2 15 70 M M 1 1 19 70
26 95 75 85 3 0 20 0.00 0.0 0 1.9 8 40 M M 1 1 12 50
27 97 76 87 5 0 22 0.27 0.0 0 1.7 18 350 M M 1 13 32 360
28 96 74 85 3 0 20 T 0.0 0 0.9 9 100 M M 2 1 12 100
29 98 76 87 5 0 22 0.00 0.0 0 1.4 9 150 M M 1 18 13 140
30 99 74 87 5 0 22 0.00 0.0 0 0.7 6 240 M M 0 1 9 260
31 98 74 86 4 0 21 0.00 0.0 0 2.6 10 240 M M 0 1 13 260
================================================================================
SM 2851 2201 0 518 4.98 0.0 89.5 M 62
================================================================================
AV 92.0 71.0 2.9 FASTST M M 2 MAX(MPH)
MISC ----> 25 310 35 320
================================================================================
NOTES:
# LAST OF SEVERAL OCCURRENCES
COLUMN 17 PEAK WIND IN M.P.H.
PRELIMINARY LOCAL CLIMATOLOGICAL DATA (WS FORM: F-6) , PAGE 2
STATION: DE QUEEN
MONTH: JULY
YEAR: 2021
LATITUDE: 34 2 N
LONGITUDE: 94 24 W
[TEMPERATURE DATA] [PRECIPITATION DATA] SYMBOLS USED IN COLUMN 16
AVERAGE MONTHLY: 81.5 TOTAL FOR MONTH: 4.98 1 = FOG OR MIST
DPTR FM NORMAL: -0.5 DPTR FM NORMAL: 2.03 2 = FOG REDUCING VISIBILITY
HIGHEST: 99 ON 30 GRTST 24HR 2.02 ON 19-19 TO 1/4 MILE OR LESS
LOWEST: 60 ON 4 3 = THUNDER
SNOW, ICE PELLETS, HAIL 4 = ICE PELLETS
TOTAL MONTH: 0.0 INCH 5 = HAIL
GRTST 24HR 0.0 6 = FREEZING RAIN OR DRIZZLE
GRTST DEPTH: 0 7 = DUSTSTORM OR SANDSTORM:
VSBY 1/2 MILE OR LESS
8 = SMOKE OR HAZE
[NO. OF DAYS WITH] [WEATHER - DAYS WITH] 9 = BLOWING SNOW
X = TORNADO
MAX 32 OR BELOW: 0 0.01 INCH OR MORE: 10
MAX 90 OR ABOVE: 22 0.10 INCH OR MORE: 5
MIN 32 OR BELOW: 0 0.50 INCH OR MORE: 3
MIN 0 OR BELOW: 0 1.00 INCH OR MORE: 2
[HDD (BASE 65) ]
TOTAL THIS MO. 0 CLEAR (SCALE 0-3) 24
DPTR FM NORMAL 0 PTCLDY (SCALE 4-7) 7
TOTAL FM JUL 1 0 CLOUDY (SCALE 8-10) 0
DPTR FM NORMAL 0
[CDD (BASE 65) ]
TOTAL THIS MO. 518
DPTR FM NORMAL -7 [PRESSURE DATA]
TOTAL FM JAN 1 1167 HIGHEST SLP 30.19 ON 14
DPTR FM NORMAL -39 LOWEST SLP 29.82 ON 7
[REMARKS]
#FINAL-07-21#