000
CXUS54 KSHV 020519
CF6DEQ
PRELIMINARY LOCAL CLIMATOLOGICAL DATA (WS FORM: F-6)
STATION: DE QUEEN
MONTH: SEPTEMBER
YEAR: 2023
LATITUDE: 34 2 N
LONGITUDE: 94 24 W
TEMPERATURE IN F: :PCPN: SNOW: WIND :SUNSHINE: SKY :PK WND
================================================================================
1 2 3 4 5 6A 6B 7 8 9 10 11 12 13 14 15 16 17 18
12Z AVG MX 2MIN
DY MAX MIN AVG DEP HDD CDD WTR SNW DPTH SPD SPD DIR MIN PSBL S-S WX SPD DR
================================================================================
1 93 61 77 -3 0 12 0.00 0.0 0 4.6 13 120 M M 0 19 100
2 95 67 81 2 0 16 0.00 0.0 0 3.6 10 120 M M 0 8 15 100
3 98 68 83 4 0 18 0.66 0.0 0 4.2 32 150 M M 1 13 46 140
4 92 70 81 2 0 16 0.04 0.0 0 3.9 22 200 M M 1 13 34 200
5 95 72 84 6 0 19 0.00 0.0 0 4.6 13 170 M M 3 19 210
6 99 69 84 6 0 19 0.30 0.0 0 2.5 10 180 M M 0 138 18 180
7 96 67 82 4 0 17 0.00 0.0 0 M 10 80 M M M 14 80
8 81 70 76 -2 0 11 0.01 0.0 0 5.2 17 50 M M 2 13 28 100
9 92 66 79 1 0 14 0.00 0.0 0 3.3 10 50 M M 2 1 17 10
10 88 57 73 -4 0 8 0.00 0.0 0 1.9 8 130 M M 0 1 12 110
11 85 61 73 -4 0 8 T 0.0 0 2.2 9 180 M M 0 1 14 150
12 83 69 76 -1 0 11 T 0.0 0 3.2 10 80 M M 9 1 16 20
13 82 68 75 -1 0 10 T 0.0 0 2.9 12 130 M M 7 1 18 120
14 80 62 71 -5 0 6 T 0.0 0 4.3 13 80 M M 6 18 90
15 87 58 73 -3 0 8 0.00 0.0 0 2.4 12 130 M M 1 1 20 80
16 87 61 74 -1 0 9 0.00 0.0 0 2.3 12 240 M M 4 17 230
17 93 57 75 0 0 10 0.00 0.0 0 1.9 12 30 M M 1 1 17 30
18 91 54 73 -2 0 8 0.00 0.0 0 2.7 9 140 M M 0 1 14 130
19 89 57 73 -1 0 8 0.00 0.0 0 3.7 10 170 M M 1 1 15 180
20 77 63 70 -4 0 5 0.59 0.0 0 3.0 18 140 M M 3 13 27 150
21 89 64 77 3 0 12 0.14 0.0 0 4.9 20 190 M M 4 13 28 200
22 74 65 70 -3 0 5 2.32 0.0 0 4.0 16 70 M M 6 123 21 70
23 91 64 78 5 0 13 T 0.0 0 3.8 13 120 M M 2 1 17 140
24 85 70 78 6 0 13 1.03 0.0 0 3.3 22 310 M M 7 13 32 310
25 91 69 80 8 0 15 0.00 0.0 0 2.1 9 60 M M 3 1 15 60
26 93 65 79 7 0 14 0.00 0.0 0 0.7 10 40 M M 0 18 16 40
27 90 62 76 5 0 11 0.00 0.0 0 1.0 7 90 M M 0 1 12 50
28 93 64 79 8 0 14 0.00 0.0 0 2.1 8 110 M M 0 1 12 90
29 91 64 78 8 0 13 0.00 0.0 0 2.6 9 100 M M 0 1 14 110
30 91 62 77 7 0 12 0.00 0.0 0 2.1 9 140 M M 1 12 13 140
================================================================================
SM 2671 1926 0 355 5.09 0.0 89.0 M 64
================================================================================
AV 89.0 64.2 3.1 FASTST M M 2 MAX(MPH)
MISC ----> 32 150 46 140
================================================================================
NOTES:
# LAST OF SEVERAL OCCURRENCES
COLUMN 17 PEAK WIND IN M.P.H.
PRELIMINARY LOCAL CLIMATOLOGICAL DATA (WS FORM: F-6) , PAGE 2
STATION: DE QUEEN
MONTH: SEPTEMBER
YEAR: 2023
LATITUDE: 34 2 N
LONGITUDE: 94 24 W
[TEMPERATURE DATA] [PRECIPITATION DATA] SYMBOLS USED IN COLUMN 16
AVERAGE MONTHLY: 76.6 TOTAL FOR MONTH: 5.09 1 = FOG OR MIST
DPTR FM NORMAL: 1.4 DPTR FM NORMAL: 1.73 2 = FOG REDUCING VISIBILITY
HIGHEST: 99 ON 6 GRTST 24HR 2.32 ON 22-22 TO 1/4 MILE OR LESS
LOWEST: 54 ON 18 3 = THUNDER
SNOW, ICE PELLETS, HAIL 4 = ICE PELLETS
TOTAL MONTH: 0.0 INCH 5 = HAIL
GRTST 24HR 0.0 6 = FREEZING RAIN OR DRIZZLE
GRTST DEPTH: 0 7 = DUSTSTORM OR SANDSTORM:
VSBY 1/2 MILE OR LESS
8 = SMOKE OR HAZE
[NO. OF DAYS WITH] [WEATHER - DAYS WITH] 9 = BLOWING SNOW
X = TORNADO
MAX 32 OR BELOW: 0 0.01 INCH OR MORE: 8
MAX 90 OR ABOVE: 17 0.10 INCH OR MORE: 6
MIN 32 OR BELOW: 0 0.50 INCH OR MORE: 4
MIN 0 OR BELOW: 0 1.00 INCH OR MORE: 2
[HDD (BASE 65) ]
TOTAL THIS MO. 0 CLEAR (SCALE 0-3) 20
DPTR FM NORMAL -6 PTCLDY (SCALE 4-7) 8
TOTAL FM JUL 1 0 CLOUDY (SCALE 8-10) 2
DPTR FM NORMAL -4
[CDD (BASE 65) ]
TOTAL THIS MO. 355
DPTR FM NORMAL 44 [PRESSURE DATA]
TOTAL FM JAN 1 2239 HIGHEST SLP 30.13 ON 10
DPTR FM NORMAL 206 LOWEST SLP 29.75 ON 23
[REMARKS]
#FINAL-09-23#