000
CXUS52 KILM 011100
CF6ILM
PRELIMINARY LOCAL CLIMATOLOGICAL DATA (WS FORM: F-6)
STATION: WILMINGTON NORTH CAROLINA
MONTH: NOVEMBER
YEAR: 2020
LATITUDE: 34 16 N
LONGITUDE: 77 55 W
TEMPERATURE IN F: :PCPN: SNOW: WIND :SUNSHINE: SKY :PK WND
================================================================================
1 2 3 4 5 6A 6B 7 8 9 10 11 12 13 14 15 16 17 18
12Z AVG MX 2MIN
DY MAX MIN AVG DEP HDD CDD WTR SNW DPTH SPD SPD DIR MIN PSBL S-S WX SPD DR
================================================================================
1 80 53 67 6 0 2 0.36 0.0 0 9.6 29 240 M M 5 1 41 240
2 59 40 50 -10 15 0 0.00 0.0 0 12.6 26 330 M M 0 35 340
3 67 36 52 -8 13 0 0.00 0.0 0 4.4 14 300 M M 0 18 280
4 71 39 55 -5 10 0 0.00 0.0 0 2.5 9 90 M M 1 12 100
5 77 55 66 6 0 1 0.00 0.0 0 6.2 12 70 M M 8 17 80
6 74 60 67 8 0 2 T 0.0 0 6.9 12 60 M M 5 1 16 70
7 79 61 70 11 0 5 0.00 0.0 0 9.1 16 70 M M 0 1 22 70
8 80 61 71 12 0 6 0.00 0.0 0 10.7 20 60 M M 1 26 60
9 79 62 71 13 0 6 T 0.0 0 8.4 17 70 M M 3 22 80
10 82 61 72 14 0 7 0.12 0.0 0 7.3 15 110 M M 3 1 22 130
11 79 74 77 19 0 12 0.71 0.0 0 10.6 16 170 M M 7 1 23 150
12 79 65 72 14 0 7 4.13 0.0 0 10.4 32 40 M M 10 138 42 40
13 68 54 61 3 4 0 0.00 0.0 0 7.5 17 330 M M 9 12 20 330
14 69 53 61 4 4 0 0.00 0.0 0 4.8 10 80 M M 5 12 15 60
15 77 57 67 10 0 2 0.02 0.0 0 8.0 22 170 M M 6 18 29 160
16 70 46 58 1 7 0 0.00 0.0 0 6.2 23 320 M M 1 30 320
17 69 41 55 -1 10 0 0.00 0.0 0 7.6 21 300 M M 0 27 310
18 53 35 44 -12 21 0 0.00 0.0 0 7.9 21 10 M M 0 25 40
19 63 34 49 -7 16 0 0.00 0.0 0 5.5 13 30 M M 1 14 30
20 75 43 59 3 6 0 0.00 0.0 0 1.1 8 130 M M 1 18 10 140
21 75 45 60 5 5 0 0.00 0.0 0 0.8 7 70 M M 1 1 11 360
22 74 49 62 7 3 0 0.00 0.0 0 5.0 14 70 M M 7 12 19 90
23 70 47 59 4 6 0 0.00 0.0 0 8.7 21 320 M M 3 1 26 320
24 60 38 49 -5 16 0 0.00 0.0 0 5.5 16 40 M M 0 19 30
25 71 42 57 3 8 0 T 0.0 0 6.2 16 170 M M 5 24 160
26 78 61 70 16 0 5 0.08 0.0 0 6.8 22 250 M M 4 1 27 260
27 76 55 66 12 0 1 0.10 0.0 0 3.8 16 320 M M 4 13 20 300
28 68 48 58 5 7 0 0.03 0.0 0 1.6 8 350 M M 6 12 10 350
29 68 47 58 5 7 0 0.82 0.0 0 8.7 17 170 M M 5 1 30 180
30 74 48 61 8 4 0 0.68 0.0 0 15.8 33 190 M M 6 13 46 180
================================================================================
SM 2164 1510 162 56 7.05 0.0 210.2 M 107
================================================================================
AV 72.1 50.3 7.0 FASTST M M 4 MAX(MPH)
MISC ----> 33 190 46 180
================================================================================
NOTES:
# LAST OF SEVERAL OCCURRENCES
COLUMN 17 PEAK WIND IN M.P.H.
PRELIMINARY LOCAL CLIMATOLOGICAL DATA (WS FORM: F-6) , PAGE 2
STATION: WILMINGTON NORTH CAROLINA
MONTH: NOVEMBER
YEAR: 2020
LATITUDE: 34 16 N
LONGITUDE: 77 55 W
[TEMPERATURE DATA] [PRECIPITATION DATA] SYMBOLS USED IN COLUMN 16
AVERAGE MONTHLY: 61.2 TOTAL FOR MONTH: 7.05 1 = FOG OR MIST
DPTR FM NORMAL: 4.5 DPTR FM NORMAL: 3.76 2 = FOG REDUCING VISIBILITY
HIGHEST: 82 ON 10 GRTST 24HR 4.13 ON 12-12 TO 1/4 MILE OR LESS
LOWEST: 34 ON 19 3 = THUNDER
SNOW, ICE PELLETS, HAIL 4 = ICE PELLETS
TOTAL MONTH: 0.0 INCH 5 = HAIL
GRTST 24HR 0.0 6 = FREEZING RAIN OR DRIZZLE
GRTST DEPTH: 0 7 = DUSTSTORM OR SANDSTORM:
VSBY 1/2 MILE OR LESS
8 = SMOKE OR HAZE
[NO. OF DAYS WITH] [WEATHER - DAYS WITH] 9 = BLOWING SNOW
X = TORNADO
MAX 32 OR BELOW: 0 0.01 INCH OR MORE: 10
MAX 90 OR ABOVE: 0 0.10 INCH OR MORE: 7
MIN 32 OR BELOW: 0 0.50 INCH OR MORE: 4
MIN 0 OR BELOW: 0 1.00 INCH OR MORE: 1
[HDD (BASE 65) ]
TOTAL THIS MO. 162 CLEAR (SCALE 0-3) 13
DPTR FM NORMAL -110 PTCLDY (SCALE 4-7) 15
TOTAL FM JUL 1 184 CLOUDY (SCALE 8-10) 2
DPTR FM NORMAL -185
[CDD (BASE 65) ]
TOTAL THIS MO. 56
DPTR FM NORMAL 33 [PRESSURE DATA]
TOTAL FM JAN 1 2357 HIGHEST SLP 30.66 ON 19
DPTR FM NORMAL 320 LOWEST SLP 29.50 ON 30
[REMARKS]
#FINAL-11-20#