000
CXUS55 KSEW 011030
CF6OLM
PRELIMINARY LOCAL CLIMATOLOGICAL DATA (WS FORM: F-6)
STATION: OLYMPIA WA AIRPORT
MONTH: FEBRUARY
YEAR: 2023
LATITUDE: 46 58 N
LONGITUDE: 122 54 W
TEMPERATURE IN F: :PCPN: SNOW: WIND :SUNSHINE: SKY :PK WND
================================================================================
1 2 3 4 5 6A 6B 7 8 9 10 11 12 13 14 15 16 17 18
12Z AVG MX 2MIN
DY MAX MIN AVG DEP HDD CDD WTR SNW DPTH SPD SPD DIR MIN PSBL S-S WX SPD DR
================================================================================
1 50 23 37 -3 28 0 0.00 M M 2.2 13 230 M M 0 17 230
2 48 20 34 -6 31 0 0.00 M M 2.2 7 340 M M 1 10 190
3 48 31 40 0 25 0 0.42 M M 8.9 29 170 M M 8 1 51 170
4 49 41 45 5 20 0 0.31 M M 3.0 15 20 M M 10 1 18 20
5 49 41 45 5 20 0 0.24 M M 5.0 17 250 M M 9 1 26 260
6 47 41 44 4 21 0 0.30 M M 10.4 20 190 M M 10 1 28 180
7 49 37 43 3 22 0 0.76 M M 13.1 23 190 M M 9 1 42 180
8 49 34 42 2 23 0 0.03 M M 4.3 13 210 M M 6 1 20 220
9 55 37 46 6 19 0 0.07 M M 2.4 15 200 M M 6 12 21 190
10 54 32 43 3 22 0 0.02 M M 3.8 13 190 M M 6 1 17 160
11 48 27 38 -2 27 0 0.00 M M 1.9 9 330 M M 7 12 12 340
12 52 26 39 -1 26 0 0.02 M M 5.8 15 200 M M 9 12 22 230
13 46 37 42 2 23 0 0.22 M M 11.4 23 280 M M 5 1 40 270
14 45 29 37 -3 28 0 0.01 M M 3.8 13 20 M M 6 1 19 70
15 46 23 35 -6 30 0 0.00 M M 2.9 13 210 M M 1 1 15 210
16 47 27 37 -4 28 0 T M M 3.4 10 210 M M 7 15 210
17 48 39 44 3 21 0 0.08 M M 7.5 12 210 M M 8 1 16 170
18 48 38 43 2 22 0 0.09 M M 6.4 14 180 M M 10 1 18 180
19 50 40 45 4 20 0 T M M 9.5 17 240 M M 9 1 28 240
20 49 42 46 5 19 0 0.06 M M 12.5 23 270 M M 9 18 38 260
21 43 34 39 -2 26 0 0.03 M M 10.2 18 270 M M 8 33 270
22 39 28 34 -7 31 0 0.20 M M 7.2 15 30 M M 10 18 23 40
23 35 23 29 -12 36 0 0.03 M M 9.7 20 30 M M 6 1 27 10
24 39 16 28 -13 37 0 0.00 M M 6.1 17 20 M M 0 23 30
25 46 17 32 -10 33 0 0.06 M M 3.8 18 190 M M 2 1 30 200
26 43 32 38 -4 27 0 0.21 M M 9.2 21 220 M M 7 1 35 200
27 44 27 36 -6 29 0 0.12 M M 4.0 18 200 M M 9 12 32 180
28 44 24 34 -8 31 0 0.02 M M 6.7 14 200 M M 5 12 22 210
================================================================================
SM 1310 866 725 0 3.30 M 177.3 M 183
================================================================================
AV 46.8 30.9 6.3 FASTST M M 7 MAX(MPH)
MISC ----> 29 170 51 170
================================================================================
NOTES:
# LAST OF SEVERAL OCCURRENCES
COLUMN 17 PEAK WIND IN M.P.H.
PRELIMINARY LOCAL CLIMATOLOGICAL DATA (WS FORM: F-6) , PAGE 2
STATION: OLYMPIA WA AIRPORT
MONTH: FEBRUARY
YEAR: 2023
LATITUDE: 46 58 N
LONGITUDE: 122 54 W
[TEMPERATURE DATA] [PRECIPITATION DATA] SYMBOLS USED IN COLUMN 16
AVERAGE MONTHLY: 38.9 TOTAL FOR MONTH: 3.30 1 = FOG OR MIST
DPTR FM NORMAL: -1.8 DPTR FM NORMAL: -1.79 2 = FOG REDUCING VISIBILITY
HIGHEST: 55 ON 9 GRTST 24HR 0.77 ON 7- 8 TO 1/4 MILE OR LESS
LOWEST: 16 ON 24 3 = THUNDER
SNOW, ICE PELLETS, HAIL 4 = ICE PELLETS
TOTAL MONTH: M 5 = HAIL
GRTST 24HR M ON M 6 = FREEZING RAIN OR DRIZZLE
GRTST DEPTH: M ON M 7 = DUSTSTORM OR SANDSTORM:
VSBY 1/2 MILE OR LESS
8 = SMOKE OR HAZE
[NO. OF DAYS WITH] [WEATHER - DAYS WITH] 9 = BLOWING SNOW
X = TORNADO
MAX 32 OR BELOW: 0 0.01 INCH OR MORE: 21
MAX 90 OR ABOVE: 0 0.10 INCH OR MORE: 9
MIN 32 OR BELOW: 16 0.50 INCH OR MORE: 1
MIN 0 OR BELOW: 0 1.00 INCH OR MORE: 0
[HDD (BASE 65) ]
TOTAL THIS MO. 725 CLEAR (SCALE 0-3) 5
DPTR FM NORMAL 45 PTCLDY (SCALE 4-7) 13
TOTAL FM JUL 1 3579 CLOUDY (SCALE 8-10) 10
DPTR FM NORMAL -132
[CDD (BASE 65) ]
TOTAL THIS MO. 0
DPTR FM NORMAL 0 [PRESSURE DATA]
TOTAL FM JAN 1 0 HIGHEST SLP 30.52 ON 8
DPTR FM NORMAL 0 LOWEST SLP 29.37 ON 27
[REMARKS]
#FINAL-02-23#