000
CXUS54 KMAF 011110
CF6PEQ
PRELIMINARY LOCAL CLIMATOLOGICAL DATA (WS FORM: F-6)
STATION: PECOS MUNICIPAL AIRPORT
MONTH: SEPTEMBER
YEAR: 2022
LATITUDE: 31 22 N
LONGITUDE: 103 31 W
TEMPERATURE IN F: :PCPN: SNOW: WIND :SUNSHINE: SKY :PK WND
================================================================================
1 2 3 4 5 6A 6B 7 8 9 10 11 12 13 14 15 16 17 18
12Z AVG MX 2MIN
DY MAX MIN AVG DEP HDD CDD WTR SNW DPTH SPD SPD DIR MIN PSBL S-S WX SPD DR
================================================================================
1 74 68 71 M 0 6 0.13 M M 6.1 14 140 M M 8 17 140
2 83 69 76 M 0 11 0.01 M M 2.0 7 160 M M 4 M M
3 86 68 77 M 0 12 M M M 5.4 9 80 M M 4 M M
4 88 65 77 M 0 12 M M M 3.6 9 130 M M 1 16 90
5 93 64 79 M 0 14 M M M 4.8 10 150 M M 0 18 120
6 93 62 78 M 0 13 M M M 4.0 12 100 M M 0 20 100
7 93 66 80 M 0 15 M M M 4.6 14 70 M M 0 22 100
8 91 63 77 M 0 12 M M M 3.6 7 150 M M 0 M M
9 95 64 80 M 0 15 M M M 4.5 13 130 M M 0 M M
10 94 67 81 M 0 16 M M M 8.9 17 100 M M 0 29 100
11 78 62 70 M 0 5 0.13 M M 6.9 22 50 M M 5 3 23 50
12 91 63 77 M 0 12 M M M 2.4 8 120 M M 1 1 M M
13 94 64 79 M 0 14 M M M 4.6 15 230 M M 0 21 230
14 91 68 80 M 0 15 M M M 8.3 18 200 M M 2 25 90
15 93 62 78 M 0 13 M M M 7.0 17 120 M M 0 24 120
16 97 66 82 M 0 17 M M M 7.4 16 140 M M 0 21 130
17 97 65 81 M 0 16 M M M 9.2 21 120 M M 0 26 100
18 96 68 82 M 0 17 M M M 10.1 20 120 M M 0 24 110
19 94 69 82 M 0 17 M M M 10.5 17 100 M M 1 23 110
20 96 68 82 M 0 17 M M M 8.1 20 110 M M 1 22 110
21 95 65 80 M 0 15 M M M 7.0 16 110 M M 0 20 110
22 92 67 80 M 0 15 M M M 9.6 18 90 M M 0 20 90
23 93 59 76 M 0 11 M M M 4.4 10 120 M M 0 M M
24 95 60 78 M 0 13 M M M 3.5 9 130 M M 0 M M
25 92 66 79 M 0 14 M M M 6.9 15 80 M M 2 21 60
26 87 67 77 M 0 12 M M M 7.9 14 100 M M 2 18 100
27 90 57 74 M 0 9 M M M 5.2 12 120 M M 0 17 100
28 88 55 72 M 0 7 M M M 7.0 20 120 M M 0 25 120
29 89 53 71 M 0 6 M M M 6.7 16 110 M M 0 25 110
30 89 57 73 M 0 8 M M M 6.3 14 110 M M 0 20 130
================================================================================
SM 2727 1917 0 379 0.27 M 186.3 M 31
================================================================================
AV 90.9 63.9 6.2 FASTST M M 1 MAX(MPH)
MISC ----> 22 50 29 100
================================================================================
NOTES:
# LAST OF SEVERAL OCCURRENCES
COLUMN 17 PEAK WIND IN M.P.H.
PRELIMINARY LOCAL CLIMATOLOGICAL DATA (WS FORM: F-6) , PAGE 2
STATION: PECOS MUNICIPAL AIRPORT
MONTH: SEPTEMBER
YEAR: 2022
LATITUDE: 31 22 N
LONGITUDE: 103 31 W
[TEMPERATURE DATA] [PRECIPITATION DATA] SYMBOLS USED IN COLUMN 16
AVERAGE MONTHLY: 77.4 TOTAL FOR MONTH: 0.27 1 = FOG OR MIST
DPTR FM NORMAL: 0.0 DPTR FM NORMAL: M 2 = FOG REDUCING VISIBILITY
HIGHEST: 97 ON 17,16 GRTST 24HR 0.13 ON 1- 1 TO 1/4 MILE OR LESS
LOWEST: 53 ON 29 3 = THUNDER
SNOW, ICE PELLETS, HAIL 4 = ICE PELLETS
TOTAL MONTH: M 5 = HAIL
GRTST 24HR M ON M 6 = FREEZING RAIN OR DRIZZLE
GRTST DEPTH: M ON M 7 = DUSTSTORM OR SANDSTORM:
VSBY 1/2 MILE OR LESS
8 = SMOKE OR HAZE
[NO. OF DAYS WITH] [WEATHER - DAYS WITH] 9 = BLOWING SNOW
X = TORNADO
MAX 32 OR BELOW: 0 0.01 INCH OR MORE: 3
MAX 90 OR ABOVE: 21 0.10 INCH OR MORE: 2
MIN 32 OR BELOW: 0 0.50 INCH OR MORE: 0
MIN 0 OR BELOW: 0 1.00 INCH OR MORE: 0
[HDD (BASE 65) ]
TOTAL THIS MO. 0 CLEAR (SCALE 0-3) 26
DPTR FM NORMAL M PTCLDY (SCALE 4-7) 4
TOTAL FM JUL 1 0 CLOUDY (SCALE 8-10) 0
DPTR FM NORMAL M
[CDD (BASE 65) ]
TOTAL THIS MO. 379
DPTR FM NORMAL M [PRESSURE DATA]
TOTAL FM JAN 1 2883 HIGHEST SLP M ON M
DPTR FM NORMAL M LOWEST SLP M ON M
[REMARKS]
#FINAL-09-22#